000
CXUS55 KTWC 011516
CLMTUS
CLIMATE REPORT
NATIONAL WEATHER SERVICE TUCSON AZ
816 AM MST SAT JUL 01 2023
...................................
...THE TUCSON AZ CLIMATE SUMMARY FOR THE MONTH OF JUNE 2023...
CLIMATE NORMAL PERIOD 1991 TO 2020
CLIMATE RECORD PERIOD 1895 TO 2023
WEATHER OBSERVED NORMAL DEPART LAST YEAR`S
VALUE DATE(S) VALUE FROM VALUE
NORMAL
..............................................................
TEMPERATURE (F)
RECORD
HIGH 117 06/26/1990
LOW 43 06/04/1908
HIGHEST 111 06/25 108 3
06/26
LOWEST 60 06/01 60 0
AVG. MAXIMUM 100.2 101.2 -1.0
AVG. MINIMUM 68.9 71.1 -2.2
MEAN 84.5 86.1 -1.6
DAYS MAX >= 90 29 29.0 0.0 30
DAYS MAX >= 100 17 24
DAYS MIN <= 32 0 0.0 0.0 0
DAYS MIN >= 80 0 9
PRECIPITATION (INCHES)
RECORD
MAXIMUM 2.07 1938
MINIMUM 0.00 2014
TOTALS 0.00R 0.23 -0.23 0.23
DAILY AVG. 0.00 0.01 -0.01 0.01
DAYS >= .01 0 1.6 -1.6 3
DAYS >= .10 0 0.7 -0.7 1
DAYS >= .50 0 0.1 -0.1 0
DAYS >= 1.00 0 0.0 0.0 0
GREATEST
24 HR. TOTAL 0.00 05/31 TO 05/31 0.11
DEGREE DAYS
HEATING TOTAL 0 0 0
SINCE 7/1 1495 1331 164
COOLING TOTAL 596 634 -38
SINCE 1/1 1178 1189 -11
..............................................................
WIND (MPH)
AVERAGE WIND SPEED 7.4
HIGHEST WIND SPEED/DIRECTION 28/200 DATE 06/11
28/220 06/16
HIGHEST GUST SPEED/DIRECTION 41/200 DATE 06/11
SKY COVER
POSSIBLE SUNSHINE (PERCENT) MM
AVERAGE SKY COVER 0.00
NUMBER OF DAYS FAIR 23
NUMBER OF DAYS PC 0
NUMBER OF DAYS CLOUDY 0
AVERAGE RH (PERCENT) 16
WEATHER CONDITIONS. NUMBER OF DAYS WITH
THUNDERSTORM 0 MIXED PRECIP 0
HEAVY RAIN 0 RAIN 0
LIGHT RAIN 0 FREEZING RAIN 0
LT FREEZING RAIN 0 HAIL 0
HEAVY SNOW 0 SLEET 0
FOG 0 FOG W/VIS <= 1/4 MILE 0
HAZE 2
- INDICATES NEGATIVE NUMBERS.
R INDICATES RECORD WAS SET OR TIED.
MM INDICATES DATA IS MISSING.
T INDICATES TRACE AMOUNT.
$$