000
CXUS53 KAPX 011638
CF6TVC
PRELIMINARY LOCAL CLIMATOLOGICAL DATA (WS FORM: F-6)
STATION: TRAVERSE CITY MI
MONTH: FEBRUARY
YEAR: 2021
LATITUDE: 44 44 N
LONGITUDE: 85 34 W
TEMPERATURE IN F: :PCPN: SNOW: WIND :SUNSHINE: SKY :PK WND
================================================================================
1 2 3 4 5 6A 6B 7 8 9 10 11 12 13 14 15 16 17 18
12Z AVG MX 2MIN
DY MAX MIN AVG DEP HDD CDD WTR SNW DPTH SPD SPD DIR MIN PSBL S-S WX SPD DR
================================================================================
1 29 10 20 -1 45 0 0.00 M M 5.7 12 10 M M 5 18 20
2 32 26 29 8 36 0 0.00 M M 10.3 18 360 M M 5 27 360
3 36 10 23 2 42 0 0.00 M M 1.5 10 300 M M 3 12 340
4 41 26 34 13 31 0 0.11 M M 8.2 16 150 M M 7 1 29 140
5 33 13 23 2 42 0 T M M 13.2 29 270 M M 10 19 43 260
6 16 10 13 -8 52 0 T M M 11.8 20 240 M M 10 189 29 230
7 10 3 7 -15 58 0 T M M 8.9 18 260 M M 9 189 26 240
8 14 6 10 -12 55 0 T M M 5.5 13 270 M M 10 18 19 260
9 15 9 12 -10 53 0 T M M 8.3 16 250 M M 10 18 22 260
10 17 7 12 -10 53 0 T M M 7.2 16 280 M M 10 18 23 280
11 18 6 12 -10 53 0 T M M 4.6 9 280 M M 9 18 12 320
12 25 12 19 -3 46 0 0.01 M M 3.9 13 180 M M 10 18 20 190
13 23 9 16 -6 49 0 0.04 M M 2.2 12 140 M M 9 18 19 140
14 18 8 13 -9 52 0 T M M 10.4 20 290 M M 10 18 24 270
15 13 5 9 -13 56 0 T M M 11.4 20 60 M M 10 89 33 40
16 19 9 14 -9 51 0 T M M 10.1 22 50 M M 8 89 33 40
17 26 -3 12 -11 53 0 T M M 1.8 9 40 M M 4 18 13 30
18 29 7 18 -5 47 0 T M M 2.7 12 100 M M 7 15 10
19 29 18 24 1 41 0 0.03 M M 3.4 12 280 M M 10 1 14 280
20 27 11 19 -4 46 0 0.04 M M 3.4 10 220 M M 9 18 17 220
21 37 11 24 0 41 0 T M M 7.7 17 130 M M 8 30 120
22 58 24 41 17 24 0 0.01 M M 8.0 21 220 M M 9 1 35 210
23 44 34 39 15 26 0 0.01 M M 10.4 17 290 M M 7 1 30 280
24 40 26 33 9 32 0 0.03 M M 8.5 23 320 M M 9 1 32 320
25 35 13 24 0 41 0 T M M 6.6 20 270 M M 4 26 230
26 44 28 36 11 29 0 0.00 M M 9.0 18 230 M M 6 1 30 180
27 50 32 41 16 24 0 0.00 M M 7.8 16 230 M M 5 23 230
28 47 25 36 11 29 0 T M M 8.4 30 270 M M 5 18 40 260
================================================================================
SM 825 395 1207 0 0.28 M 200.9 M 218
================================================================================
AV 29.5 14.1 7.2 FASTST M M 8 MAX(MPH)
MISC ----> 30 270 43 260
================================================================================
NOTES:
# LAST OF SEVERAL OCCURRENCES
COLUMN 17 PEAK WIND IN M.P.H.
PRELIMINARY LOCAL CLIMATOLOGICAL DATA (WS FORM: F-6) , PAGE 2
STATION: TRAVERSE CITY MI
MONTH: FEBRUARY
YEAR: 2021
LATITUDE: 44 44 N
LONGITUDE: 85 34 W
[TEMPERATURE DATA] [PRECIPITATION DATA] SYMBOLS USED IN COLUMN 16
AVERAGE MONTHLY: 21.8 TOTAL FOR MONTH: 0.28 1 = FOG OR MIST
DPTR FM NORMAL: -0.9 DPTR FM NORMAL: -1.22 2 = FOG REDUCING VISIBILITY
HIGHEST: 58 ON 22 GRTST 24HR 0.11 ON 4- 4 TO 1/4 MILE OR LESS
LOWEST: -3 ON 17 3 = THUNDER
SNOW, ICE PELLETS, HAIL 4 = ICE PELLETS
TOTAL MONTH: M 5 = HAIL
GRTST 24HR M ON M 6 = FREEZING RAIN OR DRIZZLE
GRTST DEPTH: M ON M 7 = DUSTSTORM OR SANDSTORM:
VSBY 1/2 MILE OR LESS
8 = SMOKE OR HAZE
[NO. OF DAYS WITH] [WEATHER - DAYS WITH] 9 = BLOWING SNOW
X = TORNADO
MAX 32 OR BELOW: 17 0.01 INCH OR MORE: 8
MAX 90 OR ABOVE: 0 0.10 INCH OR MORE: 1
MIN 32 OR BELOW: 27 0.50 INCH OR MORE: 0
MIN 0 OR BELOW: 1 1.00 INCH OR MORE: 0
[HDD (BASE 65) ]
TOTAL THIS MO. 1218 CLEAR (SCALE 0-3) 1
DPTR FM NORMAL 34 PTCLDY (SCALE 4-7) 12
TOTAL FM JUL 1 4726 CLOUDY (SCALE 8-10) 15
DPTR FM NORMAL -615
[CDD (BASE 65) ]
TOTAL THIS MO. 0
DPTR FM NORMAL 0 [PRESSURE DATA]
TOTAL FM JAN 1 0 HIGHEST SLP 30.49 ON 11
DPTR FM NORMAL 0 LOWEST SLP 29.07 ON 5
[REMARKS]
#FINAL-02-21#