000
CXUS55 KREV 012345
CF6TVL
PRELIMINARY LOCAL CLIMATOLOGICAL DATA (WS FORM: F-6)
STATION: SOUTH LAKE TAHOE CA
MONTH: JANUARY
YEAR: 2023
LATITUDE: 38 53 N
LONGITUDE: 119 60 W
TEMPERATURE IN F: :PCPN: SNOW: WIND :SUNSHINE: SKY :PK WND
================================================================================
1 2 3 4 5 6A 6B 7 8 9 10 11 12 13 14 15 16 17 18
12Z AVG MX 2MIN
DY MAX MIN AVG DEP HDD CDD WTR SNW DPTH SPD SPD DIR MIN PSBL S-S WX SPD DR
================================================================================
1 31 12 22 -8 43 0 0.02 M M 4.2 13 10 M M 0 1 19 90
2 30 4 17 -13 48 0 0.17 M M 3.1 13 190 M M 0 12 19 200
3 35 15 25 -5 40 0 T M M 6.4 22 190 M M 3 1 30 180
4 43 19 31 1 34 0 0.19 M M 10.8 33 180 M M 7 1 47 170
5 36 25 31 1 34 0 1.40 M M 10.9 23 180 M M 10 128 34 180
6 37 10 24 -6 41 0 T M M 2.0 17 190 M M 5 128 22 200
7 40 16 28 -2 37 0 T M M 8.0 35 180 M M 5 128 44 180
8 39 22 31 1 34 0 0.26 M M 10.3 35 190 M M 6 18 55 190
9 40 25 33 3 32 0 1.36 M M 10.9 30 190 M M 8 1 42 190
10 36 26 31 1 34 0 0.86 M M 11.1 24 200 M M 10 128 41 190
11 36 27 32 1 33 0 0.29 M M 5.0 20 180 M M 10 16 28 190
12 M M M M M M M M M M M M M M 0 M M
13 45 M M M M M 0.29 M M 12.8 28 190 M M 5 12 42 200
14 34 31 33 2 32 0 0.25 M M 9.5 24 190 M M 5 12 35 200
15 M M M M M M M M M M M M M M 0 M M
16 M M M M M M M M M M M M M M 0 M M
17 M M M M M M M M M 2.1 8 20 M M 0 12 11 20
18 36 0 18 -13 47 0 0.18 M M 6.6 25 190 M M 0 1 38 180
19 32 10 21 -10 44 0 0.29 M M 5.9 26 190 M M 0 18 41 170
20 33 4 19 -12 46 0 0.00 M M 3.2 18 80 M M 0 1 29 70
21 39 -3 18 -13 47 0 0.00 M M 3.3 10 20 M M 0 12 12 20
22 32 7 20 -11 45 0 0.01 M M 5.2 20 30 M M 3 1 33 50
23 33 12 23 -8 42 0 T M M 3.2 15 40 M M 3 22 20
24 45 5 25 -6 40 0 0.00 M M 3.5 12 10 M M 0 18 10
25 42 6 24 -7 41 0 0.00 M M 3.9 16 20 M M 0 21 10
26 46 11 29 -2 36 0 0.00 M M 3.3 10 20 M M 0 13 140
27 46 2 24 -7 41 0 0.00 M M 3.2 12 180 M M 0 18 200
28 45 4 25 -6 40 0 0.00 M M 4.9 17 200 M M 0 1 23 210
29 29 14 22 -9 43 0 T M M 1.6 10 30 M M 5 19 170
30 27 -4 12 -19 53 0 T M M 5.6 24 60 M M M 33 40
31 37 -7 15 -16 50 0 T M M 3.3 10 30 M M M 13 20
================================================================================
SM 1004 293 1057 0 5.57 M 163.8 M 85
================================================================================
AV 37.2 11.3 5.8 FASTST M M 3 MAX(MPH)
MISC ----> # 35 180 55 190
================================================================================
NOTES:
# LAST OF SEVERAL OCCURRENCES
COLUMN 17 PEAK WIND IN M.P.H.
PRELIMINARY LOCAL CLIMATOLOGICAL DATA (WS FORM: F-6) , PAGE 2
STATION: SOUTH LAKE TAHOE CA
MONTH: JANUARY
YEAR: 2023
LATITUDE: 38 53 N
LONGITUDE: 119 60 W
[TEMPERATURE DATA] [PRECIPITATION DATA] SYMBOLS USED IN COLUMN 16
AVERAGE MONTHLY: 24.2 TOTAL FOR MONTH: 5.57 1 = FOG OR MIST
DPTR FM NORMAL: -6.4 DPTR FM NORMAL: 2.76 2 = FOG REDUCING VISIBILITY
HIGHEST: 46 ON 27,26 GRTST 24HR 1.40 ON 5- 5 TO 1/4 MILE OR LESS
LOWEST: -7 ON 31 3 = THUNDER
SNOW, ICE PELLETS, HAIL 4 = ICE PELLETS
TOTAL MONTH: M 5 = HAIL
GRTST 24HR M ON M 6 = FREEZING RAIN OR DRIZZLE
GRTST DEPTH: M ON M 7 = DUSTSTORM OR SANDSTORM:
VSBY 1/2 MILE OR LESS
8 = SMOKE OR HAZE
[NO. OF DAYS WITH] [WEATHER - DAYS WITH] 9 = BLOWING SNOW
X = TORNADO
MAX 32 OR BELOW: 6 0.01 INCH OR MORE: 13
MAX 90 OR ABOVE: 0 0.10 INCH OR MORE: 11
MIN 32 OR BELOW: 26 0.50 INCH OR MORE: 3
MIN 0 OR BELOW: 4 1.00 INCH OR MORE: 2
[HDD (BASE 65) ]
TOTAL THIS MO. 1057 CLEAR (SCALE 0-3) 18
DPTR FM NORMAL -9 PTCLDY (SCALE 4-7) 8
TOTAL FM JUL 1 4075 CLOUDY (SCALE 8-10) 5
DPTR FM NORMAL -94
[CDD (BASE 65) ]
TOTAL THIS MO. 0
DPTR FM NORMAL 0 [PRESSURE DATA]
TOTAL FM JAN 1 0 HIGHEST SLP M ON M
DPTR FM NORMAL 0 LOWEST SLP 29.50 ON 10
[REMARKS]
#FINAL-01-23#