000
CXUS55 KREV 011536
CF6TVL
PRELIMINARY LOCAL CLIMATOLOGICAL DATA (WS FORM: F-6)
STATION: SOUTH LAKE TAHOE CA
MONTH: MAY
YEAR: 2022
LATITUDE: 38 53 N
LONGITUDE: 119 60 W
TEMPERATURE IN F: :PCPN: SNOW: WIND :SUNSHINE: SKY :PK WND
================================================================================
1 2 3 4 5 6A 6B 7 8 9 10 11 12 13 14 15 16 17 18
12Z AVG MX 2MIN
DY MAX MIN AVG DEP HDD CDD WTR SNW DPTH SPD SPD DIR MIN PSBL S-S WX SPD DR
================================================================================
1 56 30 43 -1 22 0 0.00 M M 5.6 17 20 M M 0 22 30
2 56 27 42 -2 23 0 0.00 M M 12.3 32 200 M M 0 51 200
3 60 25 43 -1 22 0 0.00 M M 2.5 14 10 M M 0 18 30
4 69 28 49 5 16 0 0.00 M M 3.5 12 20 M M 0 16 20
5 63 39 51 6 14 0 0.00 M M 14.8 31 190 M M 2 47 180
6 64 46 55 10 10 0 0.08 M M 14.2 28 190 M M 3 42 190
7 56 36 46 1 19 0 0.00 M M 11.7 24 190 M M 0 37 240
8 39 24 32 -14 33 0 0.11 M M 10.1 24 180 M M 7 128 38 180
9 34 22 28 -18 37 0 0.08 M M 7.3 21 180 M M 8 128 27 190
10 33 16 25 -21 40 0 0.11 M M 3.3 17 190 M M 8 128 23 190
11 44 13 29 -17 36 0 0.00 M M 4.2 13 30 M M 2 18 30
12 52 24 38 -9 27 0 0.00 M M 7.4 20 190 M M 1 26 190
13 65 29 47 0 18 0 0.00 M M 4.1 16 180 M M 0 24 190
14 73 31 52 5 13 0 0.00 M M 3.2 14 30 M M 0 17 20
15 73 36 55 7 10 0 0.00 M M 4.6 16 190 M M 0 26 170
16 70 38 54 6 11 0 0.00 M M 4.5 20 190 M M 0 29 200
17 71 30 51 3 14 0 0.00 M M 3.5 12 30 M M 0 17 20
18 77 34 56 8 9 0 0.00 M M 3.4 14 20 M M 0 19 20
19 70 35 53 5 12 0 0.00 M M 7.0 22 190 M M 0 30 180
20 53 32 43 -6 22 0 0.00 M M 8.1 21 50 M M 0 28 100
21 62 27 45 -4 20 0 0.00 M M 4.2 15 20 M M 0 19 30
22 68 31 50 1 15 0 0.00 M M 2.7 14 30 M M 0 20 20
23 70 33 52 2 13 0 0.00 M M 4.0 13 30 M M 0 18 30
24 76 34 55 5 10 0 0.00 M M 4.0 13 20 M M 0 17 30
25 79 37 58 8 7 0 0.00 M M 4.2 17 190 M M 0 27 200
26 76 41 59 9 6 0 0.00 M M 4.4 24 180 M M 1 31 180
27 69 39 54 4 11 0 T M M 6.4 21 180 M M 1 29 190
28 59 42 51 0 14 0 0.02 M M 9.8 26 180 M M 9 37 190
29 59 33 46 -5 19 0 0.00 M M 5.3 15 200 M M 1 20 190
30 60 32 46 -5 19 0 0.00 M M 4.5 15 200 M M 6 22 190
31 61 34 48 -3 17 0 0.00 M M 6.4 18 40 M M 1 24 50
================================================================================
SM 1917 978 559 0 0.40 M 191.2 M 50
================================================================================
AV 61.8 31.5 6.2 FASTST M M 2 MAX(MPH)
MISC ----> 32 200 51 200
================================================================================
NOTES:
# LAST OF SEVERAL OCCURRENCES
COLUMN 17 PEAK WIND IN M.P.H.
PRELIMINARY LOCAL CLIMATOLOGICAL DATA (WS FORM: F-6) , PAGE 2
STATION: SOUTH LAKE TAHOE CA
MONTH: MAY
YEAR: 2022
LATITUDE: 38 53 N
LONGITUDE: 119 60 W
[TEMPERATURE DATA] [PRECIPITATION DATA] SYMBOLS USED IN COLUMN 16
AVERAGE MONTHLY: 46.7 TOTAL FOR MONTH: 0.40 1 = FOG OR MIST
DPTR FM NORMAL: -0.9 DPTR FM NORMAL: -0.92 2 = FOG REDUCING VISIBILITY
HIGHEST: 79 ON 25 GRTST 24HR 0.13 ON 9-10 TO 1/4 MILE OR LESS
LOWEST: 13 ON 11 3 = THUNDER
SNOW, ICE PELLETS, HAIL 4 = ICE PELLETS
TOTAL MONTH: M 5 = HAIL
GRTST 24HR M ON M 6 = FREEZING RAIN OR DRIZZLE
GRTST DEPTH: M ON M 7 = DUSTSTORM OR SANDSTORM:
VSBY 1/2 MILE OR LESS
8 = SMOKE OR HAZE
[NO. OF DAYS WITH] [WEATHER - DAYS WITH] 9 = BLOWING SNOW
X = TORNADO
MAX 32 OR BELOW: 0 0.01 INCH OR MORE: 5
MAX 90 OR ABOVE: 0 0.10 INCH OR MORE: 2
MIN 32 OR BELOW: 16 0.50 INCH OR MORE: 0
MIN 0 OR BELOW: 0 1.00 INCH OR MORE: 0
[HDD (BASE 65) ]
TOTAL THIS MO. 559 CLEAR (SCALE 0-3) 25
DPTR FM NORMAL 21 PTCLDY (SCALE 4-7) 4
TOTAL FM JUL 1 7153 CLOUDY (SCALE 8-10) 2
DPTR FM NORMAL -145
[CDD (BASE 65) ]
TOTAL THIS MO. 0
DPTR FM NORMAL 0 [PRESSURE DATA]
TOTAL FM JAN 1 0 HIGHEST SLP 30.27 ON 12
DPTR FM NORMAL 0 LOWEST SLP 29.70 ON 8
[REMARKS]
#FINAL-05-22#