000
CXUS55 KBOI 011002
CF6TWF
PRELIMINARY LOCAL CLIMATOLOGICAL DATA (WS FORM: F-6)
STATION: TWIN FALLS ID
MONTH: OCTOBER
YEAR: 2021
LATITUDE: 42 28 N
LONGITUDE: 114 29 W
TEMPERATURE IN F: :PCPN: SNOW: WIND :SUNSHINE: SKY :PK WND
================================================================================
1 2 3 4 5 6A 6B 7 8 9 10 11 12 13 14 15 16 17 18
12Z AVG MX 2MIN
DY MAX MIN AVG DEP HDD CDD WTR SNW DPTH SPD SPD DIR MIN PSBL S-S WX SPD DR
================================================================================
1 69 35 52 -4 13 0 0.00 M M 6.9 13 210 M M 0 18 220
2 71 40 56 1 9 0 0.00 M M 7.4 14 210 M M 0 8 18 200
3 77 40 59 4 6 0 0.00 M M 7.6 14 200 M M 0 17 200
4 84 39 62 8 3 0 0.00 M M 9.5 22 230 M M 0 8 30 190
5 84 47 66 12 0 1 T M M 14.6 33 180 M M 0 46 180
6 72 50 61 7 4 0 0.06 M M 11.5 29 190 M M 2 43 190
7 63 47 55 2 10 0 0.39 M M 7.0 22 130 M M 7 1 26 130
8 56 47 52 -1 13 0 0.32 M M 7.7 25 300 M M 10 13 31 310
9 54 42 48 -4 17 0 0.17 M M 18.2 28 280 M M 7 1 40 270
10 62 39 51 -1 14 0 T M M 11.5 22 320 M M 4 29 300
11 45 33 39 -12 26 0 0.31 M M 14.7 26 260 M M 10 1 35 270
12 45 31 38 -13 27 0 0.03 M M 12.9 23 270 M M 5 1 29 270
13 45 31 38 -13 27 0 T M M 12.1 23 290 M M 6 29 290
14 48 33 41 -9 24 0 0.00 M M 16.7 28 290 M M 2 42 290
15 61 35 48 -2 17 0 0.00 M M 9.1 17 200 M M 0 26 200
16 65 28 47 -2 18 0 0.00 M M 6.2 15 80 M M 0 20 80
17 72 32 52 3 13 0 0.00 M M 11.6 28 190 M M 0 38 180
18 60 44 52 4 13 0 0.00 M M 9.7 18 180 M M 3 28 190
19 61 44 53 5 12 0 T M M 10.1 25 180 M M 4 34 170
20 66 46 56 8 9 0 0.00 M M 11.8 26 190 M M 1 37 200
21 72 40 56 9 9 0 0.00 M M 8.8 18 200 M M 2 26 190
22 71 45 58 11 7 0 0.00 M M 12.6 33 290 M M 4 43 260
23 56 42 49 3 16 0 T M M 7.4 16 200 M M 8 20 210
24 54 36 45 -1 20 0 0.19 M M 10.3 25 180 M M 9 37 180
25 56 40 48 2 17 0 0.74 M M 10.9 21 190 M M 10 1 32 190
26 50 37 44 -1 21 0 0.01 M M 13.3 22 260 M M 6 28 280
27 58 39 49 4 16 0 T M M 14.0 26 270 M M 5 37 270
28 65 43 54 10 11 0 0.00 M M 8.0 16 190 M M 5 8 22 190
29 72 48 60 16 5 0 0.00 M M 10.3 20 200 M M 0 29 200
30 55 41 48 4 17 0 0.00 M M 6.1 16 230 M M 2 18 22 230
31 54 39 47 4 18 0 T M M 4.8 15 60 M M 7 13 19 60
================================================================================
SM 1923 1233 432 1 2.22 M 323.3 M 119
================================================================================
AV 62.0 39.8 10.4 FASTST M M 4 MAX(MPH)
MISC ----> # 33 180 46 180
================================================================================
NOTES:
# LAST OF SEVERAL OCCURRENCES
COLUMN 17 PEAK WIND IN M.P.H.
PRELIMINARY LOCAL CLIMATOLOGICAL DATA (WS FORM: F-6) , PAGE 2
STATION: TWIN FALLS ID
MONTH: OCTOBER
YEAR: 2021
LATITUDE: 42 28 N
LONGITUDE: 114 29 W
[TEMPERATURE DATA] [PRECIPITATION DATA] SYMBOLS USED IN COLUMN 16
AVERAGE MONTHLY: 50.9 TOTAL FOR MONTH: 2.22 1 = FOG OR MIST
DPTR FM NORMAL: 1.6 DPTR FM NORMAL: 1.45 2 = FOG REDUCING VISIBILITY
HIGHEST: 84 ON 5, 4 GRTST 24HR 0.78 ON 24-25 TO 1/4 MILE OR LESS
LOWEST: 28 ON 16 3 = THUNDER
SNOW, ICE PELLETS, HAIL 4 = ICE PELLETS
TOTAL MONTH: M 5 = HAIL
GRTST 24HR M ON M 6 = FREEZING RAIN OR DRIZZLE
GRTST DEPTH: M ON M 7 = DUSTSTORM OR SANDSTORM:
VSBY 1/2 MILE OR LESS
8 = SMOKE OR HAZE
[NO. OF DAYS WITH] [WEATHER - DAYS WITH] 9 = BLOWING SNOW
X = TORNADO
MAX 32 OR BELOW: 0 0.01 INCH OR MORE: 9
MAX 90 OR ABOVE: 0 0.10 INCH OR MORE: 6
MIN 32 OR BELOW: 4 0.50 INCH OR MORE: 1
MIN 0 OR BELOW: 0 1.00 INCH OR MORE: 0
[HDD (BASE 65) ]
TOTAL THIS MO. 432 CLEAR (SCALE 0-3) 15
DPTR FM NORMAL -56 PTCLDY (SCALE 4-7) 12
TOTAL FM JUL 1 558 CLOUDY (SCALE 8-10) 4
DPTR FM NORMAL -107
[CDD (BASE 65) ]
TOTAL THIS MO. 1
DPTR FM NORMAL -2 [PRESSURE DATA]
TOTAL FM JAN 1 960 HIGHEST SLP 30.36 ON 16
DPTR FM NORMAL 344 LOWEST SLP 29.43 ON 25
[REMARKS]
#FINAL-10-21#