000
CXUS54 KSHV 011300
CF6TXK
PRELIMINARY LOCAL CLIMATOLOGICAL DATA (WS FORM: F-6)
STATION: TEXARKANA
MONTH: OCTOBER
YEAR: 2021
LATITUDE: 33 27 N
LONGITUDE: 94 0 W
TEMPERATURE IN F: :PCPN: SNOW: WIND :SUNSHINE: SKY :PK WND
================================================================================
1 2 3 4 5 6A 6B 7 8 9 10 11 12 13 14 15 16 17 18
12Z AVG MX 2MIN
DY MAX MIN AVG DEP HDD CDD WTR SNW DPTH SPD SPD DIR MIN PSBL S-S WX SPD DR
================================================================================
1 82 72 77 7 0 12 0.59 0.0 0 4.9 17 250 M M 8 13 21 240
2 89 72 81 11 0 16 T 0.0 0 5.8 16 250 M M 6 1 20 240
3 88 69 79 9 0 14 0.00 0.0 0 4.9 15 290 M M 2 20 260
4 86 64 75 6 0 10 0.00 0.0 0 3.0 13 300 M M 1 16 300
5 86 61 74 5 0 9 0.00 0.0 0 4.6 14 360 M M 2 18 50
6 86 62 74 5 0 9 0.00 0.0 0 3.8 14 250 M M 1 18 18 250
7 89 63 76 8 0 11 0.00 0.0 0 5.4 14 280 M M 0 18 19 260
8 92 67 80 12 0 15 0.00 0.0 0 8.3 16 230 M M 0 8 18 230
9 92 68 80 12 0 15 0.00 0.0 0 9.5 16 210 M M 0 8 24 230
10 91 69 80 13 0 15 0.00 0.0 0 12.3 24 170 M M 3 8 36 160
11 82 63 73 6 0 8 0.22 0.0 0 9.1 22 180 M M 3 13 32 180
12 79 59 69 3 0 4 0.04 0.0 0 6.3 14 160 M M 4 20 150
13 88 74 81 15 0 16 T 0.0 0 10.7 26 150 M M 3 8 35 160
14 83 73 78 12 0 13 0.03 0.0 0 7.0 24 220 M M 6 8 30 220
15 87 57 72 7 0 7 0.00 0.0 0 10.1 23 310 M M 5 1 32 310
16 74 49 62 -3 3 0 0.00 0.0 0 5.4 16 360 M M 0 23 330
17 77 47 62 -2 3 0 0.00 0.0 0 2.7 9 130 M M 0 14 140
18 77 49 63 -1 2 0 0.00 0.0 0 4.8 12 180 M M 0 17 180
19 79 49 64 0 1 0 0.00 0.0 0 5.5 13 160 M M 0 8 21 170
20 86 56 71 8 0 6 0.00 0.0 0 4.1 15 210 M M 0 18 18 220
21 86 58 72 9 0 7 0.00 0.0 0 5.1 15 320 M M 1 21 330
22 81 50 66 4 0 1 0.00 0.0 0 5.7 12 110 M M 0 8 17 110
23 86 66 76 14 0 11 0.00 0.0 0 10.4 18 210 M M 3 24 220
24 90 69 80 18 0 15 0.00 0.0 0 10.7 24 200 M M 3 31 210
25 87 62 75 14 0 10 0.00 0.0 0 5.0 13 210 M M 1 1 17 220
26 79 60 70 9 0 5 0.00 0.0 0 7.3 13 110 M M 4 18 80
27 75 60 68 7 0 3 0.60 0.0 0 9.8 22 270 M M 7 1 30 280
28 63 57 60 0 5 0 T 0.0 0 17.8 32 310 M M 10 45 310
29 60 48 54 -6 11 0 0.00 0.0 0 12.0 29 310 M M 7 37 310
30 73 48 61 1 4 0 0.00 0.0 0 5.1 14 310 M M 0 18 310
31 78 45 62 3 3 0 0.00 0.0 0 2.8 9 50 M M 0 13 50
================================================================================
SM 2551 1866 32 232 1.48 0.0 219.9 M 80
================================================================================
AV 82.3 60.2 7.1 FASTST M M 3 MAX(MPH)
MISC ----> 32 310 45 310
================================================================================
NOTES:
# LAST OF SEVERAL OCCURRENCES
COLUMN 17 PEAK WIND IN M.P.H.
PRELIMINARY LOCAL CLIMATOLOGICAL DATA (WS FORM: F-6) , PAGE 2
STATION: TEXARKANA
MONTH: OCTOBER
YEAR: 2021
LATITUDE: 33 27 N
LONGITUDE: 94 0 W
[TEMPERATURE DATA] [PRECIPITATION DATA] SYMBOLS USED IN COLUMN 16
AVERAGE MONTHLY: 71.2 TOTAL FOR MONTH: 1.48 1 = FOG OR MIST
DPTR FM NORMAL: 6.3 DPTR FM NORMAL: -3.03 2 = FOG REDUCING VISIBILITY
HIGHEST: 92 ON 9, 8 GRTST 24HR 0.61 ON 30- 1 TO 1/4 MILE OR LESS
LOWEST: 45 ON 31 3 = THUNDER
SNOW, ICE PELLETS, HAIL 4 = ICE PELLETS
TOTAL MONTH: 0.0 INCH 5 = HAIL
GRTST 24HR 0.0 6 = FREEZING RAIN OR DRIZZLE
GRTST DEPTH: 0 7 = DUSTSTORM OR SANDSTORM:
VSBY 1/2 MILE OR LESS
8 = SMOKE OR HAZE
[NO. OF DAYS WITH] [WEATHER - DAYS WITH] 9 = BLOWING SNOW
X = TORNADO
MAX 32 OR BELOW: 0 0.01 INCH OR MORE: 5
MAX 90 OR ABOVE: 4 0.10 INCH OR MORE: 3
MIN 32 OR BELOW: 0 0.50 INCH OR MORE: 2
MIN 0 OR BELOW: 0 1.00 INCH OR MORE: 0
[HDD (BASE 65) ]
TOTAL THIS MO. 32 CLEAR (SCALE 0-3) 21
DPTR FM NORMAL -75 PTCLDY (SCALE 4-7) 9
TOTAL FM JUL 1 32 CLOUDY (SCALE 8-10) 1
DPTR FM NORMAL -82
[CDD (BASE 65) ]
TOTAL THIS MO. 232
DPTR FM NORMAL 130 [PRESSURE DATA]
TOTAL FM JAN 1 2650 HIGHEST SLP 30.34 ON 17
DPTR FM NORMAL 420 LOWEST SLP 29.46 ON 27
[REMARKS]
#FINAL-10-21#