521
CXUS54 KSHV 011400
CF6TYR
PRELIMINARY LOCAL CLIMATOLOGICAL DATA (WS FORM: F-6)
STATION: TYLER
MONTH: DECEMBER
YEAR: 2020
LATITUDE: 32 22 N
LONGITUDE: 95 24 W
TEMPERATURE IN F: :PCPN: SNOW: WIND :SUNSHINE: SKY :PK WND
================================================================================
1 2 3 4 5 6A 6B 7 8 9 10 11 12 13 14 15 16 17 18
12Z AVG MX 2MIN
DY MAX MIN AVG DEP HDD CDD WTR SNW DPTH SPD SPD DIR MIN PSBL S-S WX SPD DR
================================================================================
1 60 26 43 -8 22 0 0.00 0.0 0 10.4 20 170 M M 0 24 200
2 52 46 49 -1 16 0 0.55 0.0 0 9.2 17 130 M M 9 1 23 130
3 47 35 41 -9 24 0 0.00 0.0 0 7.0 17 330 M M 8 20 330
4 56 36 46 -4 19 0 0.00 0.0 0 5.2 15 310 M M 4 18 320
5 61 30 46 -4 19 0 T 0.0 0 3.6 10 220 M M 2 1 15 220
6 61 41 51 1 14 0 0.01 0.0 0 6.9 20 320 M M 4 24 320
7 62 34 48 -1 17 0 0.00 0.0 0 5.4 15 350 M M 0 21 350
8 72 37 55 6 10 0 0.00 0.0 0 5.0 12 310 M M 0 16 310
9 78 34 56 7 9 0 0.00 0.0 0 6.2 13 210 M M 0 8 15 280
10 76 44 60 11 5 0 0.00 0.0 0 10.7 20 180 M M 0 25 180
11 63 55 59 10 6 0 0.66 0.0 0 7.6 17 240 M M 8 1 24 240
12 58 40 49 1 16 0 0.00 0.0 0 5.5 15 350 M M 0 19 360
13 45 38 42 -6 23 0 0.85 0.0 0 11.9 24 320 M M 9 1 34 320
14 52 36 44 -4 21 0 0.00 0.0 0 7.7 16 320 M M 4 21 320
15 42 37 40 -8 25 0 0.05 0.0 0 6.6 14 110 M M 9 1 17 110
16 42 29 36 -12 29 0 T 0.0 0 7.6 17 340 M M 8 1 23 330
17 57 26 42 -6 23 0 0.00 0.0 0 4.9 12 220 M M 0 14 230
18 62 34 48 0 17 0 T 0.0 0 10.0 18 180 M M 4 24 180
19 60 52 56 8 9 0 0.30 0.0 0 5.4 15 300 M M 9 13 20 300
20 62 40 51 3 14 0 0.00 0.0 0 4.5 13 320 M M 4 1 15 310
21 70 36 53 6 12 0 0.00 0.0 0 6.4 13 210 M M 0 17 210
22 70 43 57 10 8 0 0.00 0.0 0 10.1 18 140 M M 1 23 190
23 76 40 58 11 7 0 0.00 0.0 0 17.3 30 340 M M 6 43 320
24 50 31 41 -6 24 0 0.00 0.0 0 10.5 28 340 M M 1 34 340
25 58 30 44 -3 21 0 0.00 0.0 0 4.0 9 180 M M 0 11 340
26 68 39 54 7 11 0 0.00 0.0 0 10.6 18 210 M M 0 23 210
27 74 49 62 15 3 0 0.00 0.0 0 12.4 28 200 M M 2 37 230
28 69 52 61 14 4 0 0.00 0.0 0 7.4 15 110 M M 8 20 80
29 73 56 65 18 0 0 T 0.0 0 14.3 22 160 M M 6 32 150
30 69 46 58 11 7 0 1.52 0.0 0 11.5 24 340 M M 10 13 28 340
31 48 42 45 -2 20 0 1.94 0.0 0 13.9 23 50 M M 10 1 32 60
================================================================================
SM 1893 1214 455 0 5.88 0.0 259.7 M 126
================================================================================
AV 61.1 39.2 8.4 FASTST M M 4 MAX(MPH)
MISC ----> 30 340 43 320
================================================================================
NOTES:
# LAST OF SEVERAL OCCURRENCES
COLUMN 17 PEAK WIND IN M.P.H.
PRELIMINARY LOCAL CLIMATOLOGICAL DATA (WS FORM: F-6) , PAGE 2
STATION: TYLER
MONTH: DECEMBER
YEAR: 2020
LATITUDE: 32 22 N
LONGITUDE: 95 24 W
[TEMPERATURE DATA] [PRECIPITATION DATA] SYMBOLS USED IN COLUMN 16
AVERAGE MONTHLY: 50.1 TOTAL FOR MONTH: 5.88 1 = FOG OR MIST
DPTR FM NORMAL: 1.9 DPTR FM NORMAL: 1.64 2 = FOG REDUCING VISIBILITY
HIGHEST: 78 ON 9 GRTST 24HR 2.85 ON 30-31 TO 1/4 MILE OR LESS
LOWEST: 26 ON 17, 1 3 = THUNDER
SNOW, ICE PELLETS, HAIL 4 = ICE PELLETS
TOTAL MONTH: 0.0 INCH 5 = HAIL
GRTST 24HR 0.0 6 = FREEZING RAIN OR DRIZZLE
GRTST DEPTH: 0 7 = DUSTSTORM OR SANDSTORM:
VSBY 1/2 MILE OR LESS
8 = SMOKE OR HAZE
[NO. OF DAYS WITH] [WEATHER - DAYS WITH] 9 = BLOWING SNOW
X = TORNADO
MAX 32 OR BELOW: 0 0.01 INCH OR MORE: 8
MAX 90 OR ABOVE: 0 0.10 INCH OR MORE: 6
MIN 32 OR BELOW: 6 0.50 INCH OR MORE: 5
MIN 0 OR BELOW: 0 1.00 INCH OR MORE: 2
[HDD (BASE 65) ]
TOTAL THIS MO. 455 CLEAR (SCALE 0-3) 14
DPTR FM NORMAL -72 PTCLDY (SCALE 4-7) 9
TOTAL FM JUL 1 702 CLOUDY (SCALE 8-10) 8
DPTR FM NORMAL -199
[CDD (BASE 65) ]
TOTAL THIS MO. 0
DPTR FM NORMAL -6 [PRESSURE DATA]
TOTAL FM JAN 1 2728 HIGHEST SLP 30.36 ON 14
DPTR FM NORMAL 311 LOWEST SLP 29.56 ON 31
[REMARKS]
#FINAL-12-20#