000
CXUS54 KMRX 011130
CF6TYS
PRELIMINARY LOCAL CLIMATOLOGICAL DATA (WS FORM: F-6)
STATION: KNOXVILLE MCGHEE TYSON AIRPORT
MONTH: NOVEMBER
YEAR: 2022
LATITUDE: 35 49 N
LONGITUDE: 83 59 W
TEMPERATURE IN F: :PCPN: SNOW: WIND :SUNSHINE: SKY :PK WND
================================================================================
1 2 3 4 5 6A 6B 7 8 9 10 11 12 13 14 15 16 17 18
12Z AVG MX 2MIN
DY MAX MIN AVG DEP HDD CDD WTR SNW DPTH SPD SPD DIR MIN PSBL S-S WX SPD DR
================================================================================
1 71 53 62 8 3 0 0.00 0.0 0 3.6 8 10 M M 8 8 11 280
2 69 53 61 7 4 0 T 0.0 0 3.3 10 30 M M 7 13 40
3 74 51 63 10 2 0 0.00 0.0 0 1.3 7 210 M M 3 1 11 330
4 76 48 62 9 3 0 0.00 0.0 0 3.8 15 190 M M 1 22 190
5 81 54 68 16 0 3 0.01 0.0 0 7.0 31 210 M M 9 41 220
6 80 57 69 17 0 4 T 0.0 0 3.1 14 240 M M 8 19 230
7 77 61 69 17 0 4 0.07 0.0 0 2.9 10 20 M M 6 1 14 10
8 79 54 67 16 0 2 0.00 0.0 0 8.1 16 30 M M 1 20 360
9 72 47 60 9 5 0 0.00 0.0 0 4.2 10 40 M M 2 15 20
10 73 41 57 6 8 0 T 0.0 0 7.1 15 40 M M 9 19 20
11 65 60 63 13 2 0 0.78 0.0 0 6.9 15 260 M M 10 1 20 250
12 60 38 49 -1 16 0 0.03 0.0 0 7.9 23 280 M M 9 1 32 290
13 38 31 35 -15 30 0 0.00 0.0 0 9.2 15 40 M M 10 20 10
14 50 27 39 -10 26 0 0.00 0.0 0 4.6 10 50 M M 5 14 50
15 45 34 40 -9 25 0 1.07 0.0 0 4.3 13 30 M M 10 1 14 30
16 46 35 41 -8 24 0 0.00 0.0 0 6.3 14 270 M M 8 19 270
17 43 29 36 -12 29 0 0.00 0.0 0 5.4 17 280 M M 2 25 310
18 49 24 37 -11 28 0 0.00 0.0 0 6.0 20 230 M M 3 25 280
19 48 27 38 -10 27 0 0.00 0.0 0 8.2 20 240 M M 5 26 220
20 42 23 33 -15 32 0 0.00 0.0 0 5.8 16 350 M M 1 19 350
21 53 20 37 -10 28 0 0.00 0.0 0 0.5 7 270 M M 3 10 260
22 58 25 42 -5 23 0 0.00 0.0 0 1.2 7 30 M M 4 8 60
23 64 29 47 0 18 0 0.00 0.0 0 3.6 9 20 M M 4 14 20
24 69 35 52 6 13 0 0.00 0.0 0 1.2 8 350 M M 6 11 350
25 63 46 55 9 10 0 0.02 0.0 0 4.2 14 30 M M 8 16 20
26 59 38 49 3 16 0 T 0.0 0 5.3 13 30 M M 7 1 15 30
27 68 48 58 12 7 0 0.13 0.0 0 14.9 39 230 M M 7 1 51 230
28 58 40 49 4 16 0 0.00 0.0 0 5.7 13 220 M M 6 20 300
29 65 33 49 4 16 0 1.16 0.0 0 3.9 15 150 M M 4 13 22 130
30 59 36 48 3 17 0 1.02 0.0 0 10.4 25 280 M M 5 1 38 290
================================================================================
SM 1854 1197 428 13 4.29 0.0 159.9 M 171
================================================================================
AV 61.8 39.9 5.3 FASTST M M 6 MAX(MPH)
MISC ----> 39 230 51 230
================================================================================
NOTES:
# LAST OF SEVERAL OCCURRENCES
COLUMN 17 PEAK WIND IN M.P.H.
PRELIMINARY LOCAL CLIMATOLOGICAL DATA (WS FORM: F-6) , PAGE 2
STATION: KNOXVILLE MCGHEE TYSON AIRPORT
MONTH: NOVEMBER
YEAR: 2022
LATITUDE: 35 49 N
LONGITUDE: 83 59 W
[TEMPERATURE DATA] [PRECIPITATION DATA] SYMBOLS USED IN COLUMN 16
AVERAGE MONTHLY: 50.9 TOTAL FOR MONTH: 4.29 1 = FOG OR MIST
DPTR FM NORMAL: 1.8 DPTR FM NORMAL: 0.08 2 = FOG REDUCING VISIBILITY
HIGHEST: 81 ON 5 GRTST 24HR 2.18 ON 29-30 TO 1/4 MILE OR LESS
LOWEST: 20 ON 21 3 = THUNDER
SNOW, ICE PELLETS, HAIL 4 = ICE PELLETS
TOTAL MONTH: 0.0 INCH 5 = HAIL
GRTST 24HR 0.0 6 = FREEZING RAIN OR DRIZZLE
GRTST DEPTH: 0 7 = DUSTSTORM OR SANDSTORM:
VSBY 1/2 MILE OR LESS
8 = SMOKE OR HAZE
[NO. OF DAYS WITH] [WEATHER - DAYS WITH] 9 = BLOWING SNOW
X = TORNADO
MAX 32 OR BELOW: 0 0.01 INCH OR MORE: 9
MAX 90 OR ABOVE: 0 0.10 INCH OR MORE: 5
MIN 32 OR BELOW: 9 0.50 INCH OR MORE: 4
MIN 0 OR BELOW: 0 1.00 INCH OR MORE: 3
[HDD (BASE 65) ]
TOTAL THIS MO. 428 CLEAR (SCALE 0-3) 7
DPTR FM NORMAL -54 PTCLDY (SCALE 4-7) 16
TOTAL FM JUL 1 696 CLOUDY (SCALE 8-10) 7
DPTR FM NORMAL 9
[CDD (BASE 65) ]
TOTAL THIS MO. 13
DPTR FM NORMAL 10 [PRESSURE DATA]
TOTAL FM JAN 1 1726 HIGHEST SLP 30.49 ON 21
DPTR FM NORMAL 154 LOWEST SLP 29.54 ON 11
[REMARKS]
#FINAL-11-22#