000
CXUS54 KMRX 011030
CF6TYS
PRELIMINARY LOCAL CLIMATOLOGICAL DATA (WS FORM: F-6)
STATION: KNOXVILLE MCGHEE TYSON AIRPORT
MONTH: MARCH
YEAR: 2022
LATITUDE: 35 49 N
LONGITUDE: 83 59 W
TEMPERATURE IN F: :PCPN: SNOW: WIND :SUNSHINE: SKY :PK WND
================================================================================
1 2 3 4 5 6A 6B 7 8 9 10 11 12 13 14 15 16 17 18
12Z AVG MX 2MIN
DY MAX MIN AVG DEP HDD CDD WTR SNW DPTH SPD SPD DIR MIN PSBL S-S WX SPD DR
================================================================================
1 64 32 48 2 17 0 0.00 0.0 0 4.6 15 230 M M 3 22 250
2 72 40 56 9 9 0 0.00 0.0 0 7.5 16 270 M M 0 22 270
3 76 49 63 16 2 0 0.00 0.0 0 8.0 17 210 M M 1 21 220
4 77 45 61 14 4 0 0.00 0.0 0 4.3 14 20 M M 5 19 20
5 78 47 63 15 2 0 0.00 0.0 0 9.3 33 210 M M 5 44 220
6 79 59 69 21 0 4 0.00 0.0 0 14.6 30 240 M M 6 45 210
7 74 46 60 12 5 0 0.72 0.0 0 16.0 33 210 M M 8 18 51 210
8 56 41 49 1 16 0 0.65 0.0 0 7.2 15 230 M M 10 1 19 40
9 53 44 49 0 16 0 0.69 0.0 0 7.5 15 280 M M 9 1 22 290
10 61 42 52 3 13 0 0.00 0.0 0 6.2 16 60 M M 6 21 60
11 67 37 52 3 13 0 0.01 0.0 0 4.9 20 350 M M 5 27 330
12 49 22 36 -13 29 0 0.47 6.5 4 13.4 30 350 M M 7 1249 44 360
13 49 18 34 -16 31 0 0.00 0.0 T 7.6 20 230 M M 1 26 230
14 65 30 48 -2 17 0 0.00 0.0 0 2.3 12 230 M M 3 13 230
15 65 39 52 2 13 0 0.00 0.0 0 3.7 10 30 M M 9 12 30
16 70 48 59 9 6 0 0.47 0.0 0 6.3 15 30 M M 8 18 21 350
17 71 52 62 11 3 0 0.06 0.0 0 3.7 10 210 M M 7 12 14 220
18 67 47 57 6 8 0 0.04 0.0 0 6.0 17 290 M M 7 1 25 100
19 60 48 54 3 11 0 0.01 0.0 0 16.1 29 250 M M 7 36 240
20 65 39 52 0 13 0 0.00 0.0 0 4.4 16 270 M M 2 20 260
21 71 36 54 2 11 0 0.00 0.0 0 1.8 9 240 M M 4 14 190
22 78 47 63 11 2 0 0.00 0.0 0 7.3 23 150 M M 9 36 150
23 80 54 67 15 0 2 0.41 0.0 0 16.1 41 200 M M 7 1 57 210
24 64 42 53 0 12 0 0.00 0.0 0 9.8 26 240 M M 3 37 170
25 51 41 46 -7 19 0 0.00 0.0 0 9.4 20 260 M M 7 26 240
26 58 38 48 -5 17 0 0.00 0.0 0 13.8 30 270 M M 3 46 270
27 54 32 43 -11 22 0 0.00 0.0 0 7.5 18 260 M M 1 25 270
28 54 32 43 -11 22 0 0.00 0.0 0 3.9 12 20 M M 5 17 330
29 67 40 54 0 11 0 0.00 0.0 0 6.5 14 40 M M 8 17 40
30 83 43 63 8 2 0 0.00 0.0 0 13.8 36 200 M M 7 53 210
31 75 47 61 6 4 0 0.16 0.0 0 20.1 43 190 M M 8 1 64 200
================================================================================
SM 2053 1277 350 6 3.69 6.5 263.6 M 171
================================================================================
AV 66.2 41.2 8.5 FASTST M M 6 MAX(MPH)
MISC ----> 43 190 64 200
================================================================================
NOTES:
# LAST OF SEVERAL OCCURRENCES
COLUMN 17 PEAK WIND IN M.P.H.
PRELIMINARY LOCAL CLIMATOLOGICAL DATA (WS FORM: F-6) , PAGE 2
STATION: KNOXVILLE MCGHEE TYSON AIRPORT
MONTH: MARCH
YEAR: 2022
LATITUDE: 35 49 N
LONGITUDE: 83 59 W
[TEMPERATURE DATA] [PRECIPITATION DATA] SYMBOLS USED IN COLUMN 16
AVERAGE MONTHLY: 53.7 TOTAL FOR MONTH: 3.69 1 = FOG OR MIST
DPTR FM NORMAL: 3.1 DPTR FM NORMAL: -1.20 2 = FOG REDUCING VISIBILITY
HIGHEST: 83 ON 30 GRTST 24HR 1.34 ON 8- 9 TO 1/4 MILE OR LESS
LOWEST: 18 ON 13 3 = THUNDER
SNOW, ICE PELLETS, HAIL 4 = ICE PELLETS
TOTAL MONTH: 6.5 INCHES 5 = HAIL
GRTST 24HR 6.5 ON 12-12 6 = FREEZING RAIN OR DRIZZLE
GRTST DEPTH: 4 ON 12 7 = DUSTSTORM OR SANDSTORM:
VSBY 1/2 MILE OR LESS
8 = SMOKE OR HAZE
[NO. OF DAYS WITH] [WEATHER - DAYS WITH] 9 = BLOWING SNOW
X = TORNADO
MAX 32 OR BELOW: 0 0.01 INCH OR MORE: 11
MAX 90 OR ABOVE: 0 0.10 INCH OR MORE: 7
MIN 32 OR BELOW: 6 0.50 INCH OR MORE: 3
MIN 0 OR BELOW: 0 1.00 INCH OR MORE: 0
[HDD (BASE 65) ]
TOTAL THIS MO. 350 CLEAR (SCALE 0-3) 8
DPTR FM NORMAL -102 PTCLDY (SCALE 4-7) 18
TOTAL FM JUL 1 2922 CLOUDY (SCALE 8-10) 5
DPTR FM NORMAL -353
[CDD (BASE 65) ]
TOTAL THIS MO. 6
DPTR FM NORMAL 1 [PRESSURE DATA]
TOTAL FM JAN 1 9 HIGHEST SLP 30.46 ON 14
DPTR FM NORMAL 4 LOWEST SLP 29.48 ON 31
[REMARKS]
#FINAL-03-22#