000
CXUS54 KMRX 020543
CLMTYS
CLIMATE REPORT
NATIONAL WEATHER SERVICE MORRISTOWN, TN
143 AM EDT SUN APR 02 2023
...................................
...THE KNOXVILLE MCGHEE TYSON AIRPORT CLIMATE SUMMARY FOR THE MONTH OF MARCH 2023...
CLIMATE NORMAL PERIOD: 1991 TO 2020
CLIMATE RECORD PERIOD: 1871 TO 2023
WEATHER OBSERVED NORMAL DEPART
VALUE DATE(S) VALUE FROM
NORMAL
................................................
TEMPERATURE (F)
HIGHEST 79 03/24
LOWEST 23 03/20
AVG. MAXIMUM 63.2 61.4 1.8
AVG. MINIMUM 41.1 39.8 1.3
MEAN 52.1 50.6 1.5
DAYS MAX >= 90 0
DAYS MAX <= 32 0
DAYS MIN <= 32 6
DAYS MIN <= 0 0
PRECIPITATION (INCHES)
RECORD
MAXIMUM 13.35 1917
MINIMUM 0.72 1910
TOTALS 5.61 4.89 0.72
DAYS >= .01 11
DAYS >= .10 7
DAYS >= .50 5
DAYS >= 1.00 2
GREATEST
24 HR. TOTAL 2.23 03/01 TO 03/02
SNOWFALL (INCHES)
TOTALS 0.0 0.9 -0.9
SINCE 7/1 1.6
SNOWDEPTH AVG. 0
DAYS >= TRACE 0
GREATEST
SNOW DEPTH 0
DEGREE DAYS
HEATING TOTAL 401 452 -51
SINCE 7/1 2833 3275 -442
COOLING TOTAL 12 5 7
SINCE 1/1 22 5 17
................................................
WEATHER CONDITIONS. NUMBER OF DAYS WITH
THUNDERSTORM 4 RAIN 7
SNOW 0 FOG 11
FOG W/VIS <= 1/4 MILE 1
- INDICATES NEGATIVE NUMBERS.
R INDICATES RECORD WAS SET OR TIED.
MM INDICATES DATA IS MISSING.
T INDICATES TRACE AMOUNT.
$$