000
CXUS55 KSEW 010930
CF6UIL
PRELIMINARY LOCAL CLIMATOLOGICAL DATA (WS FORM: F-6)
STATION: QUILLAYUTE WA AIRPORT
MONTH: JULY
YEAR: 2022
LATITUDE: 47 57 N
LONGITUDE: 124 33 W
TEMPERATURE IN F: :PCPN: SNOW: WIND :SUNSHINE: SKY :PK WND
================================================================================
1 2 3 4 5 6A 6B 7 8 9 10 11 12 13 14 15 16 17 18
12Z AVG MX 2MIN
DY MAX MIN AVG DEP HDD CDD WTR SNW DPTH SPD SPD DIR MIN PSBL S-S WX SPD DR
================================================================================
1 66 55 61 3 4 0 0.00 M M 4.7 15 240 M M 10 1 20 250
2 65 53 59 1 6 0 0.00 M M 4.6 16 280 M M 9 24 270
3 62 55 59 1 6 0 0.05 M M 4.4 13 270 M M 10 1 18 260
4 60 53 57 -1 8 0 0.35 M M 3.6 10 250 M M 8 1 13 250
5 72 49 61 3 4 0 0.12 M M 3.2 12 240 M M 7 12 15 230
6 67 55 61 3 4 0 0.02 M M 2.6 10 240 M M 9 1 13 220
7 70 51 61 3 4 0 0.00 M M 3.9 13 230 M M 7 17 220
8 70 52 61 3 4 0 0.00 M M 3.6 14 230 M M 5 20 230
9 69 50 60 1 5 0 0.00 M M 4.2 14 260 M M 3 19 260
10 70 55 63 4 2 0 0.01 M M 4.7 12 250 M M 6 1 18 230
11 82 52 67 8 0 2 0.00 M M 4.9 15 330 M M 4 12 21 330
12 66 54 60 1 5 0 0.00 M M 7.3 17 320 M M 7 1 28 320
13 66 55 61 2 4 0 0.00 M M 6.0 15 290 M M 7 23 300
14 67 51 59 0 6 0 0.00 M M 4.4 15 240 M M 5 8 20 230
15 60 50 55 -4 10 0 0.59 M M 4.6 12 190 M M 10 1 21 200
16 64 55 60 0 5 0 0.02 M M 3.4 14 250 M M 10 1 18 250
17 64 54 59 -1 6 0 T M M 3.6 12 260 M M 9 18 18 260
18 66 54 60 0 5 0 T M M 4.5 13 290 M M 7 1 20 280
19 73 54 64 4 1 0 0.00 M M 5.7 15 290 M M 5 12 22 330
20 67 53 60 0 5 0 0.00 M M 3.5 12 250 M M 7 12 17 230
21 66 54 60 0 5 0 0.01 M M 3.9 12 260 M M 9 1 15 250
22 62 56 59 -1 6 0 T M M 3.2 13 290 M M 10 1 18 320
23 68 54 61 1 4 0 T M M 3.7 15 240 M M 6 1 19 230
24 75 52 64 4 1 0 0.00 M M 3.5 13 320 M M 4 12 18 320
25 84 52 68 8 0 3 0.00 M M 3.4 13 220 M M 0 16 230
26 85 56 71 11 0 6 0.00 M M 3.9 12 250 M M 1 1 16 270
27 75 58 67 7 0 2 0.00 M M 5.2 14 240 M M 6 1 17 240
28 78 55 67 7 0 2 0.00 M M 4.5 14 260 M M 4 12 19 230
29 73 51 62 2 3 0 0.00 M M 2.9 10 250 M M 5 12 15 240
30 79 48 64 4 1 0 0.00 M M 2.9 10 230 M M 1 12 14 280
31 75 50 63 3 2 0 0.00 M M 3.9 12 260 M M 5 12 16 260
================================================================================
SM 2166 1646 116 15 1.17 M 128.4 M 196
================================================================================
AV 69.9 53.1 4.1 FASTST M M 6 MAX(MPH)
MISC ----> 17 320 28 320
================================================================================
NOTES:
# LAST OF SEVERAL OCCURRENCES
COLUMN 17 PEAK WIND IN M.P.H.
PRELIMINARY LOCAL CLIMATOLOGICAL DATA (WS FORM: F-6) , PAGE 2
STATION: QUILLAYUTE WA AIRPORT
MONTH: JULY
YEAR: 2022
LATITUDE: 47 57 N
LONGITUDE: 124 33 W
[TEMPERATURE DATA] [PRECIPITATION DATA] SYMBOLS USED IN COLUMN 16
AVERAGE MONTHLY: 61.5 TOTAL FOR MONTH: 1.17 1 = FOG OR MIST
DPTR FM NORMAL: 2.2 DPTR FM NORMAL: -0.41 2 = FOG REDUCING VISIBILITY
HIGHEST: 85 ON 26 GRTST 24HR 0.61 ON 15-16 TO 1/4 MILE OR LESS
LOWEST: 48 ON 30 3 = THUNDER
SNOW, ICE PELLETS, HAIL 4 = ICE PELLETS
TOTAL MONTH: M 5 = HAIL
GRTST 24HR M ON M 6 = FREEZING RAIN OR DRIZZLE
GRTST DEPTH: M ON M 7 = DUSTSTORM OR SANDSTORM:
VSBY 1/2 MILE OR LESS
8 = SMOKE OR HAZE
[NO. OF DAYS WITH] [WEATHER - DAYS WITH] 9 = BLOWING SNOW
X = TORNADO
MAX 32 OR BELOW: 0 0.01 INCH OR MORE: 8
MAX 90 OR ABOVE: 0 0.10 INCH OR MORE: 3
MIN 32 OR BELOW: 0 0.50 INCH OR MORE: 1
MIN 0 OR BELOW: 0 1.00 INCH OR MORE: 0
[HDD (BASE 65) ]
TOTAL THIS MO. 116 CLEAR (SCALE 0-3) 4
DPTR FM NORMAL -68 PTCLDY (SCALE 4-7) 17
TOTAL FM JUL 1 116 CLOUDY (SCALE 8-10) 10
DPTR FM NORMAL -68
[CDD (BASE 65) ]
TOTAL THIS MO. 15
DPTR FM NORMAL 8 [PRESSURE DATA]
TOTAL FM JAN 1 16 HIGHEST SLP M ON M
DPTR FM NORMAL 5 LOWEST SLP 29.83 ON 25
[REMARKS]
#FINAL-07-22#