000
CXUS53 KLSX 011856
CF6UIN
PRELIMINARY LOCAL CLIMATOLOGICAL DATA (WS FORM: F-6)
STATION: QUINCY IL
MONTH: JANUARY
YEAR: 2024
LATITUDE: 39 57 N
LONGITUDE: 91 12 W
TEMPERATURE IN F: :PCPN: SNOW: WIND :SUNSHINE: SKY :PK WND
================================================================================
1 2 3 4 5 6A 6B 7 8 9 10 11 12 13 14 15 16 17 18
12Z AVG MX 2MIN
DY MAX MIN AVG DEP HDD CDD WTR SNW DPTH SPD SPD DIR MIN PSBL S-S WX SPD DR
================================================================================
1 31 23 27 -1 38 0 0.00 0.0 0 7.7 15 320 M M 9 19 320
2 43 22 33 5 32 0 0.00 0.0 0 8.9 18 210 M M 0 25 220
3 37 25 31 4 34 0 0.00 0.0 0 4.8 14 330 M M 9 1 18 330
4 40 26 33 6 32 0 0.00 0.0 0 4.5 9 120 M M 3 12 120
5 36 26 31 4 34 0 0.00 0.0 0 8.0 14 130 M M 3 20 120
6 34 32 33 6 32 0 0.01 M M 4.6 10 260 M M 10 12 14 240
7 34 31 33 6 32 0 T M M 7.9 15 260 M M 9 1 20 280
8 37 30 34 7 31 0 0.19 M M 14.1 22 130 M M 4 1 29 100
9 34 30 32 5 33 0 0.27 M M 16.2 29 310 M M 10 12 38 310
10 36 24 30 4 35 0 0.00 0.0 M 11.8 22 280 M M 6 18 29 280
11 34 25 30 4 35 0 0.01 M M 10.6 23 250 M M 7 13 33 250
12 35 13 24 -2 41 0 0.52 M M 17.3 29 270 M M 10 18 43 260
13 14 -6 4 -22 61 0 0.02 M M 19.1 29 280 M M 9 8 40 270
14 -5 -14 -9 -35 74 0 0.00 0.0 M 11.9 28 280 M M 1 8 39 280
15 2 -11 -4 -30 69 0 T M M 8.5 16 280 M M 4 8 21 270
16 8 -6 1 -25 64 0 T M M 13.0 21 240 M M 1 8 29 230
17 27 3 15 -11 50 0 0.00 0.0 M 10.0 21 230 M M 1 27 230
18 30 14 22 -4 43 0 T M M 9.0 24 330 M M 6 18 32 330
19 14 -1 7 -19 58 0 T M M 15.5 26 330 M M 2 18 34 330
20 10 -6 2 -24 63 0 0.00 0.0 M 6.1 13 290 M M 0 18 280
21 29 0 15 -11 50 0 0.00 0.0 M 11.1 18 170 M M 3 28 170
22 34 28 31 5 34 0 0.10 0.0 M 11.7 18 190 M M 10 16 26 180
23 38 33 36 10 29 0 0.35 0.0 M 5.8 13 130 M M 10 12 16 140
24 39 34 37 11 28 0 0.34 0.0 M 6.0 12 40 M M 10 12 14 40
25 39 34 37 11 28 0 0.64 0.0 0 5.3 17 40 M M 10 12 21 40
26 M 35 M M M M 0.00 0.0 0 6.3 10 290 M M 10 128 15 280
27 M 32 M M M M 0.00 0.0 0 9.3 18 330 M M 10 128 24 330
28 36 28 32 5 33 0 0.00 0.0 0 10.0 20 320 M M 9 12 24 330
29 53 27 40 13 25 0 0.00 0.0 0 6.9 15 200 M M 5 12 19 210
30 46 36 41 14 24 0 0.00 0.0 0 10.9 21 320 M M 9 1 27 310
31 51 36 44 17 21 0 0.00 M M 8.5 14 210 M M 5 18 210
================================================================================
SM 896 603 1163 0 2.45 0.0 301.3 M 195
================================================================================
AV 30.9 19.5 9.7 FASTST M M 6 MAX(MPH)
MISC ----> # 29 310 43 260
================================================================================
NOTES:
# LAST OF SEVERAL OCCURRENCES
COLUMN 17 PEAK WIND IN M.P.H.
PRELIMINARY LOCAL CLIMATOLOGICAL DATA (WS FORM: F-6) , PAGE 2
STATION: QUINCY IL
MONTH: JANUARY
YEAR: 2024
LATITUDE: 39 57 N
LONGITUDE: 91 12 W
[TEMPERATURE DATA] [PRECIPITATION DATA] SYMBOLS USED IN COLUMN 16
AVERAGE MONTHLY: 25.2 TOTAL FOR MONTH: 2.45 1 = FOG OR MIST
DPTR FM NORMAL: -1.4 DPTR FM NORMAL: 0.88 2 = FOG REDUCING VISIBILITY
HIGHEST: 53 ON 29 GRTST 24HR 0.64 ON 25 TO 1/4 MILE OR LESS
LOWEST: -14 ON 14 3 = THUNDER
SNOW, ICE PELLETS, HAIL 4 = ICE PELLETS
TOTAL MONTH: 0.0 INCH 5 = HAIL
GRTST 24HR 0.0 6 = FREEZING RAIN OR DRIZZLE
GRTST DEPTH: 0 7 = DUSTSTORM OR SANDSTORM:
VSBY 1/2 MILE OR LESS
8 = SMOKE OR HAZE
[NO. OF DAYS WITH] [WEATHER - DAYS WITH] 9 = BLOWING SNOW
X = TORNADO
MAX 32 OR BELOW: 10 0.01 INCH OR MORE: 10
MAX 90 OR ABOVE: 0 0.10 INCH OR MORE: 7
MIN 32 OR BELOW: 25 0.50 INCH OR MORE: 2
MIN 0 OR BELOW: 7 1.00 INCH OR MORE: 0
[HDD (BASE 65) ]
TOTAL THIS MO. 1163 CLEAR (SCALE 0-3) 9
DPTR FM NORMAL -27 PTCLDY (SCALE 4-7) 7
TOTAL FM JUL 1 2814 CLOUDY (SCALE 8-10) 15
DPTR FM NORMAL -503
[CDD (BASE 65) ]
TOTAL THIS MO. 0
DPTR FM NORMAL 0 [PRESSURE DATA]
TOTAL FM JAN 1 0 HIGHEST SLP 30.74 ON 20
DPTR FM NORMAL 0 LOWEST SLP 29.08 ON 9
[REMARKS]
#FINAL-01-24#