000
CXUS56 KEKA 011449
CF6UKI
PRELIMINARY LOCAL CLIMATOLOGICAL DATA (WS FORM: F-6)
STATION: UKIAH CA
MONTH: NOVEMBER
YEAR: 2020
LATITUDE: 39 7 N
LONGITUDE: 123 12 W
TEMPERATURE IN F: :PCPN: SNOW: WIND :SUNSHINE: SKY :PK WND
================================================================================
1 2 3 4 5 6A 6B 7 8 9 10 11 12 13 14 15 16 17 18
12Z AVG MX 2MIN
DY MAX MIN AVG DEP HDD CDD WTR SNW DPTH SPD SPD DIR MIN PSBL S-S WX SPD DR
================================================================================
1 88 40 64 9 1 0 0.00 M M 0.9 8 130 M M 0 11 160
2 88 39 64 9 1 0 0.00 M M 1.2 9 340 M M 0 8 13 150
3 83 37 60 5 5 0 0.00 M M 0.9 12 360 M M 0 8 14 360
4 82 45 64 10 1 0 0.00 M M 1.8 10 310 M M 0 13 340
5 87 45 66 12 0 1 0.00 M M 2.8 13 360 M M 1 20 290
6 60 40 50 -4 15 0 0.05 M M 6.4 22 310 M M 4 33 310
7 61 36 49 -5 16 0 0.00 M M 5.0 20 310 M M 0 30 300
8 58 32 45 -8 20 0 0.00 M M 9.9 21 300 M M 3 28 290
9 60 26 43 -10 22 0 0.00 M M 1.4 8 310 M M 0 11 330
10 65 30 48 -4 17 0 0.00 M M 1.6 14 330 M M 1 17 320
11 61 32 47 -5 18 0 0.00 M M 0.6 6 290 M M 0 1 7 290
12 63 28 46 -6 19 0 0.00 M M 0.4 7 290 M M 0 9 310
13 57 42 50 -2 15 0 0.42 M M 4.6 16 150 M M 7 1 24 160
14 63 36 50 -1 15 0 0.00 M M 0.5 9 350 M M 3 2 11 340
15 56 41 49 -2 16 0 0.04 M M 0.6 5 190 M M 10 18 5 190
16 69 51 60 9 5 0 0.00 0.0 M 1.4 6 290 M M 5 1 13 130
17 59 50 55 5 10 0 0.46 0.0 M 5.5 16 190 M M 7 1 24 190
18 60 42 51 1 14 0 0.28 0.0 0 3.0 12 250 M M 7 2 17 300
19 63 40 52 2 13 0 T M M 0.9 7 330 M M 5 2 10 340
20 63 36 50 1 15 0 0.00 M M 0.7 7 270 M M 3 2 8 320
21 64 30 47 -2 18 0 0.00 M M 0.5 6 330 M M 0 18 8 340
22 62 32 47 -2 18 0 0.02 M M 1.0 13 10 M M 2 1 19 10
23 63 36 50 1 15 0 0.00 M M 2.1 14 320 M M 1 1 18 310
24 66 34 50 2 15 0 0.00 M M 0.7 7 190 M M 0 1 11 280
25 60 36 48 0 17 0 0.00 M M 5.5 17 320 M M 1 24 320
26 65 30 48 0 17 0 0.00 M M 1.1 8 300 M M 0 8 11 350
27 66 29 48 0 17 0 0.00 M M 0.6 8 280 M M 0 8 9 280
28 65 28 47 0 18 0 0.00 M M 0.6 8 280 M M 0 9 280
29 65 29 47 0 18 0 0.00 M M 0.7 5 280 M M 0 8 6 360
30 68 29 49 2 16 0 0.00 M M 1.2 12 280 M M 0 18 280
================================================================================
SM 1990 1081 407 1 1.27 0.0 64.1 M 60
================================================================================
AV 66.3 36.0 2.1 FASTST M M 2 MAX(MPH)
MISC ----> 22 310 33 310
================================================================================
NOTES:
# LAST OF SEVERAL OCCURRENCES
COLUMN 17 PEAK WIND IN M.P.H.
PRELIMINARY LOCAL CLIMATOLOGICAL DATA (WS FORM: F-6) , PAGE 2
STATION: UKIAH CA
MONTH: NOVEMBER
YEAR: 2020
LATITUDE: 39 7 N
LONGITUDE: 123 12 W
[TEMPERATURE DATA] [PRECIPITATION DATA] SYMBOLS USED IN COLUMN 16
AVERAGE MONTHLY: 51.2 TOTAL FOR MONTH: 1.27 1 = FOG OR MIST
DPTR FM NORMAL: 0.3 DPTR FM NORMAL: -3.00 2 = FOG REDUCING VISIBILITY
HIGHEST: 88 ON 2, 1 GRTST 24HR 0.66 ON 17-18 TO 1/4 MILE OR LESS
LOWEST: 26 ON 9 3 = THUNDER
SNOW, ICE PELLETS, HAIL 4 = ICE PELLETS
TOTAL MONTH: 0.0 INCH 5 = HAIL
GRTST 24HR 0.0 6 = FREEZING RAIN OR DRIZZLE
GRTST DEPTH: 0 7 = DUSTSTORM OR SANDSTORM:
VSBY 1/2 MILE OR LESS
8 = SMOKE OR HAZE
[NO. OF DAYS WITH] [WEATHER - DAYS WITH] 9 = BLOWING SNOW
X = TORNADO
MAX 32 OR BELOW: 0 0.01 INCH OR MORE: 6
MAX 90 OR ABOVE: 0 0.10 INCH OR MORE: 3
MIN 32 OR BELOW: 12 0.50 INCH OR MORE: 0
MIN 0 OR BELOW: 0 1.00 INCH OR MORE: 0
[HDD (BASE 65) ]
TOTAL THIS MO. 407 CLEAR (SCALE 0-3) 23
DPTR FM NORMAL -16 PTCLDY (SCALE 4-7) 6
TOTAL FM JUL 1 454 CLOUDY (SCALE 8-10) 1
DPTR FM NORMAL -169
[CDD (BASE 65) ]
TOTAL THIS MO. 1
DPTR FM NORMAL 1 [PRESSURE DATA]
TOTAL FM JAN 1 1449 HIGHEST SLP 30.35 ON 26
DPTR FM NORMAL 614 LOWEST SLP 29.66 ON 6
[REMARKS]
#FINAL-11-20#