000
CXUS53 KSGF 010710
CF6UNO
PRELIMINARY LOCAL CLIMATOLOGICAL DATA (WS FORM: F-6)
STATION: WEST PLAINS MO
MONTH: JULY
YEAR: 2021
LATITUDE: 36 52 N
LONGITUDE: 91 55 W
TEMPERATURE IN F: :PCPN: SNOW: WIND :SUNSHINE: SKY :PK WND
================================================================================
1 2 3 4 5 6A 6B 7 8 9 10 11 12 13 14 15 16 17 18
12Z AVG MX 2MIN
DY MAX MIN AVG DEP HDD CDD WTR SNW DPTH SPD SPD DIR MIN PSBL S-S WX SPD DR
================================================================================
1 82 71 77 0 0 12 0.63 M M 3.4 14 90 M M 9 13 20 90
2 83 63 73 -4 0 8 0.00 M M 7.5 17 50 M M 1 24 60
3 84 59 72 -5 0 7 0.00 M M 2.3 10 50 M M 2 1 14 50
4 85 58 72 -5 0 7 0.00 M M 2.1 8 180 M M 0 13 190
5 85 60 73 -4 0 8 0.00 M M 2.9 10 130 M M 1 16 150
6 88 63 76 -1 0 11 0.00 M M 2.6 14 180 M M 1 1 18 180
7 89 66 78 0 0 13 0.00 M M 3.9 15 220 M M 2 23 220
8 91 69 80 2 0 15 0.00 M M 5.1 13 270 M M 3 20 300
9 93 68 81 3 0 16 0.12 M M 4.2 17 200 M M 3 13 23 200
10 85 67 76 -2 0 11 0.95 M M 6.7 28 320 M M 6 123 43 310
11 82 66 74 -4 0 9 0.00 M M 5.9 15 270 M M 6 1 23 260
12 79 65 72 -6 0 7 0.27 M M 4.1 14 220 M M 8 18 22 230
13 85 64 75 -3 0 10 0.00 M M 2.8 10 270 M M 3 12 15 270
14 90 64 77 -1 0 12 0.00 M M 3.8 13 180 M M 1 19 220
15 89 74 82 4 0 17 0.13 M M 6.2 15 220 M M 2 38 23 220
16 82 70 76 -2 0 11 0.40 M M 4.6 12 260 M M 3 1 16 270
17 86 66 76 -2 0 11 0.33 M M 3.5 14 200 M M 3 13 19 140
18 85 70 78 0 0 13 0.57 M M 3.5 16 320 M M 6 12 21 300
19 84 67 76 -2 0 11 0.00 M M 6.8 16 50 M M 5 1 20 50
20 84 65 75 -3 0 10 0.00 M M 5.8 15 40 M M 1 1 22 60
21 87 64 76 -2 0 11 0.00 M M 2.9 9 50 M M 1 18 13 50
22 87 64 76 -2 0 11 0.00 M M 2.0 9 160 M M 4 18 14 130
23 90 69 80 2 0 15 0.00 M M 2.3 12 40 M M 1 18 15 40
24 92 71 82 4 0 17 0.00 M M 4.1 9 260 M M 2 12 14 240
25 92 74 83 5 0 18 0.00 M M 4.2 13 20 M M 1 22 310
26 93 74 84 6 0 19 0.00 M M 4.7 12 60 M M 4 12 15 60
27 96 71 84 6 0 19 0.00 M M 2.7 8 180 M M 3 11 30
28 94 70 82 4 0 17 0.00 M M 1.9 9 190 M M 1 18 13 220
29 95 73 84 6 0 19 0.00 M M 3.9 10 280 M M 1 18 16 230
30 97 74 86 8 0 21 0.00 M M 4.9 14 340 M M 1 13 22 340
31 96 70 83 5 0 18 0.09 M M 6.2 20 40 M M 2 123 29 270
================================================================================
SM 2730 2089 0 404 3.49 M 127.5 M 87
================================================================================
AV 88.1 67.4 4.1 FASTST M M 3 MAX(MPH)
MISC ----> 28 320 43 310
================================================================================
NOTES:
# LAST OF SEVERAL OCCURRENCES
COLUMN 17 PEAK WIND IN M.P.H.
PRELIMINARY LOCAL CLIMATOLOGICAL DATA (WS FORM: F-6) , PAGE 2
STATION: WEST PLAINS MO
MONTH: JULY
YEAR: 2021
LATITUDE: 36 52 N
LONGITUDE: 91 55 W
[TEMPERATURE DATA] [PRECIPITATION DATA] SYMBOLS USED IN COLUMN 16
AVERAGE MONTHLY: 77.7 TOTAL FOR MONTH: 3.49 1 = FOG OR MIST
DPTR FM NORMAL: -0.2 DPTR FM NORMAL: -0.72 2 = FOG REDUCING VISIBILITY
HIGHEST: 97 ON 30 GRTST 24HR 0.95 ON 10-10 TO 1/4 MILE OR LESS
LOWEST: 58 ON 4 3 = THUNDER
SNOW, ICE PELLETS, HAIL 4 = ICE PELLETS
TOTAL MONTH: M 5 = HAIL
GRTST 24HR M ON M 6 = FREEZING RAIN OR DRIZZLE
GRTST DEPTH: M ON M 7 = DUSTSTORM OR SANDSTORM:
VSBY 1/2 MILE OR LESS
8 = SMOKE OR HAZE
[NO. OF DAYS WITH] [WEATHER - DAYS WITH] 9 = BLOWING SNOW
X = TORNADO
MAX 32 OR BELOW: 0 0.01 INCH OR MORE: 9
MAX 90 OR ABOVE: 12 0.10 INCH OR MORE: 8
MIN 32 OR BELOW: 0 0.50 INCH OR MORE: 3
MIN 0 OR BELOW: 0 1.00 INCH OR MORE: 0
[HDD (BASE 65) ]
TOTAL THIS MO. 0 CLEAR (SCALE 0-3) 21
DPTR FM NORMAL 0 PTCLDY (SCALE 4-7) 8
TOTAL FM JUL 1 0 CLOUDY (SCALE 8-10) 2
DPTR FM NORMAL 0
[CDD (BASE 65) ]
TOTAL THIS MO. 404
DPTR FM NORMAL 4 [PRESSURE DATA]
TOTAL FM JAN 1 815 HIGHEST SLP M ON M
DPTR FM NORMAL 14 LOWEST SLP 29.76 ON 11
[REMARKS]
#FINAL-07-21#