000
CXUS54 KHGX 011410
CF6UTS
PRELIMINARY LOCAL CLIMATOLOGICAL DATA (WS FORM: F-6)
STATION: HUNTSVILLE
MONTH: MARCH
YEAR: 2023
LATITUDE: 30 45 N
LONGITUDE: 95 35 W
TEMPERATURE IN F: :PCPN: SNOW: WIND :SUNSHINE: SKY :PK WND
================================================================================
1 2 3 4 5 6A 6B 7 8 9 10 11 12 13 14 15 16 17 18
12Z AVG MX 2MIN
DY MAX MIN AVG DEP HDD CDD WTR SNW DPTH SPD SPD DIR MIN PSBL S-S WX SPD DR
================================================================================
1 85 71 78 20 0 13 T 0.0 0 7.2 20 210 M M 6 18 29 210
2 82 64 73 15 0 8 0.34 0.0 0 7.3 22 160 M M 8 138 46 150
3 69 50 60 2 5 0 0.01 0.0 0 9.1 23 310 M M 2 39 320
4 80 45 63 4 2 0 0.00 0.0 0 2.6 9 200 M M 0 8 14 170
5 81 51 66 7 0 1 0.00 0.0 0 4.6 12 180 M M 0 1 18 170
6 81 57 69 10 0 4 0.00 0.0 0 4.4 10 260 M M 6 18 17 250
7 82 68 75 15 0 10 0.00 0.0 0 3.8 13 170 M M 7 18 21 160
8 84 64 74 14 0 9 0.00 0.0 0 3.7 9 180 M M 4 18 15 170
9 85 67 76 16 0 11 0.00 0.0 0 3.9 13 200 M M M 19 200
10 73 60 67 7 0 2 0.00 0.0 0 3.3 12 330 M M 9 1 19 330
11 87 62 75 15 0 10 0.00 0.0 0 10.9 24 190 M M 6 18 32 180
12 78 56 67 6 0 2 0.00 0.0 0 7.8 18 190 M M 7 18 28 190
13 70 50 60 -1 5 0 0.00 0.0 0 4.2 13 50 M M 0 21 50
14 66 48 57 -4 8 0 0.00 0.0 0 4.0 10 60 M M 5 19 80
15 73 45 59 -3 6 0 0.00 0.0 0 5.8 13 180 M M 1 23 150
16 74 55 65 3 0 0 1.14 0.0 0 6.2 13 170 M M 7 13 23 330
17 57 42 50 -12 15 0 0.08 0.0 0 9.7 20 330 M M 5 34 310
18 55 45 50 -12 15 0 0.00 0.0 0 4.1 10 330 M M 6 16 350
19 58 34 46 -16 19 0 0.00 0.0 0 2.5 15 320 M M 0 22 320
20 56 36 46 -17 19 0 0.00 0.0 0 3.5 10 180 M M 6 20 150
21 74 52 63 0 2 0 0.01 0.0 0 7.8 21 170 M M 10 1 37 190
22 83 69 76 13 0 11 0.00 0.0 0 9.2 20 190 M M 9 32 180
23 86 71 79 16 0 14 0.00 0.0 0 9.5 21 190 M M 8 1 32 160
24 82 61 72 8 0 7 0.01 0.0 0 7.7 17 190 M M 7 27 220
25 83 54 69 5 0 4 0.00 0.0 0 3.3 12 300 M M 1 20 290
26 71 51 61 -3 4 0 0.30 0.0 0 1.5 6 360 M M 7 12 12 80
27 81 57 69 5 0 4 0.00 0.0 0 3.0 7 50 M M 5 12 13 320
28 76 58 67 3 0 2 0.00 0.0 0 5.8 14 360 M M 2 26 10
29 74 54 64 -1 1 0 0.01 0.0 0 3.8 9 180 M M 7 18 50
30 77 62 70 5 0 5 T 0.0 0 6.2 15 160 M M 7 3 27 170
31 86 68 77 12 0 12 0.46 0.0 0 11.3 24 190 M M 4 138 49 170
================================================================================
SM 2349 1727 101 129 2.36 0.0 177.7 M 152
================================================================================
AV 75.8 55.7 5.7 FASTST M M 5 MAX(MPH)
MISC ----> # 24 190 49 170
================================================================================
NOTES:
# LAST OF SEVERAL OCCURRENCES
COLUMN 17 PEAK WIND IN M.P.H.
PRELIMINARY LOCAL CLIMATOLOGICAL DATA (WS FORM: F-6) , PAGE 2
STATION: HUNTSVILLE
MONTH: MARCH
YEAR: 2023
LATITUDE: 30 45 N
LONGITUDE: 95 35 W
[TEMPERATURE DATA] [PRECIPITATION DATA] SYMBOLS USED IN COLUMN 16
AVERAGE MONTHLY: 65.7 TOTAL FOR MONTH: 2.36 1 = FOG OR MIST
DPTR FM NORMAL: 4.0 DPTR FM NORMAL: -1.00 2 = FOG REDUCING VISIBILITY
HIGHEST: 87 ON 11 GRTST 24HR 1.22 ON 16-17 TO 1/4 MILE OR LESS
LOWEST: 34 ON 19 3 = THUNDER
SNOW, ICE PELLETS, HAIL 4 = ICE PELLETS
TOTAL MONTH: 0.0 INCH 5 = HAIL
GRTST 24HR 0.0 6 = FREEZING RAIN OR DRIZZLE
GRTST DEPTH: 0 7 = DUSTSTORM OR SANDSTORM:
VSBY 1/2 MILE OR LESS
8 = SMOKE OR HAZE
[NO. OF DAYS WITH] [WEATHER - DAYS WITH] 9 = BLOWING SNOW
X = TORNADO
MAX 32 OR BELOW: 0 0.01 INCH OR MORE: 9
MAX 90 OR ABOVE: 0 0.10 INCH OR MORE: 4
MIN 32 OR BELOW: 0 0.50 INCH OR MORE: 1
MIN 0 OR BELOW: 0 1.00 INCH OR MORE: 1
[HDD (BASE 65) ]
TOTAL THIS MO. 101 CLEAR (SCALE 0-3) 8
DPTR FM NORMAL -65 PTCLDY (SCALE 4-7) 17
TOTAL FM JUL 1 1238 CLOUDY (SCALE 8-10) 6
DPTR FM NORMAL -344
[CDD (BASE 65) ]
TOTAL THIS MO. 129
DPTR FM NORMAL 65 [PRESSURE DATA]
TOTAL FM JAN 1 251 HIGHEST SLP 30.56 ON 19
DPTR FM NORMAL 153 LOWEST SLP 29.28 ON 2
[REMARKS]
#FINAL-03-23#