000
CXUS54 KHGX 011510
CF6UTS
PRELIMINARY LOCAL CLIMATOLOGICAL DATA (WS FORM: F-6)
STATION: HUNTSVILLE
MONTH: FEBRUARY
YEAR: 2024
LATITUDE: 30 45 N
LONGITUDE: 95 35 W
TEMPERATURE IN F: :PCPN: SNOW: WIND :SUNSHINE: SKY :PK WND
================================================================================
1 2 3 4 5 6A 6B 7 8 9 10 11 12 13 14 15 16 17 18
12Z AVG MX 2MIN
DY MAX MIN AVG DEP HDD CDD WTR SNW DPTH SPD SPD DIR MIN PSBL S-S WX SPD DR
================================================================================
1 71 50 61 9 4 0 0.00 0.0 0 6.5 18 200 M M 1 1 26 200
2 71 56 64 11 1 0 0.14 0.0 0 10.8 21 130 M M 8 13 30 120
3 70 51 61 8 4 0 2.66 0.0 0 5.5 18 330 M M 6 13 24 80
4 65 51 58 5 7 0 T 0.0 0 9.6 21 340 M M 2 31 300
5 63 50 57 4 8 0 T 0.0 0 11.0 21 350 M M 6 31 350
6 70 41 56 3 9 0 0.00 0.0 0 2.4 8 50 M M 0 10 40
7 70 45 58 5 7 0 0.00 0.0 0 9.7 22 140 M M 2 31 140
8 73 60 67 13 0 2 T 0.0 0 6.9 14 190 M M 7 21 190
9 73 64 69 15 0 4 T 0.0 0 5.5 23 170 M M 8 33 180
10 70 58 64 10 1 0 1.34 0.0 0 5.6 22 340 M M 9 12 28 330
11 67 49 58 4 7 0 0.71 0.0 0 8.1 17 310 M M 10 123 26 310
12 57 41 49 -5 16 0 0.00 0.0 0 11.7 22 300 M M 5 35 290
13 65 37 51 -3 14 0 0.00 0.0 0 2.4 12 170 M M 0 19 230
14 68 45 57 2 8 0 0.00 0.0 0 7.0 14 150 M M 1 20 190
15 73 53 63 8 2 0 0.00 0.0 0 6.5 12 210 M M 4 17 180
16 70 52 61 6 4 0 0.00 0.0 0 7.9 22 350 M M 5 30 360
17 52 35 44 -11 21 0 0.00 0.0 0 13.7 24 360 M M 5 34 10
18 54 32 43 -13 22 0 0.00 0.0 0 3.9 13 360 M M 1 19 300
19 65 33 49 -7 16 0 0.00 0.0 0 6.4 16 170 M M 0 22 170
20 78 49 64 8 1 0 0.00 0.0 0 8.5 14 180 M M 0 20 200
21 78 60 69 13 0 4 0.00 0.0 0 12.9 21 180 M M 5 31 180
22 79 65 72 16 0 7 0.00 0.0 0 10.4 22 210 M M 5 33 210
23 75 53 64 7 1 0 0.00 0.0 0 7.5 20 350 M M 0 27 10
24 77 45 61 4 4 0 0.00 0.0 0 4.2 13 190 M M 0 21 220
25 81 54 68 11 0 3 0.00 0.0 0 12.3 23 190 M M 0 35 200
26 81 67 74 17 0 9 0.00 0.0 0 12.8 21 200 M M 5 31 210
27 85 68 77 19 0 12 0.00 0.0 0 13.7 22 190 M M 3 18 36 210
28 72 47 60 2 5 0 0.00 0.0 0 14.4 28 360 M M 5 18 41 340
29 53 45 49 -9 16 0 0.01 0.0 0 7.4 15 50 M M 6 20 50
================================================================================
SM 2026 1456 178 41 4.86 0.0 245.2 M 109
================================================================================
AV 69.9 50.2 8.5 FASTST M M 4 MAX(MPH)
MISC ----> 28 360 41 340
================================================================================
NOTES:
# LAST OF SEVERAL OCCURRENCES
COLUMN 17 PEAK WIND IN M.P.H.
PRELIMINARY LOCAL CLIMATOLOGICAL DATA (WS FORM: F-6) , PAGE 2
STATION: HUNTSVILLE
MONTH: FEBRUARY
YEAR: 2024
LATITUDE: 30 45 N
LONGITUDE: 95 35 W
[TEMPERATURE DATA] [PRECIPITATION DATA] SYMBOLS USED IN COLUMN 16
AVERAGE MONTHLY: 60.0 TOTAL FOR MONTH: 4.86 1 = FOG OR MIST
DPTR FM NORMAL: 5.1 DPTR FM NORMAL: 1.99 2 = FOG REDUCING VISIBILITY
HIGHEST: 85 ON 27 GRTST 24HR 2.80 ON 2- 3 TO 1/4 MILE OR LESS
LOWEST: 32 ON 18 3 = THUNDER
SNOW, ICE PELLETS, HAIL 4 = ICE PELLETS
TOTAL MONTH: 0.0 INCH 5 = HAIL
GRTST 24HR 0.0 6 = FREEZING RAIN OR DRIZZLE
GRTST DEPTH: 0 7 = DUSTSTORM OR SANDSTORM:
VSBY 1/2 MILE OR LESS
8 = SMOKE OR HAZE
[NO. OF DAYS WITH] [WEATHER - DAYS WITH] 9 = BLOWING SNOW
X = TORNADO
MAX 32 OR BELOW: 0 0.01 INCH OR MORE: 5
MAX 90 OR ABOVE: 0 0.10 INCH OR MORE: 4
MIN 32 OR BELOW: 1 0.50 INCH OR MORE: 3
MIN 0 OR BELOW: 0 1.00 INCH OR MORE: 2
[HDD (BASE 65) ]
TOTAL THIS MO. 178 CLEAR (SCALE 0-3) 12
DPTR FM NORMAL -127 PTCLDY (SCALE 4-7) 14
TOTAL FM JUL 1 1266 CLOUDY (SCALE 8-10) 3
DPTR FM NORMAL -165
[CDD (BASE 65) ]
TOTAL THIS MO. 41
DPTR FM NORMAL 19 [PRESSURE DATA]
TOTAL FM JAN 1 41 HIGHEST SLP 30.34 ON 29
DPTR FM NORMAL 7 LOWEST SLP 29.51 ON 4
[REMARKS]
#FINAL-02-24#