000
CXUS54 KHGX 011410
CF6UTS
PRELIMINARY LOCAL CLIMATOLOGICAL DATA (WS FORM: F-6)
STATION: HUNTSVILLE
MONTH: APRIL
YEAR: 2021
LATITUDE: 30 45 N
LONGITUDE: 95 35 W
TEMPERATURE IN F: :PCPN: SNOW: WIND :SUNSHINE: SKY :PK WND
================================================================================
1 2 3 4 5 6A 6B 7 8 9 10 11 12 13 14 15 16 17 18
12Z AVG MX 2MIN
DY MAX MIN AVG DEP HDD CDD WTR SNW DPTH SPD SPD DIR MIN PSBL S-S WX SPD DR
================================================================================
1 71 38 55 -9 10 0 0.00 0.0 0 3.0 13 60 M M 0 20 60
2 70 42 56 -8 9 0 0.00 0.0 0 4.6 10 90 M M 0 8 16 80
3 67 51 59 -6 6 0 T 0.0 0 3.3 10 180 M M 7 16 170
4 74 52 63 -2 2 0 0.00 0.0 0 2.9 13 190 M M 6 16 190
5 80 61 71 6 0 6 0.00 0.0 0 5.8 15 190 M M 5 18 24 200
6 86 65 76 10 0 11 T 0.0 0 8.4 22 170 M M 7 18 32 180
7 80 57 69 3 0 4 0.16 0.0 0 6.6 18 200 M M 8 123 24 200
8 86 50 68 2 0 3 0.00 0.0 0 5.2 16 170 M M 0 18 24 170
9 87 70 79 13 0 14 0.00 0.0 0 9.0 23 190 M M 5 18 33 190
10 80 53 67 1 0 2 T 0.0 0 5.7 17 340 M M 3 1 26 350
11 88 47 68 1 0 3 0.00 0.0 0 1.8 10 190 M M 0 15 170
12 89 51 70 3 0 5 0.00 0.0 0 4.5 14 180 M M 0 17 180
13 86 70 78 11 0 13 T 0.0 0 4.0 10 130 M M 9 18 120
14 77 66 72 4 0 7 0.00 0.0 0 4.5 9 60 M M 10 15 50
15 69 60 65 -3 0 0 0.17 0.0 0 5.5 15 330 M M 10 13 22 330
16 71 60 66 -2 0 1 0.11 0.0 0 4.7 12 360 M M 10 1 21 360
17 65 51 58 -10 7 0 T 0.0 0 6.8 18 330 M M 8 1 25 340
18 68 46 57 -12 8 0 0.00 0.0 0 4.8 14 320 M M 0 23 310
19 74 45 60 -9 5 0 0.00 0.0 0 1.2 8 350 M M 1 12 10
20 82 51 67 -2 0 2 T 0.0 0 7.2 17 340 M M 3 26 330
21 68 43 56 -13 9 0 0.00 0.0 0 4.5 14 50 M M 0 23 360
22 74 43 59 -11 6 0 0.00 0.0 0 3.5 8 150 M M 6 17 170
23 75 64 70 0 0 5 4.76 0.0 0 3.7 17 190 M M 10 123 24 200
24 80 60 70 0 0 5 0.00 0.0 0 6.9 15 320 M M 3 1 20 330
25 83 55 69 -1 0 4 0.00 0.0 0 4.2 12 200 M M 0 1 17 160
26 84 62 73 2 0 8 0.00 0.0 0 6.3 13 160 M M 1 21 160
27 78 71 75 4 0 10 T 0.0 0 6.2 12 170 M M 6 20 160
28 90 74 82 11 0 17 T 0.0 0 9.0 24 180 M M 7 34 190
29 87 72 80 8 0 15 0.04 0.0 0 3.6 9 150 M M 6 1 17 160
30 76 67 72 0 0 7 2.79 0.0 0 3.6 14 290 M M 8 13 19 300
================================================================================
SM 2345 1697 62 142 8.03 0.0 151.0 M 139
================================================================================
AV 78.2 56.6 5.0 FASTST M M 5 MAX(MPH)
MISC ----> 24 180 34 190
================================================================================
NOTES:
# LAST OF SEVERAL OCCURRENCES
COLUMN 17 PEAK WIND IN M.P.H.
PRELIMINARY LOCAL CLIMATOLOGICAL DATA (WS FORM: F-6) , PAGE 2
STATION: HUNTSVILLE
MONTH: APRIL
YEAR: 2021
LATITUDE: 30 45 N
LONGITUDE: 95 35 W
[TEMPERATURE DATA] [PRECIPITATION DATA] SYMBOLS USED IN COLUMN 16
AVERAGE MONTHLY: 67.4 TOTAL FOR MONTH: 8.03 1 = FOG OR MIST
DPTR FM NORMAL: -0.6 DPTR FM NORMAL: 5.06 2 = FOG REDUCING VISIBILITY
HIGHEST: 90 ON 28 GRTST 24HR 4.76 ON 23-23 TO 1/4 MILE OR LESS
LOWEST: 38 ON 1 3 = THUNDER
SNOW, ICE PELLETS, HAIL 4 = ICE PELLETS
TOTAL MONTH: 0.0 INCH 5 = HAIL
GRTST 24HR 0.0 6 = FREEZING RAIN OR DRIZZLE
GRTST DEPTH: 0 7 = DUSTSTORM OR SANDSTORM:
VSBY 1/2 MILE OR LESS
8 = SMOKE OR HAZE
[NO. OF DAYS WITH] [WEATHER - DAYS WITH] 9 = BLOWING SNOW
X = TORNADO
MAX 32 OR BELOW: 0 0.01 INCH OR MORE: 6
MAX 90 OR ABOVE: 1 0.10 INCH OR MORE: 5
MIN 32 OR BELOW: 0 0.50 INCH OR MORE: 2
MIN 0 OR BELOW: 0 1.00 INCH OR MORE: 2
[HDD (BASE 65) ]
TOTAL THIS MO. 62 CLEAR (SCALE 0-3) 12
DPTR FM NORMAL 8 PTCLDY (SCALE 4-7) 13
TOTAL FM JUL 1 1529 CLOUDY (SCALE 8-10) 5
DPTR FM NORMAL -166
[CDD (BASE 65) ]
TOTAL THIS MO. 142
DPTR FM NORMAL -1 [PRESSURE DATA]
TOTAL FM JAN 1 246 HIGHEST SLP 30.53 ON 1
DPTR FM NORMAL 26 LOWEST SLP 29.56 ON 9
[REMARKS]
#FINAL-04-21#