000
CXUS54 KHGX 011515
CF6UTS
PRELIMINARY LOCAL CLIMATOLOGICAL DATA (WS FORM: F-6)
STATION: HUNTSVILLE_(ASOS)
MONTH: OCTOBER
YEAR: 2020
LATITUDE: 30 45 N
LONGITUDE: 95 35 W
TEMPERATURE IN F: :PCPN: SNOW: WIND :SUNSHINE: SKY :PK WND
================================================================================
1 2 3 4 5 6A 6B 7 8 9 10 11 12 13 14 15 16 17 18
12Z AVG MX 2MIN
DY MAX MIN AVG DEP HDD CDD WTR SNW DPTH SPD SPD DIR MIN PSBL S-S WX SPD DR
================================================================================
1 88 57 73 -1 0 8 0.00 0.0 0 2.3 8 50 M M 0 8 13 50
2 84 53 69 -4 0 4 0.00 0.0 0 1.5 8 360 M M 0 12 50
3 84 55 70 -3 0 5 0.00 0.0 0 2.7 12 190 M M 0 14 200
4 86 58 72 -1 0 7 0.00 0.0 0 2.3 8 360 M M 3 1 12 330
5 82 60 71 -1 0 6 0.00 0.0 0 2.3 7 60 M M 1 1 12 50
6 87 59 73 1 0 8 0.00 0.0 0 1.6 8 360 M M 0 11 50
7 88 54 71 -1 0 6 0.00 0.0 0 1.0 7 70 M M 0 18 11 50
8 87 64 76 4 0 11 T 0.0 0 3.2 8 70 M M 5 22 340
9 84 71 78 7 0 13 T 0.0 0 7.1 15 10 M M 8 24 10
10 92 67 80 9 0 15 0.00 0.0 0 2.9 13 310 M M 4 12 17 310
11 94 70 82 11 0 17 0.00 0.0 0 7.2 15 190 M M 1 12 23 230
12 90 64 77 6 0 12 0.00 0.0 0 6.1 16 190 M M 4 8 22 190
13 89 56 73 3 0 8 0.00 0.0 0 1.4 6 50 M M 1 10 90
14 88 57 73 3 0 8 0.00 0.0 0 4.9 14 190 M M 1 20 190
15 87 64 76 6 0 11 T 0.0 0 7.2 15 350 M M 7 24 350
16 77 51 64 -6 1 0 T 0.0 0 5.6 14 60 M M 4 26 60
17 80 50 65 -4 0 0 T 0.0 0 5.7 15 190 M M 8 22 160
18 89 72 81 12 0 16 0.00 0.0 0 7.6 17 200 M M 5 24 190
19 90 76 83 14 0 18 0.00 0.0 0 5.8 13 180 M M 5 18 18 170
20 88 71 80 12 0 15 0.00 0.0 0 3.9 10 180 M M 3 18 17 170
21 89 69 79 11 0 14 0.00 0.0 0 3.2 10 160 M M 4 18 15 160
22 88 71 80 12 0 15 0.00 0.0 0 3.1 10 170 M M 4 1 14 170
23 86 54 70 2 0 5 0.05 0.0 0 5.8 25 340 M M 8 13 42 320
24 68 50 59 -8 6 0 0.00 0.0 0 5.2 14 340 M M 6 19 340
25 69 59 64 -3 1 0 T 0.0 0 3.3 8 110 M M 10 8 14 120
26 84 57 71 4 0 6 0.00 0.0 0 5.7 15 330 M M 10 20 330
27 59 49 54 -12 11 0 T 0.0 0 6.9 12 330 M M 10 128 15 350
28 52 42 47 -19 18 0 0.17 0.0 0 8.3 17 310 M M 8 1 23 320
29 61 40 51 -15 14 0 0.00 0.0 0 7.6 22 310 M M 4 30 300
30 71 40 56 -9 9 0 0.00 0.0 0 2.0 8 330 M M 0 1 12 10
31 75 42 59 -6 6 0 0.00 0.0 0 1.8 9 230 M M 0 13 210
================================================================================
SM 2536 1802 66 228 0.22 0.0 135.2 M 124
================================================================================
AV 81.8 58.1 4.4 FASTST M M 4 MAX(MPH)
MISC ----> # 25 340 # 42 320
================================================================================
NOTES:
# LAST OF SEVERAL OCCURRENCES
COLUMN 17 PEAK WIND IN M.P.H.
PRELIMINARY LOCAL CLIMATOLOGICAL DATA (WS FORM: F-6) , PAGE 2
STATION: HUNTSVILLE_(ASOS)
MONTH: OCTOBER
YEAR: 2020
LATITUDE: 30 45 N
LONGITUDE: 95 35 W
[TEMPERATURE DATA] [PRECIPITATION DATA] SYMBOLS USED IN COLUMN 16
AVERAGE MONTHLY: 70.0 TOTAL FOR MONTH: 0.22 1 = FOG OR MIST
DPTR FM NORMAL: 0.5 DPTR FM NORMAL: -4.58 2 = FOG REDUCING VISIBILITY
HIGHEST: 94 ON 11 GRTST 24HR 0.17 ON 28-28 TO 1/4 MILE OR LESS
LOWEST: 40 ON 30,29 3 = THUNDER
SNOW, ICE PELLETS, HAIL 4 = ICE PELLETS
TOTAL MONTH: 0.0 INCH 5 = HAIL
GRTST 24HR 0.0 6 = FREEZING RAIN OR DRIZZLE
GRTST DEPTH: 0 7 = DUSTSTORM OR SANDSTORM:
VSBY 1/2 MILE OR LESS
8 = SMOKE OR HAZE
[NO. OF DAYS WITH] [WEATHER - DAYS WITH] 9 = BLOWING SNOW
X = TORNADO
MAX 32 OR BELOW: 0 0.01 INCH OR MORE: 2
MAX 90 OR ABOVE: 4 0.10 INCH OR MORE: 1
MIN 32 OR BELOW: 0 0.50 INCH OR MORE: 0
MIN 0 OR BELOW: 0 1.00 INCH OR MORE: 0
[HDD (BASE 65) ]
TOTAL THIS MO. 66 CLEAR (SCALE 0-3) 13
DPTR FM NORMAL 20 PTCLDY (SCALE 4-7) 13
TOTAL FM JUL 1 66 CLOUDY (SCALE 8-10) 5
DPTR FM NORMAL 18
[CDD (BASE 65) ]
TOTAL THIS MO. 228
DPTR FM NORMAL 43 [PRESSURE DATA]
TOTAL FM JAN 1 3207 HIGHEST SLP 30.31 ON 30
DPTR FM NORMAL 360 LOWEST SLP 29.71 ON 9
[REMARKS]
#FINAL-10-20#