000
CXUS54 KHGX 011515
CF6UTS
PRELIMINARY LOCAL CLIMATOLOGICAL DATA (WS FORM: F-6)
STATION: HUNTSVILLE_(ASOS)
MONTH: JULY
YEAR: 2020
LATITUDE: 30 45 N
LONGITUDE: 95 35 W
TEMPERATURE IN F: :PCPN: SNOW: WIND :SUNSHINE: SKY :PK WND
================================================================================
1 2 3 4 5 6A 6B 7 8 9 10 11 12 13 14 15 16 17 18
12Z AVG MX 2MIN
DY MAX MIN AVG DEP HDD CDD WTR SNW DPTH SPD SPD DIR MIN PSBL S-S WX SPD DR
================================================================================
1 95 81 88 5 0 23 0.00 0.0 0 8.6 17 190 M M 4 24 200
2 95 78 87 4 0 22 0.00 0.0 0 5.8 13 190 M M 4 8 17 220
3 97 74 86 3 0 21 0.00 0.0 0 5.8 18 90 M M 2 8 30 90
4 96 73 85 2 0 20 0.00 0.0 0 3.2 10 230 M M 1 8 15 260
5 91 78 85 2 0 20 0.00 0.0 0 5.0 12 180 M M 1 8 18 190
6 94 80 87 3 0 22 0.06 0.0 0 6.3 14 190 M M 3 1 19 180
7 92 76 84 0 0 19 0.34 0.0 0 5.2 16 250 M M 3 3 24 240
8 96 77 87 3 0 22 0.00 0.0 0 7.9 14 190 M M 4 18 20 180
9 97 80 89 5 0 24 0.00 0.0 0 8.3 18 190 M M 4 25 180
10 97 78 88 4 0 23 0.00 0.0 0 5.3 13 190 M M 2 18 160
11 97 80 89 5 0 24 0.00 0.0 0 6.1 12 200 M M 2 8 19 200
12 98 79 89 5 0 24 0.00 0.0 0 6.5 16 230 M M 2 23 210
13 98 79 89 5 0 24 0.00 0.0 0 6.2 14 190 M M 1 21 190
14 99 79 89 5 0 24 0.00 0.0 0 8.2 14 190 M M 0 8 21 180
15 97 81 89 5 0 24 0.00 0.0 0 7.4 15 190 M M 3 8 21 180
16 97 78 88 4 0 23 0.00 0.0 0 5.5 12 190 M M 1 17 230
17 96 79 88 4 0 23 0.00 0.0 0 3.5 12 160 M M 2 19 150
18 94 74 84 0 0 19 0.24 0.0 0 2.9 10 170 M M 2 3 16 120
19 96 75 86 2 0 21 0.00 0.0 0 2.8 9 170 M M 2 1 15 160
20 93 75 84 0 0 19 0.09 0.0 0 2.7 13 100 M M 1 138 19 100
21 89 76 83 -1 0 18 0.00 0.0 0 3.3 8 170 M M 5 8 14 110
22 92 75 84 0 0 19 0.01 0.0 0 1.6 9 170 M M 3 3 17 100
23 97 74 86 2 0 21 0.00 0.0 0 2.5 10 70 M M 2 12 18 50
24 95 77 86 1 0 21 0.00 0.0 0 5.2 12 90 M M 3 3 21 110
25 91 78 85 0 0 20 0.08 0.0 0 5.0 10 90 M M 7 1 20 100
26 95 75 85 0 0 20 0.69 0.0 0 3.3 22 190 M M 6 13 29 180
27 93 75 84 -1 0 19 0.00 0.0 0 2.5 9 170 M M 7 1 14 170
28 93 74 84 -1 0 19 1.94 0.0 0 2.5 17 360 M M 3 13 29 330
29 94 76 85 0 0 20 T 0.0 0 8.1 21 190 M M 3 31 200
30 96 79 88 3 0 23 0.00 0.0 0 10.1 16 190 M M 3 22 190
31 97 79 88 3 0 23 0.08 0.0 0 6.6 18 320 M M 5 3 26 320
================================================================================
SM 2947 2392 0 664 3.53 0.0 163.9 M 91
================================================================================
AV 95.1 77.2 5.3 FASTST M M 3 MAX(MPH)
MISC ----> # 22 190 # 31 200
================================================================================
NOTES:
# LAST OF SEVERAL OCCURRENCES
COLUMN 17 PEAK WIND IN M.P.H.
PRELIMINARY LOCAL CLIMATOLOGICAL DATA (WS FORM: F-6) , PAGE 2
STATION: HUNTSVILLE_(ASOS)
MONTH: JULY
YEAR: 2020
LATITUDE: 30 45 N
LONGITUDE: 95 35 W
[TEMPERATURE DATA] [PRECIPITATION DATA] SYMBOLS USED IN COLUMN 16
AVERAGE MONTHLY: 86.1 TOTAL FOR MONTH: 3.53 1 = FOG OR MIST
DPTR FM NORMAL: 2.0 DPTR FM NORMAL: 0.15 2 = FOG REDUCING VISIBILITY
HIGHEST: 99 ON 14 GRTST 24HR 1.94 ON 28-28 TO 1/4 MILE OR LESS
LOWEST: 73 ON 4 3 = THUNDER
SNOW, ICE PELLETS, HAIL 4 = ICE PELLETS
TOTAL MONTH: 0.0 INCH 5 = HAIL
GRTST 24HR 0.0 6 = FREEZING RAIN OR DRIZZLE
GRTST DEPTH: 0 7 = DUSTSTORM OR SANDSTORM:
VSBY 1/2 MILE OR LESS
8 = SMOKE OR HAZE
[NO. OF DAYS WITH] [WEATHER - DAYS WITH] 9 = BLOWING SNOW
X = TORNADO
MAX 32 OR BELOW: 0 0.01 INCH OR MORE: 9
MAX 90 OR ABOVE: 30 0.10 INCH OR MORE: 4
MIN 32 OR BELOW: 0 0.50 INCH OR MORE: 2
MIN 0 OR BELOW: 0 1.00 INCH OR MORE: 1
[HDD (BASE 65) ]
TOTAL THIS MO. 0 CLEAR (SCALE 0-3) 18
DPTR FM NORMAL 0 PTCLDY (SCALE 4-7) 13
TOTAL FM JUL 1 0 CLOUDY (SCALE 8-10) 0
DPTR FM NORMAL 0
[CDD (BASE 65) ]
TOTAL THIS MO. 664
DPTR FM NORMAL 72 [PRESSURE DATA]
TOTAL FM JAN 1 1903 HIGHEST SLP 30.08 ON 17
DPTR FM NORMAL 243 LOWEST SLP 29.78 ON 5
[REMARKS]
#FINAL-07-20#