000
CXUS54 KCRP 031604
CF6VCT
PRELIMINARY LOCAL CLIMATOLOGICAL DATA (WS FORM: F-6)
STATION: VICTORIA
MONTH: AUGUST
YEAR: 2022
LATITUDE: 28 51 N
LONGITUDE: 96 55 W
TEMPERATURE IN F: :PCPN: SNOW: WIND :SUNSHINE: SKY :PK WND
================================================================================
1 2 3 4 5 6A 6B 7 8 9 10 11 12 13 14 15 16 17 18
12Z AVG MX 2MIN
DY MAX MIN AVG DEP HDD CDD WTR SNW DPTH SPD SPD DIR MIN PSBL S-S WX SPD DR
================================================================================
1 98 76 87 2 0 22 T 0.0 0 10.6 23 170 M M 2 29 160
2 99 78 89 4 0 24 0.00 0.0 0 12.4 24 150 M M 1 35 170
3 99 79 89 4 0 24 0.00 0.0 0 14.7 28 170 M M 1 44 160
4 98 79 89 4 0 24 0.00 0.0 0 12.4 23 160 M M 2 35 160
5 95 74 85 0 0 20 0.00 0.0 0 7.6 22 160 M M 1 1 28 150
6 90 76 83 -2 0 18 0.01 0.0 0 5.8 20 130 M M 3 3 25 130
7 97 74 86 1 0 21 0.06 0.0 0 10.1 24 140 M M 1 138 31 170
8 99 75 87 2 0 22 0.00 0.0 0 9.2 22 130 M M 1 31 140
9 97 74 86 1 0 21 0.00 0.0 0 7.6 21 150 M M 2 25 150
10 102 72 87 2 0 22 0.10 0.0 0 6.4 26 30 M M 2 13 38 30
11 100 75 88 3 0 23 0.13 0.0 0 5.4 37 30 M M 3 138 48 40
12 97 74 86 1 0 21 0.51 0.0 0 5.5 35 130 M M 1 13 46 60
13 96 74 85 0 0 20 0.01 0.0 0 7.6 25 110 M M 3 1 34 110
14 86 76 81 -4 0 16 0.21 0.0 0 10.1 23 140 M M 4 1 29 150
15 94 77 86 1 0 21 0.00 0.0 0 10.4 21 140 M M 2 1 33 110
16 96 75 86 1 0 21 0.00 0.0 0 8.4 20 140 M M 2 1 26 140
17 99 75 87 2 0 22 0.00 0.0 0 5.5 20 160 M M 1 1 24 160
18 99 72 86 1 0 21 0.85 0.0 0 5.9 31 360 M M 3 13 40 10
19 92 76 84 -1 0 19 0.09 0.0 0 7.3 22 100 M M 2 138 31 90
20 94 76 85 0 0 20 0.04 0.0 0 10.4 26 140 M M 2 13 33 140
21 93 77 85 0 0 20 T 0.0 0 10.3 23 170 M M 3 1 30 160
22 96 76 86 2 0 21 0.06 0.0 0 9.7 24 290 M M 5 1 37 200
23 94 75 85 1 0 20 0.00 0.0 0 4.7 12 20 M M 3 16 280
24 94 78 86 2 0 21 0.00 0.0 0 5.5 17 60 M M 6 1 24 60
25 91 75 83 -1 0 18 0.44 0.0 0 4.1 12 300 M M 5 13 14 170
26 95 76 86 2 0 21 0.72 0.0 0 5.1 29 80 M M 1 13 43 80
27 93 76 85 1 0 20 0.05 0.0 0 5.3 21 130 M M 3 1 26 110
28 94 75 85 1 0 20 0.00 0.0 0 7.3 18 130 M M 2 1 24 140
29 92 77 85 1 0 20 0.27 0.0 0 6.4 25 160 M M 4 13 32 160
30 84 75 80 -3 0 15 0.33 0.0 0 5.2 23 150 M M 3 138 29 150
31 93 73 83 0 0 18 0.10 0.0 0 5.3 16 210 M M 2 13 22 170
================================================================================
SM 2946 2340 0 636 3.98 0.0 242.2 M 76
================================================================================
AV 95.0 75.5 7.8 FASTST M M 2 MAX(MPH)
MISC ----> 37 30 48 40
================================================================================
NOTES:
# LAST OF SEVERAL OCCURRENCES
COLUMN 17 PEAK WIND IN M.P.H.
PRELIMINARY LOCAL CLIMATOLOGICAL DATA (WS FORM: F-6) , PAGE 2
STATION: VICTORIA
MONTH: AUGUST
YEAR: 2022
LATITUDE: 28 51 N
LONGITUDE: 96 55 W
[TEMPERATURE DATA] [PRECIPITATION DATA] SYMBOLS USED IN COLUMN 16
AVERAGE MONTHLY: 85.3 TOTAL FOR MONTH: 3.98 1 = FOG OR MIST
DPTR FM NORMAL: 0.5 DPTR FM NORMAL: 0.87 2 = FOG REDUCING VISIBILITY
HIGHEST: 102 ON 10 GRTST 24HR 0.94 ON 18-19 TO 1/4 MILE OR LESS
LOWEST: 72 ON 18,10 3 = THUNDER
SNOW, ICE PELLETS, HAIL 4 = ICE PELLETS
TOTAL MONTH: 0.0 INCH 5 = HAIL
GRTST 24HR 0.0 6 = FREEZING RAIN OR DRIZZLE
GRTST DEPTH: 0 7 = DUSTSTORM OR SANDSTORM:
VSBY 1/2 MILE OR LESS
8 = SMOKE OR HAZE
[NO. OF DAYS WITH] [WEATHER - DAYS WITH] 9 = BLOWING SNOW
X = TORNADO
MAX 32 OR BELOW: 0 0.01 INCH OR MORE: 17
MAX 90 OR ABOVE: 29 0.10 INCH OR MORE: 10
MIN 32 OR BELOW: 0 0.50 INCH OR MORE: 3
MIN 0 OR BELOW: 0 1.00 INCH OR MORE: 0
[HDD (BASE 65) ]
TOTAL THIS MO. 0 CLEAR (SCALE 0-3) 24
DPTR FM NORMAL 0 PTCLDY (SCALE 4-7) 7
TOTAL FM JUL 1 0 CLOUDY (SCALE 8-10) 0
DPTR FM NORMAL 0
[CDD (BASE 65) ]
TOTAL THIS MO. 636
DPTR FM NORMAL 22 [PRESSURE DATA]
TOTAL FM JAN 1 2902 HIGHEST SLP 30.10 ON 10
DPTR FM NORMAL 440 LOWEST SLP 29.77 ON 28
[REMARKS]
#FINAL-08-22#