000
CXUS53 KSGF 010710
CF6VIH
PRELIMINARY LOCAL CLIMATOLOGICAL DATA (WS FORM: F-6)
STATION: VICHY-ROLLA MO
MONTH: APRIL
YEAR: 2023
LATITUDE: 38 7 N
LONGITUDE: 91 46 W
TEMPERATURE IN F: :PCPN: SNOW: WIND :SUNSHINE: SKY :PK WND
================================================================================
1 2 3 4 5 6A 6B 7 8 9 10 11 12 13 14 15 16 17 18
12Z AVG MX 2MIN
DY MAX MIN AVG DEP HDD CDD WTR SNW DPTH SPD SPD DIR MIN PSBL S-S WX SPD DR
================================================================================
1 58 34 46 -5 19 0 0.00 M M 16.2 37 280 M M 1 56 280
2 75 32 54 3 11 0 0.00 M M 11.8 25 190 M M 1 3 34 170
3 75 56 66 14 0 1 0.00 M M 13.8 26 170 M M 1 34 160
4 84 65 75 23 0 10 T M M 17.3 29 160 M M 0 13 47 200
5 M M M M M M M M M 99.9100 M M M M 13 100 M
6 54 32 43 -10 22 0 0.00 M M 5.5 12 60 M M 0 20 10
7 61 35 48 -5 17 0 0.00 M M 8.6 15 50 M M 0 22 90
8 68 40 54 0 11 0 0.00 M M 9.9 16 80 M M 0 23 90
9 71 41 56 2 9 0 0.00 M M 8.6 16 130 M M 0 25 140
10 73 42 58 4 7 0 0.00 M M 5.7 13 120 M M 2 17 200
11 77 52 65 11 0 0 0.00 M M 10.4 16 220 M M 0 21 220
12 78 49 64 9 1 0 0.00 M M 9.9 17 170 M M 0 25 210
13 79 50 65 10 0 0 0.00 M M 7.7 15 140 M M 0 26 150
14 80 51 66 11 0 1 0.00 M M 9.4 18 160 M M 0 24 170
15 78 42 60 4 5 0 M M M M 69 290 M M M 138 97 300
16 52 40 46 -10 19 0 0.03 M M 13.7 24 290 M M 9 1 37 280
17 67 41 54 -2 11 0 0.00 M M 11.6 26 270 M M 0 37 290
18 75 43 59 2 6 0 0.02 M M 6.7 13 170 M M 2 30 340
19 80 61 71 14 0 6 0.00 M M 18.2 33 200 M M 0 47 210
20 75 49 62 5 3 0 T M M 15.3 28 190 M M 4 3 42 200
21 65 38 52 -6 13 0 0.00 M M 7.9 20 280 M M 1 27 260
22 45 35 40 -18 25 0 0.00 M M 11.5 24 280 M M 6 35 300
23 55 24 40 -18 25 0 0.00 M M 7.4 18 280 M M 1 29 320
24 65 32 49 -9 16 0 0.00 M M 6.9 15 190 M M 1 20 190
25 68 39 54 -5 11 0 0.00 M M 6.5 13 100 M M 2 17 200
26 67 42 55 -4 10 0 0.00 M M 9.1 18 80 M M 0 8 23 90
27 65 51 58 -1 7 0 T M M 8.6 15 160 M M 9 21 90
28 69 47 58 -2 7 0 T M M 4.2 14 330 M M 6 17 330
29 67 43 55 -5 10 0 0.00 M M 10.0 25 360 M M 3 1 37 360
30 59 37 48 -12 17 0 0.00 M M 15.6 31 300 M M 4 46 300
================================================================================
SM 1985 1243 282 18 0.05 M 387.9 M 53
================================================================================
AV 68.4 42.9 13.4 FASTST M M 2 MAX(MPH)
MISC ----> 100 9999 100 9999
================================================================================
NOTES:
# LAST OF SEVERAL OCCURRENCES
COLUMN 17 PEAK WIND IN M.P.H.
PRELIMINARY LOCAL CLIMATOLOGICAL DATA (WS FORM: F-6) , PAGE 2
STATION: VICHY-ROLLA MO
MONTH: APRIL
YEAR: 2023
LATITUDE: 38 7 N
LONGITUDE: 91 46 W
[TEMPERATURE DATA] [PRECIPITATION DATA] SYMBOLS USED IN COLUMN 16
AVERAGE MONTHLY: 55.7 TOTAL FOR MONTH: 0.05 1 = FOG OR MIST
DPTR FM NORMAL: -0.1 DPTR FM NORMAL: -4.66 2 = FOG REDUCING VISIBILITY
HIGHEST: 84 ON 4 GRTST 24HR 0.07 ON 31- 1 TO 1/4 MILE OR LESS
LOWEST: 24 ON 23 3 = THUNDER
SNOW, ICE PELLETS, HAIL 4 = ICE PELLETS
TOTAL MONTH: M 5 = HAIL
GRTST 24HR M ON M 6 = FREEZING RAIN OR DRIZZLE
GRTST DEPTH: M ON M 7 = DUSTSTORM OR SANDSTORM:
VSBY 1/2 MILE OR LESS
8 = SMOKE OR HAZE
[NO. OF DAYS WITH] [WEATHER - DAYS WITH] 9 = BLOWING SNOW
X = TORNADO
MAX 32 OR BELOW: 0 0.01 INCH OR MORE: 2
MAX 90 OR ABOVE: 0 0.10 INCH OR MORE: 0
MIN 32 OR BELOW: 4 0.50 INCH OR MORE: 0
MIN 0 OR BELOW: 0 1.00 INCH OR MORE: 0
[HDD (BASE 65) ]
TOTAL THIS MO. 282 CLEAR (SCALE 0-3) 21
DPTR FM NORMAL -18 PTCLDY (SCALE 4-7) 5
TOTAL FM JUL 1 4040 CLOUDY (SCALE 8-10) 4
DPTR FM NORMAL -563
[CDD (BASE 65) ]
TOTAL THIS MO. 18
DPTR FM NORMAL -6 [PRESSURE DATA]
TOTAL FM JAN 1 18 HIGHEST SLP M ON M
DPTR FM NORMAL -11 LOWEST SLP 29.46 ON 4
[REMARKS]
#FINAL-04-23#