000
CXUS53 KSGF 010810
CF6VIH
PRELIMINARY LOCAL CLIMATOLOGICAL DATA (WS FORM: F-6)
STATION: VICHY-ROLLA MO
MONTH: NOVEMBER
YEAR: 2022
LATITUDE: 38 7 N
LONGITUDE: 91 46 W
TEMPERATURE IN F: :PCPN: SNOW: WIND :SUNSHINE: SKY :PK WND
================================================================================
1 2 3 4 5 6A 6B 7 8 9 10 11 12 13 14 15 16 17 18
12Z AVG MX 2MIN
DY MAX MIN AVG DEP HDD CDD WTR SNW DPTH SPD SPD DIR MIN PSBL S-S WX SPD DR
================================================================================
1 74 47 61 10 4 0 0.00 M M 5.8 10 220 M M 0 14 220
2 75 48 62 12 3 0 0.00 M M 9.3 17 160 M M 0 23 150
3 77 52 65 15 0 0 0.00 M M 13.2 24 200 M M 0 32 200
4 78 62 70 20 0 5 1.45 M M 16.5 32 160 M M 8 13 49 200
5 64 44 54 5 11 0 0.08 M M 16.4 32 220 M M 6 1 47 240
6 71 44 58 9 7 0 0.00 M M 9.1 16 180 M M 0 23 200
7 61 46 54 6 11 0 0.00 M M 10.0 17 70 M M 0 24 50
8 63 47 55 7 10 0 0.00 M M 8.8 14 110 M M 6 19 100
9 81 54 68 20 0 3 0.00 M M 10.7 18 170 M M 0 24 220
10 76 54 65 18 0 0 0.00 M M 11.8 21 190 M M 0 29 170
11 54 30 42 -5 23 0 T M M 12.7 18 330 M M 6 12 27 330
12 30 26 28 -18 37 0 0.00 M M 11.0 17 290 M M 10 26 290
13 41 20 31 -15 34 0 0.00 M M 4.3 9 120 M M 1 13 120
14 45 22 34 -12 31 0 0.19 M M 7.5 16 160 M M 4 18 21 140
15 36 31 34 -11 31 0 0.04 M M 6.7 20 300 M M 10 1 26 300
16 36 21 29 -16 36 0 T M M 10.1 21 300 M M 4 8 30 290
17 44 18 31 -13 34 0 0.00 M M 9.7 22 310 M M 4 34 330
18 29 16 23 -21 42 0 0.00 M M 10.4 21 280 M M 1 29 300
19 37 14 26 -18 39 0 0.00 M M 12.0 24 280 M M 0 32 270
20 43 15 29 -14 36 0 0.00 M M 8.2 14 200 M M 0 19 200
21 57 28 43 0 22 0 0.00 M M 11.5 17 220 M M 0 24 230
22 60 32 46 4 19 0 0.00 M M 8.9 17 240 M M 0 22 250
23 60 33 47 5 18 0 T M M 9.2 16 160 M M 2 20 180
24 51 46 49 7 16 0 0.32 M M 3.6 16 170 M M 10 12 20 170
25 54 30 42 1 23 0 0.00 M M 4.7 13 350 M M 3 128 17 340
26 54 28 41 0 24 0 0.47 M M 8.2 16 80 M M 3 18 27 90
27 47 40 44 3 21 0 0.14 M M 9.7 20 290 M M 10 1 32 300
28 53 34 44 4 21 0 0.00 M M 8.4 17 170 M M 3 27 160
29 69 31 50 10 15 0 0.00 M M 18.5 32 200 M M 4 44 220
30 38 20 29 -11 36 0 0.00 M M 11.4 28 300 M M 1 38 300
================================================================================
SM 1658 1033 604 8 2.69 M 298.3 M 96
================================================================================
AV 55.3 34.4 9.9 FASTST M M 3 MAX(MPH)
MISC ----> # 32 160 49 200
================================================================================
NOTES:
# LAST OF SEVERAL OCCURRENCES
COLUMN 17 PEAK WIND IN M.P.H.
PRELIMINARY LOCAL CLIMATOLOGICAL DATA (WS FORM: F-6) , PAGE 2
STATION: VICHY-ROLLA MO
MONTH: NOVEMBER
YEAR: 2022
LATITUDE: 38 7 N
LONGITUDE: 91 46 W
[TEMPERATURE DATA] [PRECIPITATION DATA] SYMBOLS USED IN COLUMN 16
AVERAGE MONTHLY: 44.9 TOTAL FOR MONTH: 2.69 1 = FOG OR MIST
DPTR FM NORMAL: -0.2 DPTR FM NORMAL: -0.76 2 = FOG REDUCING VISIBILITY
HIGHEST: 81 ON 9 GRTST 24HR 1.53 ON 4- 5 TO 1/4 MILE OR LESS
LOWEST: 14 ON 19 3 = THUNDER
SNOW, ICE PELLETS, HAIL 4 = ICE PELLETS
TOTAL MONTH: M 5 = HAIL
GRTST 24HR M ON M 6 = FREEZING RAIN OR DRIZZLE
GRTST DEPTH: M ON M 7 = DUSTSTORM OR SANDSTORM:
VSBY 1/2 MILE OR LESS
8 = SMOKE OR HAZE
[NO. OF DAYS WITH] [WEATHER - DAYS WITH] 9 = BLOWING SNOW
X = TORNADO
MAX 32 OR BELOW: 2 0.01 INCH OR MORE: 7
MAX 90 OR ABOVE: 0 0.10 INCH OR MORE: 5
MIN 32 OR BELOW: 16 0.50 INCH OR MORE: 1
MIN 0 OR BELOW: 0 1.00 INCH OR MORE: 1
[HDD (BASE 65) ]
TOTAL THIS MO. 604 CLEAR (SCALE 0-3) 16
DPTR FM NORMAL 3 PTCLDY (SCALE 4-7) 10
TOTAL FM JUL 1 929 CLOUDY (SCALE 8-10) 4
DPTR FM NORMAL -7
[CDD (BASE 65) ]
TOTAL THIS MO. 8
DPTR FM NORMAL 5 [PRESSURE DATA]
TOTAL FM JAN 1 1510 HIGHEST SLP M ON M
DPTR FM NORMAL 203 LOWEST SLP 29.38 ON 27
[REMARKS]
#FINAL-11-22#