000
CXUS53 KSGF 010710
CF6VIH
PRELIMINARY LOCAL CLIMATOLOGICAL DATA (WS FORM: F-6)
STATION: VICHY-ROLLA MO
MONTH: SEPTEMBER
YEAR: 2021
LATITUDE: 38 7 N
LONGITUDE: 91 46 W
TEMPERATURE IN F: :PCPN: SNOW: WIND :SUNSHINE: SKY :PK WND
================================================================================
1 2 3 4 5 6A 6B 7 8 9 10 11 12 13 14 15 16 17 18
12Z AVG MX 2MIN
DY MAX MIN AVG DEP HDD CDD WTR SNW DPTH SPD SPD DIR MIN PSBL S-S WX SPD DR
================================================================================
1 M M M M M M M M M M M M M M M M M
2 83 66 75 2 0 10 M M M 5.3 14 140 M M 0 18 170
3 83 64 74 1 0 9 0.01 M M 10.0 15 170 M M 4 1 21 170
4 77 68 73 1 0 8 1.83 M M 6.4 14 160 M M 9 13 19 180
5 81 62 72 0 0 7 0.00 M M 4.1 10 340 M M 2 1 15 340
6 84 58 71 -1 0 6 0.00 M M 6.1 10 190 M M 0 14 240
7 86 65 76 5 0 11 0.00 M M 11.0 17 220 M M 2 8 26 210
8 81 56 69 -2 0 4 0.00 M M 7.2 23 330 M M 1 34 330
9 81 54 68 -3 0 3 0.00 M M 4.2 13 350 M M 0 18 17 350
10 84 60 72 2 0 7 0.00 M M 9.1 14 180 M M 2 8 23 210
11 84 67 76 6 0 11 0.00 M M 13.6 20 210 M M 0 27 230
12 86 66 76 6 0 11 0.00 M M 12.0 17 180 M M 0 25 200
13 87 63 75 6 0 10 0.00 M M 9.7 20 180 M M 1 26 190
14 86 68 77 8 0 12 0.06 M M 9.1 18 250 M M 2 26 220
15 82 61 72 3 0 7 0.01 M M 6.9 13 50 M M 2 18 40
16 85 60 73 5 0 8 0.00 M M 7.3 13 120 M M 0 20 120
17 88 62 75 7 0 10 0.00 M M 4.5 10 80 M M 0 1 15 10
18 88 64 76 8 0 11 0.00 M M 5.7 14 50 M M 1 1 24 50
19 83 62 73 6 0 8 0.00 M M 5.6 14 150 M M 3 12 19 150
20 89 67 78 11 0 13 T M M 11.0 21 170 M M 3 3 30 150
21 76 55 66 0 0 1 0.40 M M 10.0 20 330 M M 8 13 26 330
22 71 48 60 -6 5 0 0.00 M M 7.8 21 330 M M 1 29 330
23 72 44 58 -8 7 0 0.00 M M 4.2 14 300 M M 0 23 290
24 80 49 65 0 0 0 0.01 M M 9.6 20 210 M M 1 27 210
25 74 48 61 -4 4 0 0.00 M M 5.0 16 340 M M 3 12 22 350
26 86 50 68 4 0 3 0.00 M M 12.1 20 190 M M 0 27 220
27 89 63 76 12 0 11 0.00 M M 12.0 21 210 M M 0 28 260
28 89 62 76 12 0 11 0.00 M M 7.3 13 190 M M 0 16 200
29 84 64 74 11 0 9 0.00 M M 7.5 15 140 M M 1 22 160
30 81 65 73 10 0 8 T M M 7.8 20 120 M M 4 3 28 120
================================================================================
SM 2400 1741 16 209 2.32 M 232.1 M 50
================================================================================
AV 82.8 60.0 8.0 FASTST M M 2 MAX(MPH)
MISC ----> 23 330 34 330
================================================================================
NOTES:
# LAST OF SEVERAL OCCURRENCES
COLUMN 17 PEAK WIND IN M.P.H.
PRELIMINARY LOCAL CLIMATOLOGICAL DATA (WS FORM: F-6) , PAGE 2
STATION: VICHY-ROLLA MO
MONTH: SEPTEMBER
YEAR: 2021
LATITUDE: 38 7 N
LONGITUDE: 91 46 W
[TEMPERATURE DATA] [PRECIPITATION DATA] SYMBOLS USED IN COLUMN 16
AVERAGE MONTHLY: 71.4 TOTAL FOR MONTH: 2.32 1 = FOG OR MIST
DPTR FM NORMAL: 3.1 DPTR FM NORMAL: -1.49 2 = FOG REDUCING VISIBILITY
HIGHEST: 89 ON 28,27 GRTST 24HR 1.84 ON 3- 4 TO 1/4 MILE OR LESS
LOWEST: 44 ON 23 3 = THUNDER
SNOW, ICE PELLETS, HAIL 4 = ICE PELLETS
TOTAL MONTH: M 5 = HAIL
GRTST 24HR M ON M 6 = FREEZING RAIN OR DRIZZLE
GRTST DEPTH: M ON M 7 = DUSTSTORM OR SANDSTORM:
VSBY 1/2 MILE OR LESS
8 = SMOKE OR HAZE
[NO. OF DAYS WITH] [WEATHER - DAYS WITH] 9 = BLOWING SNOW
X = TORNADO
MAX 32 OR BELOW: 0 0.01 INCH OR MORE: 6
MAX 90 OR ABOVE: 0 0.10 INCH OR MORE: 2
MIN 32 OR BELOW: 0 0.50 INCH OR MORE: 1
MIN 0 OR BELOW: 0 1.00 INCH OR MORE: 1
[HDD (BASE 65) ]
TOTAL THIS MO. 16 CLEAR (SCALE 0-3) 23
DPTR FM NORMAL -40 PTCLDY (SCALE 4-7) 4
TOTAL FM JUL 1 16 CLOUDY (SCALE 8-10) 3
DPTR FM NORMAL -40
[CDD (BASE 65) ]
TOTAL THIS MO. 209
DPTR FM NORMAL 54 [PRESSURE DATA]
TOTAL FM JAN 1 1355 HIGHEST SLP M ON M
DPTR FM NORMAL 83 LOWEST SLP 29.77 ON 2
[REMARKS]
#FINAL-09-21#