000
CXUS43 KLOT 031901
CLMVPZ
CLIMATE REPORT
NATIONAL WEATHER SERVICE CHICAGO IL
153 PM CDT MON APR 3 2023
...................................
...THE VALPARAISO CLIMATE SUMMARY FOR THE MONTH OF MARCH 2023...
CLIMATE NORMAL PERIOD 1981 TO 2010
CLIMATE RECORD PERIOD 1998 TO 2020
WEATHER OBSERVED NORMAL DEPART LAST YEAR`S
VALUE DATE(S) VALUE FROM VALUE
NORMAL
.............................................................
TEMPERATURE (F)
RECORD
HIGH 86 03/21/2012
LOW -13 03/08/1943
HIGHEST 66 03/31 47 19 MM
LOWEST 14 03/18 29 -15 MM
AVG. MAXIMUM 45.7 46.7 -1.0 MM
AVG. MINIMUM 28.8 28.8 0.0 MM
MEAN 37.3 37.7 -0.4 MM
PRECIPITATION (INCHES)
RECORD
MAXIMUM 4.62 2009
MINIMUM 0.54 2001
TOTALS 4.52 2.48 2.04 MM
DEGREE_DAYS
HEATING TOTAL 852 845 7 MM
SINCE 7/1 MM 5577 MM MM
COOLING TOTAL 0 0 0 MM
SINCE 1/1 MM 0 MM MM
..............................................................
WIND (MPH)
AVERAGE WIND SPEED 10.3
HIGHEST WIND SPEED/DIRECTION 56/260 DATE 03/31
HIGHEST GUST SPEED/DIRECTION 75/270 DATE 03/31
AVERAGE RH (PERCENT) MM
- INDICATES NEGATIVE NUMBERS.
R INDICATES RECORD WAS SET OR TIED.
MM INDICATES DATA IS MISSING.
T INDICATES TRACE AMOUNT.
$$