000
CXUS56 KPQR 011201
CF6VUO
PRELIMINARY LOCAL CLIMATOLOGICAL DATA (WS FORM: F-6)
STATION: VANCOUVER WA
MONTH: FEBRUARY
YEAR: 2024
LATITUDE: 45 37 N
LONGITUDE: 122 39 W
TEMPERATURE IN F: :PCPN: SNOW: WIND :SUNSHINE: SKY :PK WND
================================================================================
1 2 3 4 5 6A 6B 7 8 9 10 11 12 13 14 15 16 17 18
12Z AVG MX 2MIN
DY MAX MIN AVG DEP HDD CDD WTR SNW DPTH SPD SPD DIR MIN PSBL S-S WX SPD DR
================================================================================
1 61 43 52 10 13 0 0.01 M M 6.4 16 180 M M 6 25 170
2 56 41 49 7 16 0 0.01 M M 5.2 14 180 M M 6 25 170
3 55 30 43 1 22 0 0.00 M M 1.2 6 110 M M 1 12 8 130
4 58 27 43 1 22 0 0.00 M M 7.4 22 70 M M 3 128 36 80
5 51 44 48 6 17 0 0.32 M M 3.6 17 90 M M 10 1 26 100
6 53 43 48 6 17 0 0.11 M M 0.9 10 280 M M 10 1 14 280
7 51 35 43 1 22 0 0.05 M M 2.5 9 290 M M 8 1 12 280
8 50 33 42 0 23 0 0.09 M M 1.3 16 270 M M 8 20 270
9 47 42 45 3 20 0 0.12 M M 1.7 6 120 M M 10 1 7 130
10 53 39 46 4 19 0 0.00 M M 2.5 8 100 M M 5 11 120
11 58 40 49 7 16 0 0.03 M M 6.8 13 200 M M 8 1 22 200
12 54 34 44 1 21 0 T M M 3.8 12 190 M M 8 1 20 190
13 51 34 43 0 22 0 0.00 M M 2.3 7 320 M M 5 12 10 300
14 47 34 41 -2 24 0 0.42 M M 7.3 21 100 M M 9 12 35 90
15 43 38 41 -2 24 0 0.41 M M 9.1 21 100 M M 10 1 30 90
16 46 38 42 -1 23 0 0.04 M M 14.1 26 80 M M 4 40 120
17 47 40 44 1 21 0 0.10 M M 12.2 23 90 M M 9 34 90
18 47 38 43 0 22 0 0.08 M M 3.1 8 110 M M 6 18 12 120
19 54 40 47 3 18 0 0.09 M M 2.7 10 120 M M 8 14 120
20 52 39 46 2 19 0 0.26 M M 3.5 14 90 M M 9 1 21 80
21 54 44 49 5 16 0 0.16 M M 7.7 13 160 M M 10 18 21 150
22 59 37 48 4 17 0 0.00 M M 4.0 10 260 M M 5 1 13 120
23 62 32 47 3 18 0 0.00 M M 0.9 7 210 M M 3 12 10 280
24 56 34 45 1 20 0 0.00 M M 1.3 12 310 M M 4 1 16 310
25 53 42 48 4 17 0 0.30 M M 4.7 12 320 M M 10 1 17 320
26 45 36 41 -4 24 0 0.16 M M 6.0 23 300 M M 8 18 35 280
27 48 36 42 -3 23 0 0.04 M M 5.7 16 190 M M 10 26 160
28 54 48 51 6 14 0 0.53 M M 10.8 18 160 M M 10 1 30 150
29 52 38 45 0 20 0 0.84 M M 7.8 18 240 M M 10 1 35 180
================================================================================
SM 1517 1099 570 0 4.17 M 146.5 M 213
================================================================================
AV 52.3 37.9 5.1 FASTST M M 7 MAX(MPH)
MISC ----> 26 80 40 120
================================================================================
NOTES:
# LAST OF SEVERAL OCCURRENCES
COLUMN 17 PEAK WIND IN M.P.H.
PRELIMINARY LOCAL CLIMATOLOGICAL DATA (WS FORM: F-6) , PAGE 2
STATION: VANCOUVER WA
MONTH: FEBRUARY
YEAR: 2024
LATITUDE: 45 37 N
LONGITUDE: 122 39 W
[TEMPERATURE DATA] [PRECIPITATION DATA] SYMBOLS USED IN COLUMN 16
AVERAGE MONTHLY: 45.1 TOTAL FOR MONTH: 4.17 1 = FOG OR MIST
DPTR FM NORMAL: 2.0 DPTR FM NORMAL: 0.40 2 = FOG REDUCING VISIBILITY
HIGHEST: 62 ON 23 GRTST 24HR 1.16 ON 28-29 TO 1/4 MILE OR LESS
LOWEST: 27 ON 4 3 = THUNDER
SNOW, ICE PELLETS, HAIL 4 = ICE PELLETS
TOTAL MONTH: M 5 = HAIL
GRTST 24HR M ON M 6 = FREEZING RAIN OR DRIZZLE
GRTST DEPTH: M ON M 7 = DUSTSTORM OR SANDSTORM:
VSBY 1/2 MILE OR LESS
8 = SMOKE OR HAZE
[NO. OF DAYS WITH] [WEATHER - DAYS WITH] 9 = BLOWING SNOW
X = TORNADO
MAX 32 OR BELOW: 0 0.01 INCH OR MORE: 21
MAX 90 OR ABOVE: 0 0.10 INCH OR MORE: 12
MIN 32 OR BELOW: 3 0.50 INCH OR MORE: 2
MIN 0 OR BELOW: 0 1.00 INCH OR MORE: 0
[HDD (BASE 65) ]
TOTAL THIS MO. 570 CLEAR (SCALE 0-3) 2
DPTR FM NORMAL -45 PTCLDY (SCALE 4-7) 14
TOTAL FM JUL 1 2873 CLOUDY (SCALE 8-10) 13
DPTR FM NORMAL -298
[CDD (BASE 65) ]
TOTAL THIS MO. 0
DPTR FM NORMAL 0 [PRESSURE DATA]
TOTAL FM JAN 1 0 HIGHEST SLP 30.37 ON 23
DPTR FM NORMAL 0 LOWEST SLP 29.46 ON 5
[REMARKS]
#FINAL-02-24#