000
CXUS56 KPQR 011155
CF6VUO
PRELIMINARY LOCAL CLIMATOLOGICAL DATA (WS FORM: F-6)
STATION: VANCOUVER WA
MONTH: JANUARY
YEAR: 2022
LATITUDE: 45 37 N
LONGITUDE: 122 39 W
TEMPERATURE IN F: :PCPN: SNOW: WIND :SUNSHINE: SKY :PK WND
================================================================================
1 2 3 4 5 6A 6B 7 8 9 10 11 12 13 14 15 16 17 18
12Z AVG MX 2MIN
DY MAX MIN AVG DEP HDD CDD WTR SNW DPTH SPD SPD DIR MIN PSBL S-S WX SPD DR
================================================================================
1 34 22 28 -12 37 0 0.00 M M 5.4 10 120 M M 4 M M
2 50 30 40 0 25 0 0.32 M M 10.9 18 120 M M 9 1 30 170
3 48 37 43 3 22 0 1.31 M M 6.2 18 220 M M 10 1 32 190
4 45 38 42 2 23 0 0.24 M M 4.5 10 120 M M 10 18 15 210
5 43 38 41 1 24 0 1.10 M M 2.9 13 110 M M 10 18 17 130
6 56 39 48 8 17 0 0.41 M M 10.2 20 200 M M 10 18 31 190
7 52 42 47 7 18 0 0.45 M M 7.8 22 280 M M 10 1 29 240
8 50 30 40 0 25 0 T M M 1.2 7 150 M M 7 1 11 120
9 51 25 38 -2 27 0 0.00 M M 1.8 9 120 M M 1 12 13 120
10 45 30 38 -2 27 0 0.07 M M 5.3 14 120 M M 7 19 130
11 45 40 43 3 22 0 0.08 M M 9.2 16 120 M M 10 21 110
12 56 40 48 8 17 0 T M M 7.2 14 120 M M 3 18 110
13 50 42 46 6 19 0 0.13 M M 6.8 9 110 M M 9 1 M M
14 50 36 43 2 22 0 0.01 M M 2.2 9 110 M M 8 12 11 110
15 46 39 43 2 22 0 0.00 M M 2.0 7 300 M M 8 1 9 320
16 44 38 41 0 24 0 0.00 M M 1.1 7 310 M M 8 1 9 320
17 43 37 40 -1 25 0 0.00 M M 2.7 8 120 M M 8 1 22 200
18 47 40 44 3 21 0 0.03 M M 1.6 5 130 M M 10 1 M M
19 45 43 44 3 21 0 0.36 M M 6.7 14 110 M M 10 1 17 110
20 60 36 48 7 17 0 0.08 M M 5.3 14 310 M M 8 1 21 310
21 47 37 42 1 23 0 0.00 M M 2.2 12 310 M M 10 1 15 320
22 50 30 40 -1 25 0 0.00 M M 3.2 10 290 M M 5 1 13 280
23 42 28 35 -6 30 0 0.00 M M 1.7 8 240 M M 6 12 9 250
24 43 31 37 -4 28 0 0.00 M M 2.1 9 260 M M 7 12 11 260
25 46 28 37 -4 28 0 0.00 M M 2.4 7 130 M M 5 12 10 140
26 44 26 35 -6 30 0 0.00 M M 2.5 8 290 M M 4 12 10 130
27 49 23 36 -5 29 0 0.00 M M 4.9 17 120 M M 0 1 23 120
28 46 22 34 -7 31 0 0.00 M M 3.3 10 130 M M 0 16 120
29 46 23 35 -6 30 0 0.00 M M 3.0 13 110 M M 0 15 110
30 52 32 42 0 23 0 0.15 M M 6.9 16 210 M M 8 25 210
31 48 33 41 -1 24 0 0.01 M M 2.3 12 280 M M 7 15 330
================================================================================
SM 1473 1035 756 0 4.75 M 135.5 M 212
================================================================================
AV 47.5 33.4 4.4 FASTST M M 7 MAX(MPH)
MISC ----> 22 280 32 190
================================================================================
NOTES:
# LAST OF SEVERAL OCCURRENCES
COLUMN 17 PEAK WIND IN M.P.H.
PRELIMINARY LOCAL CLIMATOLOGICAL DATA (WS FORM: F-6) , PAGE 2
STATION: VANCOUVER WA
MONTH: JANUARY
YEAR: 2022
LATITUDE: 45 37 N
LONGITUDE: 122 39 W
[TEMPERATURE DATA] [PRECIPITATION DATA] SYMBOLS USED IN COLUMN 16
AVERAGE MONTHLY: 40.5 TOTAL FOR MONTH: 4.75 1 = FOG OR MIST
DPTR FM NORMAL: -0.2 DPTR FM NORMAL: -0.59 2 = FOG REDUCING VISIBILITY
HIGHEST: 60 ON 20 GRTST 24HR 1.73 ON 2- 3 TO 1/4 MILE OR LESS
LOWEST: 22 ON 28, 1 3 = THUNDER
SNOW, ICE PELLETS, HAIL 4 = ICE PELLETS
TOTAL MONTH: M 5 = HAIL
GRTST 24HR M ON M 6 = FREEZING RAIN OR DRIZZLE
GRTST DEPTH: M ON M 7 = DUSTSTORM OR SANDSTORM:
VSBY 1/2 MILE OR LESS
8 = SMOKE OR HAZE
[NO. OF DAYS WITH] [WEATHER - DAYS WITH] 9 = BLOWING SNOW
X = TORNADO
MAX 32 OR BELOW: 0 0.01 INCH OR MORE: 15
MAX 90 OR ABOVE: 0 0.10 INCH OR MORE: 9
MIN 32 OR BELOW: 14 0.50 INCH OR MORE: 2
MIN 0 OR BELOW: 0 1.00 INCH OR MORE: 2
[HDD (BASE 65) ]
TOTAL THIS MO. 756 CLEAR (SCALE 0-3) 4
DPTR FM NORMAL 3 PTCLDY (SCALE 4-7) 12
TOTAL FM JUL 1 2436 CLOUDY (SCALE 8-10) 15
DPTR FM NORMAL -82
[CDD (BASE 65) ]
TOTAL THIS MO. 0
DPTR FM NORMAL 0 [PRESSURE DATA]
TOTAL FM JAN 1 0 HIGHEST SLP 30.67 ON 21
DPTR FM NORMAL 0 LOWEST SLP 29.32 ON 7
[REMARKS]
#FINAL-01-22#