000
CXUS56 KPQR 031553
CF6VUO
PRELIMINARY LOCAL CLIMATOLOGICAL DATA (WS FORM: F-6)
STATION: VANCOUVER WA
MONTH: JANUARY
YEAR: 2024
LATITUDE: 45 37 N
LONGITUDE: 122 39 W
TEMPERATURE IN F: :PCPN: SNOW: WIND :SUNSHINE: SKY :PK WND
================================================================================
1 2 3 4 5 6A 6B 7 8 9 10 11 12 13 14 15 16 17 18
12Z AVG MX 2MIN
DY MAX MIN AVG DEP HDD CDD WTR SNW DPTH SPD SPD DIR MIN PSBL S-S WX SPD DR
================================================================================
1 49 35 42 2 23 0 0.00 M M 3.0 10 130 M M 3 15 110
2 46 35 41 1 24 0 0.17 M M 3.0 14 120 M M 7 1 19 110
3 49 36 43 3 22 0 0.17 M M 5.5 15 120 M M 7 1 19 110
4 48 34 41 1 24 0 0.21 M M 3.3 10 100 M M 9 12 14 110
5 51 32 42 2 23 0 0.10 M M 6.4 16 160 M M 8 1 29 170
6 48 39 44 4 21 0 0.86 M M 6.3 17 180 M M 9 1 35 200
7 47 39 43 3 22 0 0.12 M M 1.1 9 260 M M 9 1 16 360
8 51 41 46 6 19 0 0.62 M M 8.2 18 170 M M 10 1 33 170
9 50 33 42 2 23 0 0.98 M M 8.5 26 260 M M 8 1 42 260
10 46 34 40 0 25 0 0.15 M M 4.5 13 260 M M 9 20 260
11 46 37 42 2 23 0 0.20 M M 6.5 15 250 M M 10 1 22 240
12 41 22 32 -8 33 0 0.02 M M 6.4 17 110 M M 9 24 120
13 22 17 20 -20 45 0 0.19 M M 11.0 22 110 M M 10 18 33 120
14 23 17 20 -21 45 0 T M M 6.3 12 130 M M 10 18 17 140
15 31 17 24 -17 41 0 0.00 M M 4.7 15 110 M M 1 22 120
16 27 16 22 -19 43 0 0.18 M M 6.8 16 110 M M 4 18 23 130
17 34 25 30 -11 35 0 0.36 M M 3.9 15 110 M M 9 1 22 130
18 37 33 35 -6 30 0 0.96 M M 6.3 15 110 M M 10 1 23 120
19 39 32 36 -5 29 0 T M M 1.1 7 260 M M 3 10 140
20 41 31 36 -5 29 0 0.12 M M 3.5 16 120 M M 7 1 22 120
21 40 36 38 -3 27 0 0.75 M M 7.8 15 120 M M 10 1 20 120
22 45 39 42 1 23 0 0.34 M M 9.8 16 110 M M 10 1 26 110
23 55 41 48 7 17 0 0.16 M M 5.2 13 120 M M 7 1 17 120
24 48 42 45 4 20 0 0.69 M M 8.2 16 120 M M 8 1 25 110
25 54 41 48 7 17 0 0.07 M M 6.5 13 180 M M 9 21 170
26 45 41 43 2 22 0 0.91 M M 5.7 15 100 M M 9 18 19 120
27 46 42 44 3 21 0 0.98 M M 9.3 18 110 M M 10 1 26 110
28 51 41 46 5 19 0 0.13 M M 6.1 14 110 M M 6 1 18 120
29 57 38 48 7 17 0 0.00 M M 3.1 15 110 M M 1 1 20 110
30 54 44 49 7 16 0 0.02 M M 3.2 14 120 M M 9 20 110
31 50 45 48 6 17 0 0.05 M M 4.7 15 110 M M 10 21 120
================================================================================
SM 1371 1055 795 0 9.51 M 175.9 M 241
================================================================================
AV 44.2 34.0 5.7 FASTST M M 8 MAX(MPH)
MISC ----> 26 260 42 260
================================================================================
NOTES:
# LAST OF SEVERAL OCCURRENCES
COLUMN 17 PEAK WIND IN M.P.H.
PRELIMINARY LOCAL CLIMATOLOGICAL DATA (WS FORM: F-6) , PAGE 2
STATION: VANCOUVER WA
MONTH: JANUARY
YEAR: 2024
LATITUDE: 45 37 N
LONGITUDE: 122 39 W
[TEMPERATURE DATA] [PRECIPITATION DATA] SYMBOLS USED IN COLUMN 16
AVERAGE MONTHLY: 39.1 TOTAL FOR MONTH: 9.51 1 = FOG OR MIST
DPTR FM NORMAL: -1.6 DPTR FM NORMAL: 4.17 2 = FOG REDUCING VISIBILITY
HIGHEST: 57 ON 29 GRTST 24HR 1.68 ON 26-27 TO 1/4 MILE OR LESS
LOWEST: 16 ON 16 3 = THUNDER
SNOW, ICE PELLETS, HAIL 4 = ICE PELLETS
TOTAL MONTH: M 5 = HAIL
GRTST 24HR M ON M 6 = FREEZING RAIN OR DRIZZLE
GRTST DEPTH: M ON M 7 = DUSTSTORM OR SANDSTORM:
VSBY 1/2 MILE OR LESS
8 = SMOKE OR HAZE
[NO. OF DAYS WITH] [WEATHER - DAYS WITH] 9 = BLOWING SNOW
X = TORNADO
MAX 32 OR BELOW: 4 0.01 INCH OR MORE: 26
MAX 90 OR ABOVE: 0 0.10 INCH OR MORE: 22
MIN 32 OR BELOW: 9 0.50 INCH OR MORE: 8
MIN 0 OR BELOW: 0 1.00 INCH OR MORE: 0
[HDD (BASE 65) ]
TOTAL THIS MO. 795 CLEAR (SCALE 0-3) 2
DPTR FM NORMAL 42 PTCLDY (SCALE 4-7) 8
TOTAL FM JUL 1 2303 CLOUDY (SCALE 8-10) 21
DPTR FM NORMAL -215
[CDD (BASE 65) ]
TOTAL THIS MO. 0
DPTR FM NORMAL 0 [PRESSURE DATA]
TOTAL FM JAN 1 0 HIGHEST SLP 30.46 ON 15
DPTR FM NORMAL 0 LOWEST SLP 29.46 ON 31
[REMARKS]
#FINAL-01-24#