000
CXUS56 KPQR 011155
CF6VUO
PRELIMINARY LOCAL CLIMATOLOGICAL DATA (WS FORM: F-6)
STATION: VANCOUVER WA
MONTH: APRIL
YEAR: 2021
LATITUDE: 45 37 N
LONGITUDE: 122 39 W
TEMPERATURE IN F: :PCPN: SNOW: WIND :SUNSHINE: SKY :PK WND
================================================================================
1 2 3 4 5 6A 6B 7 8 9 10 11 12 13 14 15 16 17 18
12Z AVG MX 2MIN
DY MAX MIN AVG DEP HDD CDD WTR SNW DPTH SPD SPD DIR MIN PSBL S-S WX SPD DR
================================================================================
1 67 46 57 7 8 0 0.00 M M 5.3 15 320 M M 0 21 310
2 64 34 49 -1 16 0 0.00 M M 3.4 9 270 M M 0 8 13 320
3 70 39 55 5 10 0 0.00 M M 4.3 14 320 M M 1 19 320
4 59 42 51 0 14 0 0.00 M M 8.2 17 300 M M 4 26 290
5 61 32 47 -4 18 0 0.00 M M 4.6 12 290 M M 0 8 17 290
6 64 33 49 -2 16 0 0.00 M M 4.1 10 290 M M 0 16 280
7 52 41 47 -4 18 0 T M M 5.0 13 270 M M 8 17 270
8 56 41 49 -2 16 0 0.01 M M 5.9 15 300 M M 7 21 280
9 60 31 46 -5 19 0 0.00 M M 4.8 17 270 M M 3 24 280
10 53 40 47 -4 18 0 0.08 M M 8.1 21 320 M M 7 8 31 310
11 60 28 44 -7 21 0 0.00 M M 5.6 16 310 M M 0 24 360
12 65 30 48 -3 17 0 0.00 M M 7.6 21 80 M M 0 28 80
13 66 32 49 -3 16 0 0.00 M M 6.5 18 110 M M 0 27 100
14 70 37 54 2 11 0 0.00 M M 4.5 10 290 M M 0 14 360
15 75 39 57 5 8 0 0.00 M M 3.4 12 260 M M 0 18 290
16 79 40 60 8 5 0 0.00 M M 5.5 17 90 M M 0 23 110
17 83 41 62 10 3 0 0.00 M M 2.6 8 280 M M 0 11 290
18 83 42 63 11 2 0 0.00 M M 4.0 13 340 M M 0 20 320
19 73 43 58 6 7 0 0.00 M M 5.8 17 100 M M 0 24 110
20 74 39 57 5 8 0 0.00 M M 3.7 13 110 M M 1 18 130
21 77 41 59 6 6 0 0.00 M M 4.5 14 310 M M 0 8 19 310
22 66 41 54 1 11 0 0.00 M M 4.4 13 110 M M 6 17 110
23 62 47 55 2 10 0 0.00 M M 3.6 10 260 M M 3 14 270
24 55 48 52 -1 13 0 0.17 M M 5.1 13 210 M M 10 19 200
25 60 48 54 1 11 0 0.02 M M 4.4 16 260 M M 9 20 260
26 59 47 53 -1 12 0 T M M 2.0 9 270 M M 9 13 320
27 67 40 54 0 11 0 0.00 M M 2.7 8 320 M M 3 13 340
28 73 42 58 4 7 0 0.00 M M 1.7 6 290 M M 0 9 220
29 79 45 62 8 3 0 0.00 M M 2.3 13 320 M M 0 17 330
30 70 48 59 5 6 0 0.05 M M 4.0 9 280 M M 9 13 330
================================================================================
SM 2002 1197 341 0 0.33 M 137.6 M 80
================================================================================
AV 66.7 39.9 4.6 FASTST M M 3 MAX(MPH)
MISC ----> # 21 320 31 310
================================================================================
NOTES:
# LAST OF SEVERAL OCCURRENCES
COLUMN 17 PEAK WIND IN M.P.H.
PRELIMINARY LOCAL CLIMATOLOGICAL DATA (WS FORM: F-6) , PAGE 2
STATION: VANCOUVER WA
MONTH: APRIL
YEAR: 2021
LATITUDE: 45 37 N
LONGITUDE: 122 39 W
[TEMPERATURE DATA] [PRECIPITATION DATA] SYMBOLS USED IN COLUMN 16
AVERAGE MONTHLY: 53.3 TOTAL FOR MONTH: 0.33 1 = FOG OR MIST
DPTR FM NORMAL: 1.2 DPTR FM NORMAL: -2.68 2 = FOG REDUCING VISIBILITY
HIGHEST: 83 ON 18,17 GRTST 24HR 0.17 ON 24-24 TO 1/4 MILE OR LESS
LOWEST: 28 ON 11 3 = THUNDER
SNOW, ICE PELLETS, HAIL 4 = ICE PELLETS
TOTAL MONTH: M 5 = HAIL
GRTST 24HR M ON M 6 = FREEZING RAIN OR DRIZZLE
GRTST DEPTH: M ON M 7 = DUSTSTORM OR SANDSTORM:
VSBY 1/2 MILE OR LESS
8 = SMOKE OR HAZE
[NO. OF DAYS WITH] [WEATHER - DAYS WITH] 9 = BLOWING SNOW
X = TORNADO
MAX 32 OR BELOW: 0 0.01 INCH OR MORE: 5
MAX 90 OR ABOVE: 0 0.10 INCH OR MORE: 1
MIN 32 OR BELOW: 5 0.50 INCH OR MORE: 0
MIN 0 OR BELOW: 0 1.00 INCH OR MORE: 0
[HDD (BASE 65) ]
TOTAL THIS MO. 341 CLEAR (SCALE 0-3) 18
DPTR FM NORMAL -48 PTCLDY (SCALE 4-7) 8
TOTAL FM JUL 1 3799 CLOUDY (SCALE 8-10) 4
DPTR FM NORMAL -231
[CDD (BASE 65) ]
TOTAL THIS MO. 0
DPTR FM NORMAL 0 [PRESSURE DATA]
TOTAL FM JAN 1 0 HIGHEST SLP 30.38 ON 11
DPTR FM NORMAL 0 LOWEST SLP 29.71 ON 25
[REMARKS]
#FINAL-04-21#