000
CXUS56 KPQR 011200
CF6VUO
PRELIMINARY LOCAL CLIMATOLOGICAL DATA (WS FORM: F-6)
STATION: VANCOUVER WA
MONTH: APRIL
YEAR: 2020
LATITUDE: 45 37 N
LONGITUDE: 122 39 W
TEMPERATURE IN F: :PCPN: SNOW: WIND :SUNSHINE: SKY :PK WND
================================================================================
1 2 3 4 5 6A 6B 7 8 9 10 11 12 13 14 15 16 17 18
12Z AVG MX 2MIN
DY MAX MIN AVG DEP HDD CDD WTR SNW DPTH SPD SPD DIR MIN PSBL S-S WX SPD DR
================================================================================
1 51 40 46 -4 19 0 0.09 M M 5.9 14 220 M M 9 19 210
2 51 39 45 -5 20 0 0.11 M M 5.1 20 250 M M 8 24 240
3 50 38 44 -6 21 0 T M M 5.0 12 140 M M 10 15 210
4 54 36 45 -6 20 0 0.05 M M 5.5 16 130 M M 8 21 140
5 65 40 53 2 12 0 T M M 5.2 12 230 M M 6 18 140
6 64 37 51 0 14 0 0.00 M M 4.0 10 340 M M 5 18 350
7 61 38 50 -1 15 0 0.00 M M 6.5 13 360 M M 2 20 320
8 73 37 55 4 10 0 0.00 M M 6.1 14 290 M M 0 19 350
9 76 39 58 7 7 0 0.00 M M 7.1 16 320 M M 0 24 350
10 71 41 56 5 9 0 0.00 M M 5.0 13 290 M M 0 19 330
11 62 38 50 -1 15 0 0.00 M M 4.5 14 280 M M 3 22 320
12 66 36 51 0 14 0 0.00 M M 6.2 16 290 M M 0 24 330
13 68 33 51 -1 14 0 0.00 M M 7.3 15 280 M M 0 22 230
14 70 37 54 2 11 0 0.00 M M 4.9 15 330 M M 0 24 330
15 68 48 58 6 7 0 0.00 M M 5.2 18 130 M M 9 24 130
16 70 38 54 2 11 0 0.00 M M 8.3 21 80 M M 0 31 60
17 75 36 56 4 9 0 0.00 M M 4.8 12 220 M M 0 16 210
18 54 48 51 -1 14 0 0.16 M M 2.7 9 210 M M 8 1 17 220
19 62 44 53 1 12 0 0.00 M M 3.5 13 250 M M 6 17 240
20 70 41 56 4 9 0 0.00 M M 6.1 14 230 M M 3 1 16 210
21 63 49 56 3 9 0 0.00 M M 2.6 8 110 M M 9 18 14 130
22 60 49 55 2 10 0 0.25 M M 7.0 15 220 M M 10 1 21 220
23 62 49 56 3 9 0 0.00 M M 2.3 13 230 M M 7 15 220
24 61 50 56 3 9 0 0.01 M M 4.6 10 110 M M 8 18 14 110
25 68 47 58 5 7 0 0.17 M M 5.0 17 270 M M 4 1 22 260
26 67 40 54 0 11 0 0.04 M M 2.7 10 160 M M 3 1 17 210
27 68 48 58 4 7 0 0.03 M M 6.6 16 290 M M 5 23 260
28 74 46 60 6 5 0 0.00 M M 2.4 8 330 M M 3 11 310
29 72 53 63 9 2 0 T M M 4.6 17 260 M M 5 22 250
30 66 48 57 3 8 0 0.00 M M 4.9 13 280 M M 4 17 290
================================================================================
SM 1942 1263 340 0 0.91 M 151.6 M 135
================================================================================
AV 64.7 42.1 5.1 FASTST M M 5 MAX(MPH)
MISC ----> # 21 80 # 31 60
================================================================================
NOTES:
# LAST OF SEVERAL OCCURRENCES
COLUMN 17 PEAK WIND IN M.P.H.
PRELIMINARY LOCAL CLIMATOLOGICAL DATA (WS FORM: F-6) , PAGE 2
STATION: VANCOUVER WA
MONTH: APRIL
YEAR: 2020
LATITUDE: 45 37 N
LONGITUDE: 122 39 W
[TEMPERATURE DATA] [PRECIPITATION DATA] SYMBOLS USED IN COLUMN 16
AVERAGE MONTHLY: 53.4 TOTAL FOR MONTH: 0.91 1 = FOG OR MIST
DPTR FM NORMAL: 1.3 DPTR FM NORMAL: -2.10 2 = FOG REDUCING VISIBILITY
HIGHEST: 76 ON 9 GRTST 24HR 0.25 ON 22-22 TO 1/4 MILE OR LESS
LOWEST: 33 ON 13 3 = THUNDER
SNOW, ICE PELLETS, HAIL 4 = ICE PELLETS
TOTAL MONTH: M 5 = HAIL
GRTST 24HR M ON M 6 = FREEZING RAIN OR DRIZZLE
GRTST DEPTH: M ON M 7 = DUSTSTORM OR SANDSTORM:
VSBY 1/2 MILE OR LESS
8 = SMOKE OR HAZE
[NO. OF DAYS WITH] [WEATHER - DAYS WITH] 9 = BLOWING SNOW
X = TORNADO
MAX 32 OR BELOW: 0 0.01 INCH OR MORE: 9
MAX 90 OR ABOVE: 0 0.10 INCH OR MORE: 4
MIN 32 OR BELOW: 0 0.50 INCH OR MORE: 0
MIN 0 OR BELOW: 0 1.00 INCH OR MORE: 0
[HDD (BASE 65) ]
TOTAL THIS MO. 340 CLEAR (SCALE 0-3) 11
DPTR FM NORMAL -49 PTCLDY (SCALE 4-7) 12
TOTAL FM JUL 1 3894 CLOUDY (SCALE 8-10) 7
DPTR FM NORMAL -136
[CDD (BASE 65) ]
TOTAL THIS MO. 0
DPTR FM NORMAL 0 [PRESSURE DATA]
TOTAL FM JAN 1 0 HIGHEST SLP 30.41 ON 14
DPTR FM NORMAL 0 LOWEST SLP 29.54 ON 5
[REMARKS]
#FINAL-04-20#