000
CXUS51 KAKQ 010833
CF6WAL
PRELIMINARY LOCAL CLIMATOLOGICAL DATA (WS FORM: F-6)
STATION: WALLOPS ISLAND VA
MONTH: MAY
YEAR: 2020
LATITUDE: 37 55 N
LONGITUDE: 75 28 W
TEMPERATURE IN F: :PCPN: SNOW: WIND :SUNSHINE: SKY :PK WND
================================================================================
1 2 3 4 5 6A 6B 7 8 9 10 11 12 13 14 15 16 17 18
12Z AVG MX 2MIN
DY MAX MIN AVG DEP HDD CDD WTR SNW DPTH SPD SPD DIR MIN PSBL S-S WX SPD DR
================================================================================
1 67 55 61 3 4 0 0.24 0.0 0 7.8 30 300 M M 8 13 43 300
2 68 52 60 1 5 0 0.00 0.0 0 11.0 16 200 M M 0 22 310
3 82 57 70 11 0 5 0.00 0.0 0 9.0 18 200 M M 2 23 200
4 77 59 68 9 0 3 0.00 0.0 0 M M M M M 2 M M
5 63 52 58 -2 7 0 0.03 0.0 0 4.6 8 200 M M 5 1 M M
6 55 47 51 -9 14 0 0.84 0.0 0 7.9 17 90 M M 10 1 24 90
7 63 45 54 -6 11 0 0.05 0.0 0 9.6 18 290 M M 3 1 25 270
8 72 48 60 0 5 0 0.12 0.0 0 14.2 25 240 M M 4 1 36 240
9 53 38 46 -15 19 0 0.06 0.0 0 14.8 29 330 M M 1 1 40 330
10 61 33 47 -14 18 0 0.00 0.0 0 10.8 24 180 M M 0 29 170
11 66 47 57 -4 8 0 T 0.0 0 12.3 22 320 M M 2 3 31 320
12 60 42 51 -11 14 0 0.00 0.0 0 9.7 23 290 M M 1 32 290
13 67 44 56 -6 9 0 0.00 0.0 0 8.4 20 180 M M 2 23 190
14 70 50 60 -2 5 0 0.00 0.0 0 11.1 21 190 M M 4 28 190
15 M M M M M M M 0.0 0 M M M M M M M M
16 81 59 70 7 0 5 0.00 0.0 0 10.3 18 60 M M 1 25 40
17 66 56 61 -2 4 0 0.00 0.0 0 14.6 21 60 M M 7 1 25 50
18 60 55 58 -5 7 0 0.27 0.0 0 18.2 29 40 M M 9 1 38 40
19 61 52 57 -7 8 0 0.00 0.0 0 25.2 37 50 M M 4 44 50
20 58 52 55 -9 10 0 0.00 0.0 0 24.3 32 50 M M 9 39 50
21 66 54 60 -4 5 0 T 0.0 0 13.4 21 90 M M 9 1 27 50
22 67 61 64 0 1 0 0.05 0.0 0 11.2 18 150 M M 8 1 25 130
23 76 58 67 2 0 2 0.10 0.0 0 6.1 21 50 M M 5 1 26 50
24 61 54 58 -7 7 0 0.00 0.0 0 13.5 20 50 M M 10 1 25 50
25 67 54 61 -4 4 0 0.00 0.0 0 8.8 15 60 M M 9 1 18 60
26 68 58 63 -3 2 0 0.00 0.0 0 7.7 14 60 M M 8 1 18 40
27 78 59 69 3 0 4 0.29 0.0 0 7.8 13 140 M M 9 12 19 160
28 75 64 70 4 0 5 T 0.0 0 12.7 22 190 M M 7 1 27 190
29 77 66 72 5 0 7 T 0.0 0 12.4 22 180 M M 7 12 28 180
30 83 63 73 6 0 8 0.00 0.0 0 6.3 14 60 M M 5 1 17 230
31 76 53 65 -2 0 0 0.00 0.0 0 8.1 16 330 M M 4 1 23 360
================================================================================
SM 2044 1587 167 39 2.05 0.0 331.8 M 155
================================================================================
AV 68.1 52.9 11.4 FASTST M M 5 MAX(MPH)
MISC ----> # 37 50 # 44 50
================================================================================
NOTES:
# LAST OF SEVERAL OCCURRENCES
COLUMN 17 PEAK WIND IN M.P.H.
PRELIMINARY LOCAL CLIMATOLOGICAL DATA (WS FORM: F-6) , PAGE 2
STATION: WALLOPS ISLAND VA
MONTH: MAY
YEAR: 2020
LATITUDE: 37 55 N
LONGITUDE: 75 28 W
[TEMPERATURE DATA] [PRECIPITATION DATA] SYMBOLS USED IN COLUMN 16
AVERAGE MONTHLY: 60.5 TOTAL FOR MONTH: 2.05 1 = FOG OR MIST
DPTR FM NORMAL: -2.2 DPTR FM NORMAL: -0.90 2 = FOG REDUCING VISIBILITY
HIGHEST: 83 ON 30 GRTST 24HR 0.84 ON 6- 6 TO 1/4 MILE OR LESS
LOWEST: 33 ON 10 3 = THUNDER
SNOW, ICE PELLETS, HAIL 4 = ICE PELLETS
TOTAL MONTH: 0.0 INCH 5 = HAIL
GRTST 24HR 0.0 6 = FREEZING RAIN OR DRIZZLE
GRTST DEPTH: 0 7 = DUSTSTORM OR SANDSTORM:
VSBY 1/2 MILE OR LESS
8 = SMOKE OR HAZE
[NO. OF DAYS WITH] [WEATHER - DAYS WITH] 9 = BLOWING SNOW
X = TORNADO
MAX 32 OR BELOW: 0 0.01 INCH OR MORE: 10
MAX 90 OR ABOVE: 0 0.10 INCH OR MORE: 6
MIN 32 OR BELOW: 0 0.50 INCH OR MORE: 1
MIN 0 OR BELOW: 0 1.00 INCH OR MORE: 0
[HDD (BASE 65) ]
TOTAL THIS MO. 167 CLEAR (SCALE 0-3) 9
DPTR FM NORMAL 34 PTCLDY (SCALE 4-7) 13
TOTAL FM JUL 1 3616 CLOUDY (SCALE 8-10) 8
DPTR FM NORMAL -559
[CDD (BASE 65) ]
TOTAL THIS MO. 39
DPTR FM NORMAL -22 [PRESSURE DATA]
TOTAL FM JAN 1 41 HIGHEST SLP 30.35 ON 13
DPTR FM NORMAL -31 LOWEST SLP 29.64 ON 4
[REMARKS]
#FINAL-05-20#