000
CXUS56 KLKN 172145
CF6WMC
PRELIMINARY LOCAL CLIMATOLOGICAL DATA (WS FORM: F-6)
STATION: WINNEMUCCA AIRPORT NV
MONTH: SEPTEMBER
YEAR: 2023
LATITUDE: 40 54 N
LONGITUDE: 117 48 W
TEMPERATURE IN F: :PCPN: SNOW: WIND :SUNSHINE: SKY :PK WND
================================================================================
1 2 3 4 5 6A 6B 7 8 9 10 11 12 13 14 15 16 17 18
12Z AVG MX 2MIN
DY MAX MIN AVG DEP HDD CDD WTR SNW DPTH SPD SPD DIR MIN PSBL S-S WX SPD DR
================================================================================
1 82 57 70 3 0 5 0.00 0.0 0 8.6 28 280 M M 1 8 39 280
2 79 52 66 -1 0 1 0.14 0.0 0 6.8 23 270 M M 5 3 32 280
3 61 51 56 -11 9 0 1.00 0.0 0 8.3 38 240 M M 7 13 55 240
4 72 50 61 -5 4 0 0.00 0.0 0 4.8 12 170 M M 3 16 170
5 78 45 62 -4 3 0 0.00 0.0 0 4.4 12 120 M M 1 3 14 130
6 84 50 67 1 0 2 0.00 0.0 0 6.0 16 190 M M 2 24 170
7 87 49 68 3 0 3 0.00 0.0 0 4.2 17 220 M M 1 23 220
8 86 46 66 1 0 1 0.00 0.0 0 4.3 14 240 M M 0 19 250
9 89 42 66 1 0 1 T 0.0 0 4.9 22 240 M M 1 3 30 190
10 88 49 69 5 0 4 0.00 0.0 0 5.8 20 240 M M 0 27 230
11 87 43 65 1 0 0 0.00 0.0 0 5.4 26 180 M M 2 36 180
12 88 46 67 3 0 2 0.00 0.0 0 4.6 12 300 M M 0 16 320
13 85 44 65 2 0 0 0.00 0.0 0 6.1 20 40 M M 1 24 40
14 83 42 63 0 2 0 0.00 0.0 0 5.6 15 10 M M 0 22 40
15 86 38 62 -1 3 0 0.00 0.0 0 4.7 12 30 M M 0 17 30
16 88 40 64 2 1 0 0.00 0.0 0 3.4 12 160 M M 0 17 180
17 89 45 67 5 0 2 0.00 0.0 0 3.7 12 170 M M 2 17 180
18 89 48 69 8 0 4 0.00 0.0 0 4.7 20 20 M M 1 27 10
19 86 47 67 6 0 2 0.00 0.0 0 6.8 17 280 M M 0 32 260
20 81 38 60 -1 5 0 0.00 0.0 0 8.8 30 350 M M 2 41 350
21 63 35 49 -11 16 0 T 0.0 0 5.5 15 270 M M 2 21 270
22 67 34 51 -9 14 0 0.00 0.0 0 3.7 14 270 M M 1 20 270
23 78 27 53 -6 12 0 0.00 0.0 0 5.2 13 280 M M 0 19 270
24 80 31 56 -3 9 0 0.00 0.0 0 3.7 14 210 M M 0 23 190
25 84 34 59 1 6 0 0.00 0.0 0 7.8 23 210 M M 0 34 200
26 80 32 56 -2 9 0 0.00 0.0 0 6.7 21 250 M M 0 28 240
27 76 36 56 -2 9 0 0.00 0.0 0 6.1 18 290 M M 0 25 280
28 74 37 56 -1 9 0 0.00 0.0 0 5.0 14 40 M M 0 18 50
29 77 32 55 -2 10 0 0.06 0.0 0 5.8 23 250 M M 1 1 30 260
30 60 46 53 -3 12 0 0.81 0.0 0 5.6 17 340 M M 8 1 24 360
================================================================================
SM 2407 1266 133 27 2.01 0.0 167.0 M 41
================================================================================
AV 80.2 42.2 5.6 FASTST M M 1 MAX(MPH)
MISC ----> 38 240 55 240
================================================================================
NOTES:
# LAST OF SEVERAL OCCURRENCES
COLUMN 17 PEAK WIND IN M.P.H.
PRELIMINARY LOCAL CLIMATOLOGICAL DATA (WS FORM: F-6) , PAGE 2
STATION: WINNEMUCCA AIRPORT NV
MONTH: SEPTEMBER
YEAR: 2023
LATITUDE: 40 54 N
LONGITUDE: 117 48 W
[TEMPERATURE DATA] [PRECIPITATION DATA] SYMBOLS USED IN COLUMN 16
AVERAGE MONTHLY: 61.2 TOTAL FOR MONTH: 2.01 1 = FOG OR MIST
DPTR FM NORMAL: -0.9 DPTR FM NORMAL: 1.62 2 = FOG REDUCING VISIBILITY
HIGHEST: 89 ON 18,17 GRTST 24HR 1.09 ON 2- 3 TO 1/4 MILE OR LESS
LOWEST: 27 ON 23 3 = THUNDER
SNOW, ICE PELLETS, HAIL 4 = ICE PELLETS
TOTAL MONTH: 0.0 INCH 5 = HAIL
GRTST 24HR 0.0 6 = FREEZING RAIN OR DRIZZLE
GRTST DEPTH: 0 7 = DUSTSTORM OR SANDSTORM:
VSBY 1/2 MILE OR LESS
8 = SMOKE OR HAZE
[NO. OF DAYS WITH] [WEATHER - DAYS WITH] 9 = BLOWING SNOW
X = TORNADO
MAX 32 OR BELOW: 0 0.01 INCH OR MORE: 4
MAX 90 OR ABOVE: 0 0.10 INCH OR MORE: 3
MIN 32 OR BELOW: 4 0.50 INCH OR MORE: 2
MIN 0 OR BELOW: 0 1.00 INCH OR MORE: 1
[HDD (BASE 65) ]
TOTAL THIS MO. 133 CLEAR (SCALE 0-3) 27
DPTR FM NORMAL -1 PTCLDY (SCALE 4-7) 3
TOTAL FM JUL 1 135 CLOUDY (SCALE 8-10) 0
DPTR FM NORMAL -18
[CDD (BASE 65) ]
TOTAL THIS MO. 27
DPTR FM NORMAL -21 [PRESSURE DATA]
TOTAL FM JAN 1 678 HIGHEST SLP 30.17 ON 9
DPTR FM NORMAL -4 LOWEST SLP 29.62 ON 30
[REMARKS]
#FINAL-09-23#