000
CXUS56 KPDT 011910
CF6YKM
PRELIMINARY LOCAL CLIMATOLOGICAL DATA (WS FORM: F-6)
STATION: YAKIMA WA
MONTH: NOVEMBER
YEAR: 2023
LATITUDE: 46 34 N
LONGITUDE: 120 32 W
TEMPERATURE IN F: :PCPN: SNOW: WIND :SUNSHINE: SKY :PK WND
================================================================================
1 2 3 4 5 6A 6B 7 8 9 10 11 12 13 14 15 16 17 18
12Z AVG MX 2MIN
DY MAX MIN AVG DEP HDD CDD WTR SNW DPTH SPD SPD DIR MIN PSBL S-S WX SPD DR
================================================================================
1 46 28 37 -6 28 0 0.06 M M 1.0 6 130 M M 6 18 7 130
2 49 33 41 -2 24 0 0.10 M M 2.0 8 300 M M 6 18 9 310
3 61 29 45 3 20 0 0.07 M M 2.3 9 300 M M 3 128 10 300
4 52 42 47 5 18 0 0.20 M M 2.9 8 150 M M 8 12 11 150
5 54 38 46 4 19 0 0.08 M M 2.3 8 250 M M 10 12 11 250
6 55 44 50 9 15 0 0.20 M M 6.6 32 200 M M 7 1 44 190
7 58 39 49 8 16 0 0.00 M M 6.6 25 270 M M 1 34 280
8 55 29 42 2 23 0 0.00 M M 4.6 10 160 M M 0 13 130
9 46 25 36 -4 29 0 0.00 M M 2.7 9 270 M M 3 1 10 270
10 44 26 35 -5 30 0 0.00 M M 3.3 9 310 M M 5 128 12 310
11 59 32 46 6 19 0 0.00 M M 9.2 28 170 M M 2 1 42 180
12 52 32 42 3 23 0 0.00 M M 4.8 9 280 M M 0 11 290
13 57 28 43 4 22 0 0.00 M M 3.9 13 280 M M 2 16 280
14 52 26 39 1 26 0 0.00 M M 5.2 10 250 M M 0 8 13 270
15 48 28 38 0 27 0 0.03 M M 2.8 10 280 M M 6 1 11 280
16 50 24 37 -1 28 0 0.00 M M 4.0 10 280 M M 1 13 260
17 42 31 37 0 28 0 0.00 M M 0.9 6 260 M M 10 8 7 270
18 44 30 37 0 28 0 0.06 M M 2.2 7 260 M M 9 18 8 260
19 53 28 41 4 24 0 0.02 M M 5.9 33 280 M M 2 18 49 310
20 48 23 36 0 29 0 0.00 M M 3.7 10 300 M M 0 11 300
21 46 26 36 0 29 0 T M M 1.6 9 270 M M 1 10 270
22 49 30 40 4 25 0 T M M 4.6 9 280 M M 2 1 11 80
23 51 28 40 4 25 0 0.00 M M 6.4 17 50 M M 2 24 50
24 50 22 36 1 29 0 0.00 M M 5.7 10 280 M M 0 18 300
25 44 18 31 -4 34 0 0.00 M M 3.7 10 270 M M 0 13 260
26 41 15 28 -7 37 0 0.00 M M 2.4 7 300 M M 0 18 8 140
27 38 20 29 -5 36 0 0.00 M M 1.1 7 280 M M 10 7 260
28 35 24 30 -4 35 0 0.00 M M 2.2 8 90 M M 10 18 10 150
29 32 30 31 -3 34 0 0.00 M M 1.4 6 170 M M 10 18 7 160
30 34 28 31 -2 34 0 0.07 M M 0.3 5 120 M M 10 18 7 70
================================================================================
SM 1445 856 794 0 0.89 M 106.3 M 126
================================================================================
AV 48.2 28.5 3.5 FASTST M M 4 MAX(MPH)
MISC ----> 33 280 49 310
================================================================================
NOTES:
# LAST OF SEVERAL OCCURRENCES
COLUMN 17 PEAK WIND IN M.P.H.
PRELIMINARY LOCAL CLIMATOLOGICAL DATA (WS FORM: F-6) , PAGE 2
STATION: YAKIMA WA
MONTH: NOVEMBER
YEAR: 2023
LATITUDE: 46 34 N
LONGITUDE: 120 32 W
[TEMPERATURE DATA] [PRECIPITATION DATA] SYMBOLS USED IN COLUMN 16
AVERAGE MONTHLY: 38.4 TOTAL FOR MONTH: 0.89 1 = FOG OR MIST
DPTR FM NORMAL: 0.3 DPTR FM NORMAL: 0.03 2 = FOG REDUCING VISIBILITY
HIGHEST: 61 ON 3 GRTST 24HR 0.27 ON 3- 4 TO 1/4 MILE OR LESS
LOWEST: 15 ON 26 3 = THUNDER
SNOW, ICE PELLETS, HAIL 4 = ICE PELLETS
TOTAL MONTH: M 5 = HAIL
GRTST 24HR M ON M 6 = FREEZING RAIN OR DRIZZLE
GRTST DEPTH: M ON M 7 = DUSTSTORM OR SANDSTORM:
VSBY 1/2 MILE OR LESS
8 = SMOKE OR HAZE
[NO. OF DAYS WITH] [WEATHER - DAYS WITH] 9 = BLOWING SNOW
X = TORNADO
MAX 32 OR BELOW: 1 0.01 INCH OR MORE: 10
MAX 90 OR ABOVE: 0 0.10 INCH OR MORE: 3
MIN 32 OR BELOW: 25 0.50 INCH OR MORE: 0
MIN 0 OR BELOW: 0 1.00 INCH OR MORE: 0
[HDD (BASE 65) ]
TOTAL THIS MO. 794 CLEAR (SCALE 0-3) 17
DPTR FM NORMAL -14 PTCLDY (SCALE 4-7) 5
TOTAL FM JUL 1 1329 CLOUDY (SCALE 8-10) 8
DPTR FM NORMAL -115
[CDD (BASE 65) ]
TOTAL THIS MO. 0
DPTR FM NORMAL 0 [PRESSURE DATA]
TOTAL FM JAN 1 868 HIGHEST SLP 30.66 ON 20
DPTR FM NORMAL 262 LOWEST SLP 29.56 ON 6
[REMARKS]
#FINAL-11-23#