000
CXUS51 KPBZ 010730
CF6ZZV
PRELIMINARY LOCAL CLIMATOLOGICAL DATA (WS FORM: F-6)
STATION: ZANESVILLE OH
MONTH: AUGUST
YEAR: 2023
LATITUDE: 39 56 N
LONGITUDE: 81 54 W
TEMPERATURE IN F: :PCPN: SNOW: WIND :SUNSHINE: SKY :PK WND
================================================================================
1 2 3 4 5 6A 6B 7 8 9 10 11 12 13 14 15 16 17 18
12Z AVG MX 2MIN
DY MAX MIN AVG DEP HDD CDD WTR SNW DPTH SPD SPD DIR MIN PSBL S-S WX SPD DR
================================================================================
1 80 54 67 -7 0 2 0.00 M M 1.1 7 40 M M 0 9 320
2 81 58 70 -4 0 5 0.00 M M 2.2 8 110 M M 0 1 11 170
3 85 61 73 -1 0 8 0.00 M M 2.4 10 180 M M M 13 180
4 88 60 74 0 0 9 T M M 2.3 12 210 M M M 14 210
5 84 62 73 -1 0 8 0.00 M M 2.5 8 20 M M M 10 80
6 85 65 75 1 0 10 1.00 M M 6.5 18 270 M M M 24 270
7 81 64 73 -1 0 8 0.46 M M 6.9 20 280 M M M 24 290
8 81 62 72 -2 0 7 T M M 5.1 15 260 M M 2 20 260
9 83 62 73 0 0 8 T M M 4.6 12 270 M M 4 3 17 270
10 81 66 74 1 0 9 1.33 M M 5.1 14 250 M M 7 13 19 310
11 84 62 73 0 0 8 0.00 M M 4.2 12 260 M M 3 19 220
12 86 69 78 5 0 13 0.00 M M 7.2 20 200 M M 3 3 28 200
13 85 63 74 1 0 9 0.00 M M 3.5 12 260 M M 0 16 260
14 75 68 72 -1 0 7 0.80 M M 3.6 14 70 M M 8 1 18 50
15 77 65 71 -2 0 6 T M M 7.3 18 250 M M 7 1 27 250
16 77 64 71 -2 0 6 T M M 3.5 10 340 M M 8 1 12 360
17 80 58 69 -4 0 4 0.40 M M 5.4 17 200 M M 6 123 24 220
18 74 56 65 -8 0 0 0.00 M M 6.6 14 280 M M 2 1 20 290
19 78 51 65 -8 0 0 0.00 M M 0.8 8 220 M M 1 12 11 230
20 85 58 72 0 0 7 0.00 M M 2.5 9 200 M M 1 14 190
21 89 68 79 7 0 14 0.00 M M 1.9 9 10 M M 3 13 360
22 81 65 73 1 0 8 0.00 M M 4.3 12 340 M M 4 1 15 330
23 84 61 73 1 0 8 0.11 M M 5.5 22 50 M M 4 3 27 60
24 82 68 75 3 0 10 1.10 M M 6.8 21 190 M M 4 13 26 340
25 86 69 78 6 0 13 0.77 M M 5.5 16 330 M M 5 13 21 30
26 81 66 74 2 0 9 0.00 M M 3.1 10 330 M M 5 1 16 330
27 79 62 71 -1 0 6 0.00 M M 5.3 12 60 M M 4 15 60
28 80 56 68 -3 0 3 0.00 M M 4.5 10 330 M M 0 13 350
29 81 55 68 -3 0 3 0.00 M M 2.4 10 280 M M 1 14 220
30 72 58 65 -6 0 0 0.00 M M 6.0 14 360 M M 4 18 19 360
31 76 56 66 -5 0 1 0.00 M M 5.2 13 30 M M 4 1 18 30
================================================================================
SM 2521 1912 0 209 5.97 M 133.8 M 90
================================================================================
AV 81.3 61.7 4.3 FASTST M M 3 MAX(MPH)
MISC ----> 22 50 28 200
================================================================================
NOTES:
# LAST OF SEVERAL OCCURRENCES
COLUMN 17 PEAK WIND IN M.P.H.
PRELIMINARY LOCAL CLIMATOLOGICAL DATA (WS FORM: F-6) , PAGE 2
STATION: ZANESVILLE OH
MONTH: AUGUST
YEAR: 2023
LATITUDE: 39 56 N
LONGITUDE: 81 54 W
[TEMPERATURE DATA] [PRECIPITATION DATA] SYMBOLS USED IN COLUMN 16
AVERAGE MONTHLY: 71.5 TOTAL FOR MONTH: 5.97 1 = FOG OR MIST
DPTR FM NORMAL: -1.2 DPTR FM NORMAL: 2.77 2 = FOG REDUCING VISIBILITY
HIGHEST: 89 ON 21 GRTST 24HR 1.38 ON 24-25 TO 1/4 MILE OR LESS
LOWEST: 51 ON 19 3 = THUNDER
SNOW, ICE PELLETS, HAIL 4 = ICE PELLETS
TOTAL MONTH: M 5 = HAIL
GRTST 24HR M ON M 6 = FREEZING RAIN OR DRIZZLE
GRTST DEPTH: M ON M 7 = DUSTSTORM OR SANDSTORM:
VSBY 1/2 MILE OR LESS
8 = SMOKE OR HAZE
[NO. OF DAYS WITH] [WEATHER - DAYS WITH] 9 = BLOWING SNOW
X = TORNADO
MAX 32 OR BELOW: 0 0.01 INCH OR MORE: 8
MAX 90 OR ABOVE: 0 0.10 INCH OR MORE: 8
MIN 32 OR BELOW: 0 0.50 INCH OR MORE: 5
MIN 0 OR BELOW: 0 1.00 INCH OR MORE: 3
[HDD (BASE 65) ]
TOTAL THIS MO. 0 CLEAR (SCALE 0-3) 11
DPTR FM NORMAL -4 PTCLDY (SCALE 4-7) 14
TOTAL FM JUL 1 0 CLOUDY (SCALE 8-10) 6
DPTR FM NORMAL -2
[CDD (BASE 65) ]
TOTAL THIS MO. 209
DPTR FM NORMAL -34 [PRESSURE DATA]
TOTAL FM JAN 1 671 HIGHEST SLP 30.23 ON 1
DPTR FM NORMAL -124 LOWEST SLP 29.67 ON 10
[REMARKS]
#FINAL-08-23#