000
CXUS54 KFWD 300730
CF60F2
PRELIMINARY LOCAL CLIMATOLOGICAL DATA (WS FORM: F-6)

                                          STATION:   BOWIE
                                          MONTH:     JANUARY
                                          YEAR:      2015
                                          LATITUDE:   33 36 N
                                          LONGITUDE:  97 47 W

  TEMPERATURE IN F:       :PCPN:    SNOW:  WIND      :SUNSHINE: SKY     :PK WND
================================================================================
1   2   3   4   5  6A  6B    7    8   9   10  11  12  13   14  15   16   17  18
                                     12Z  AVG MX 2MIN
DY MAX MIN AVG DEP HDD CDD  WTR  SNW DPTH SPD SPD DIR MIN PSBL S-S WX    SPD DR
================================================================================

 1  32  26  29 -12  36   0 0.33    M    0  2.5  8 330   M    M  10 16      M  M
 2  38  32  35  -6  30   0 0.29    M    0  4.8  9 290   M    M  10 13      M  M
 3  52  35  44   3  21   0 0.07    M    0  6.8 17 230   M    M   6 1      24 230
 4  37  22  30 -11  35   0 0.00  0.0    0 12.2 23 330   M    M   1        35 330
 5  46  19  33  -8  32   0 0.00  0.0    0  6.0 13 150   M    M   0        17 160
 6  55  28  42   1  23   0 0.00  0.0    0  4.0  8  30   M    M   0        16  30
 7  36  19  28 -13  37   0 0.00  0.0    0 12.8 22 360   M    M   0        32 360
 8  38  13  26 -15  39   0 0.00  0.0    0  7.0 17 180   M    M   0        25 180
 9  36  23  30 -11  35   0 0.00  0.0    0  6.3 13 360   M    M   0        20 360
10  41  26  34  -7  31   0 0.00  0.0    0  5.9 14 150   M    M  10 1      18 160
11  41  32  37  -4  28   0    T  0.0    0  6.2 12 150   M    M  10 1      16 140
12  40  31  36  -5  29   0 0.00  0.0    0 10.1 16 330   M    M  10 1      22 330
13  34  29  32  -9  33   0 0.00  0.0    0  5.3 10 360   M    M   9         M  M
14  36  27  32  -9  33   0 0.00  0.0    0  3.0  8 330   M    M   9         M  M
15  56  31  44   3  21   0 0.00  0.0    0  4.7 10 290   M    M   2        17 310
16  63  28  46   5  19   0 0.00  0.0    0  4.4 12 210   M    M   0        16 210
17  66  37  52  11  13   0 0.00  0.0    0 10.2 23 350   M    M   0        31 350
18  72  29  51  10  14   0 0.00  0.0    0  6.9 16 190   M    M   0        24 190
19  71  34  53  12  12   0 0.00  0.0    0  2.4  6 330   M    M   0         M  M
20  68  35  52  10  13   0 0.00  0.0    0  4.6 10  30   M    M   0        16  30
21  60  35  48   6  17   0 0.26  0.0    0  5.5 10  80   M    M   4        18  80
22  41  36  39  -3  26   0 0.34  0.0    0  9.4 13  30   M    M  10        23  40
23  49  34  42   0  23   0 0.00  0.0    0  7.0 13 280   M    M   3        17 330
24  60  32  46   4  19   0 0.00  0.0    0  6.4 10 270   M    M   0        16 270
25  61  40  51   9  14   0 0.00  0.0    0 13.3 24 320   M    M   0        36 310
26  73  30  52  10  13   0 0.00  0.0    0  4.4 12 250   M    M   0        16 260
27  78  44  61  19   4   0 0.00  0.0    0  3.5  7 160   M    M   0         M  M
28  81  45  63  21   2   0 0.00  0.0    0  5.9 16 170   M    M   0        22 170
29  61  45  53  11  12   0 0.00  0.0    0 10.1 20 330   M    M   0        28 360
================================================================================
SM 1522  897       664   0  1.29     0.0 191.6          M       94
================================================================================
AV 52.5 30.9                               6.6 FASTST   M    M   3    MAX(MPH)
                                 MISC ---->    24   M                 36    M
================================================================================
NOTES:
# LAST OF SEVERAL OCCURRENCES

COLUMN 17 PEAK WIND IN M.P.H.

PRELIMINARY LOCAL CLIMATOLOGICAL DATA (WS FORM: F-6) , PAGE 2

                                          STATION:  BOWIE
                                          MONTH:    JANUARY
                                          YEAR:     2015
                                          LATITUDE:   33 36 N
                                          LONGITUDE:  97 47 W

[TEMPERATURE DATA]      [PRECIPITATION DATA]       SYMBOLS USED IN COLUMN 16

AVERAGE MONTHLY: 41.7   TOTAL FOR MONTH:   1.29    1 = FOG OR MIST
DPTR FM NORMAL:   0.4   DPTR FM NORMAL:   -0.04    2 = FOG REDUCING VISIBILITY
HIGHEST:    81 ON 28    GRTST 24HR  0.34 ON 22-22      TO 1/4 MILE OR LESS
LOWEST:     13 ON  8                               3 = THUNDER
                        SNOW, ICE PELLETS, HAIL    4 = ICE PELLETS
                        TOTAL MONTH:   0.0 INCH    5 = HAIL
                        GRTST 24HR     0.0         6 = FREEZING RAIN OR DRIZZLE
                        GRTST DEPTH:   0           7 = DUSTSTORM OR SANDSTORM:
                                                       VSBY 1/2 MILE OR LESS
                                                   8 = SMOKE OR HAZE
[NO. OF DAYS WITH]      [WEATHER - DAYS WITH]      9 = BLOWING SNOW
                                                   X = TORNADO
MAX 32 OR BELOW:   1    0.01 INCH OR MORE:   5
MAX 90 OR ABOVE:   0    0.10 INCH OR MORE:   4
MIN 32 OR BELOW:  18    0.50 INCH OR MORE:   0
MIN  0 OR BELOW:   0    1.00 INCH OR MORE:   0

[HDD (BASE 65) ]
TOTAL THIS MO.   664    CLEAR  (SCALE 0-3)  19
DPTR FM NORMAL   -23    PTCLDY (SCALE 4-7)   2
TOTAL FM JUL 1  1706    CLOUDY (SCALE 8-10)  8
DPTR FM NORMAL  -199

[CDD (BASE 65) ]
TOTAL THIS MO.     0
DPTR FM NORMAL     0    [PRESSURE DATA]
TOTAL FM JAN 1     0    HIGHEST SLP M ON M
DPTR FM NORMAL     0    LOWEST  SLP M ON M

[REMARKS]
