000
CXUS53 KUNR 300945
CF62WX
PRELIMINARY LOCAL CLIMATOLOGICAL DATA (WS FORM: F-6)

                                          STATION:   BUFFALO SD
                                          MONTH:     AUGUST
                                          YEAR:      2015
                                          LATITUDE:   45 35 N
                                          LONGITUDE: 103 33 W

  TEMPERATURE IN F:       :PCPN:    SNOW:  WIND      :SUNSHINE: SKY     :PK WND
================================================================================
1   2   3   4   5  6A  6B    7    8   9   10  11  12  13   14  15   16   17  18
                                     12Z  AVG MX 2MIN
DY MAX MIN AVG DEP HDD CDD  WTR  SNW DPTH SPD SPD DIR MIN PSBL S-S WX    SPD DR
================================================================================

 1  97  62  80   8   0  15 0.00    M    M 11.3 22 330   M    M   M        26 320
 2  86  58  72   0   0   7 0.00    M    M 10.6 18  30   M    M   M        23  40
 3  86  56  71  -1   0   6 0.00    M    M  9.1 15 130   M    M   M        20 170
 4  88  57  73   1   0   8 0.90    M    M 13.2 26 250   M    M   M        32 140
 5  89  59  74   2   0   9 0.10    M    M  8.3 25 170   M    M   M        32 170
 6  84  62  73   1   0   8 0.17    M    M 10.8 28 300   M    M   M        34 300
 7  83  57  70  -2   0   5 0.00    M    M  8.5 18 320   M    M   M        20 320
 8  78  57  68  -4   0   3 0.03    M    M  9.4 22  40   M    M   M        25  40
 9  76  56  66  -6   0   1 0.05    M    M  3.7 18 290   M    M   M        24 290
10  84  54  69  -3   0   4 0.00    M    M  5.1 12 110   M    M   M        16 130
11  91  59  75   3   0  10 0.00    M    M 12.9 23 140   M    M   M        29 140
12 100  64  82  10   0  17 0.00    M    M 10.5 32 180   M    M   M        42 180
13  94  65  80   8   0  15 0.00    M    M  7.0 17 320   M    M   M        19 330
14  99  66  83  12   0  18 0.00    M    M 12.0 28 140   M    M   M        35 150
15  97  68  83  12   0  18 0.00    M    M 15.5 29 290   M    M   M        34 360
16  70  54  62  -9   3   0 0.19    M    M  9.6 22 260   M    M   M        26 270
17  70  46  58 -13   7   0 0.87    M    M  9.1 18  40   M    M   M        21 350
18  66  52  59 -11   6   0 0.77    M    M 10.4 22 320   M    M   M        32 350
19  73  48  61  -9   4   0 0.00    M    M 10.9 22 310   M    M   M        25 310
20  86  49  68  -2   0   3 0.00    M    M  8.4 21 250   M    M   M        28 260
21  92  53  73   3   0   8 0.00    M    M  6.8 20 210   M    M   M        24 210
22  73  43  58 -11   7   0 0.00    M    M 33.5 55 300   M    M   M        68 300
23  72  36  54 -15  11   0 0.00    M    M 10.4 22 320   M    M   M        27 320
24  80  44  62  -7   3   0 0.00    M    M  7.8 16 170   M    M   M        22 160
25  85  52  69   1   0   4 0.00    M    M 12.5 26 140   M    M   M        31 150
26  89  54  72   4   0   7 0.00    M    M  7.8 17 140   M    M   M        22 250
27  89  62  76   8   0  11 0.14    M    M  7.2 16  70   M    M   M        21 310
28  87  56  72   5   0   7 0.00    M    M  7.5 17 290   M    M   M        20 290
29  96  56  76   9   0  11 0.00    M    M  8.5 17 160   M    M   M        20 150
================================================================================
SM 2460 1605        41 195  3.22    M    298.3          M        M
================================================================================
AV 84.8 55.3                              10.3 FASTST   M    M   2    MAX(MPH)
                                 MISC ---->  # 55 300               # 68  300
================================================================================
NOTES:
# LAST OF SEVERAL OCCURRENCES

COLUMN 17 PEAK WIND IN M.P.H.

PRELIMINARY LOCAL CLIMATOLOGICAL DATA (WS FORM: F-6) , PAGE 2

                                          STATION:  BUFFALO SD
                                          MONTH:    AUGUST
                                          YEAR:     2015
                                          LATITUDE:   45 35 N
                                          LONGITUDE: 103 33 W

[TEMPERATURE DATA]      [PRECIPITATION DATA]       SYMBOLS USED IN COLUMN 16

AVERAGE MONTHLY: 70.1   TOTAL FOR MONTH:   3.22    1 = FOG OR MIST
DPTR FM NORMAL:  -0.4   DPTR FM NORMAL:    1.92    2 = FOG REDUCING VISIBILITY
HIGHEST:   100 ON 12    GRTST 24HR  1.60 ON 17-18      TO 1/4 MILE OR LESS
LOWEST:     36 ON 23                               3 = THUNDER
                        SNOW, ICE PELLETS, HAIL    4 = ICE PELLETS
                        TOTAL MONTH:    M          5 = HAIL
                        GRTST 24HR    M  ON   M    6 = FREEZING RAIN OR DRIZZLE
                        GRTST DEPTH:  M  ON   M    7 = DUSTSTORM OR SANDSTORM:
                                                       VSBY 1/2 MILE OR LESS
                                                   8 = SMOKE OR HAZE
[NO. OF DAYS WITH]      [WEATHER - DAYS WITH]      9 = BLOWING SNOW
                                                   X = TORNADO
MAX 32 OR BELOW:   0    0.01 INCH OR MORE:   9
MAX 90 OR ABOVE:   8    0.10 INCH OR MORE:   7
MIN 32 OR BELOW:   0    0.50 INCH OR MORE:   3
MIN  0 OR BELOW:   0    1.00 INCH OR MORE:   0

[HDD (BASE 65) ]
TOTAL THIS MO.    41    CLEAR  (SCALE 0-3)   0
DPTR FM NORMAL    13    PTCLDY (SCALE 4-7)   0
TOTAL FM JUL 1    47    CLOUDY (SCALE 8-10)  0
DPTR FM NORMAL    -1

[CDD (BASE 65) ]
TOTAL THIS MO.   195
DPTR FM NORMAL     5    [PRESSURE DATA]
TOTAL FM JAN 1   520    HIGHEST SLP M ON M
DPTR FM NORMAL    55    LOWEST  SLP 29.20 ON 22

[REMARKS]
