000
CXUS54 KEWX 010910
CF63T5
PRELIMINARY LOCAL CLIMATOLOGICAL DATA (WS FORM: F-6)

                                          STATION:   LA GRANGE
                                          MONTH:     APRIL
                                          YEAR:      2016
                                          LATITUDE:   29 54 N
                                          LONGITUDE:  96 57 W

  TEMPERATURE IN F:       :PCPN:    SNOW:  WIND      :SUNSHINE: SKY     :PK WND
================================================================================
1   2   3   4   5  6A  6B    7    8   9   10  11  12  13   14  15   16   17  18
                                     12Z  AVG MX 2MIN
DY MAX MIN AVG DEP HDD CDD  WTR  SNW DPTH SPD SPD DIR MIN PSBL S-S WX    SPD DR
================================================================================

 1  69  48  59   M   6   0    T  0.0    0  9.8 16 360   M    M   6        28 360
 2  74  45  60   M   5   0 0.00  0.0    0  4.5 10 360   M    M   0        17 360
 3  77  42  60   M   5   0 0.00  0.0    0  2.6  8 200   M    M   0         M  M
 4  81  45  63   M   2   0 0.00  0.0    0  3.2 10 180   M    M   0         M  M
 5  83  47  65   M   0   0 0.00  0.0    0  5.7 14 180   M    M   0        21 160
 6  81  51  66   M   0   1 0.00  0.0    0  5.6 14 340   M    M   3        22 340
 7  85  46  66   M   0   1 0.00  0.0    0  3.5 12 180   M    M   0        16 210
 8  82  51  67   M   0   2 0.00    M    0  3.3 10 110   M    M   0         M  M
 9  80  57  69   M   0   4 0.08    M    0  4.7 12 170   M    M   3 3      21 170
10  81  60  71   M   0   6 0.00  0.0    0  8.4 16 140   M    M   8 1      22 170
11  81  71  76   M   0  11 0.06    M    0  8.3 20 180   M    M   9 13     27 180
12  73  65  69   M   0   4 1.13  0.0    0  6.1 18 260   M    M  10 13     24 260
13  71  59  65   M   0   0 0.15  0.0    0  4.6 10 340   M    M   9 13      M  M
14  75  57  66   M   0   1 0.00    M    0  5.1 12 350   M    M   6 1      16 350
15  81  53  67   M   0   2 0.00    M    0  3.0  9 170   M    M   4 12      M  M
16  80  66  73   M   0   8 0.00  0.0    0  8.8 16 130   M    M  10 1      21 120
17  77  70  74   M   0   9 0.21  0.0    0  6.6 12 130   M    M  10 13     18 130
18  76  65  71   M   0   610.78  0.0    0  4.8 10  80   M    M  10 3      22  90
19  81  64  73   M   0   8 0.01  0.0    0  2.7  6 110   M    M   0 128     M  M
20  79  62  71   M   0   6 0.63  0.0    0  2.8 13  10   M    M   0 13     22  10
21  79  63  71   M   0   6 0.22    M    M  3.5  9 340   M    M   0 13     20  40
22  82  60  71   M   0   6 0.00    M    M  3.1 10  10   M    M   0        18  20
23  82  56  69   M   0   4 0.00    M    0  2.2  7 160   M    M   0         M  M
24  76  63  70   M   0   5 0.15  0.0    0  4.3  8 140   M    M   0        18 150
25  89  69  79   M   0  14 0.00  0.0    0  8.1 12 160   M    M   0 1      17 160
26  87  74  81   M   0  16 0.00  0.0    0 10.5 16 150   M    M   0 18     22 150
27  87  64  76   M   0  11 0.42  0.0    0  3.9 15 320   M    M   0 13     25 320
28  87  69  78   M   0  13 0.00  0.0    0  6.6 12 130   M    M   0 18     18 140
29  87  77  82   M   0  17 0.00  0.0    0 10.4 14 160   M    M   0 18     22 160
30  86  67  77   M   0  12 0.49    M    0  4.4 18 280   M    M   0 13     32 280
================================================================================
SM 2409 1786        18 173 14.33     0.0 161.1          M       88
================================================================================
AV 80.3 59.5                               5.4 FASTST   M    M   3    MAX(MPH)
                                 MISC ---->    20   M                 32    M
================================================================================
NOTES:
# LAST OF SEVERAL OCCURRENCES

COLUMN 17 PEAK WIND IN M.P.H.

PRELIMINARY LOCAL CLIMATOLOGICAL DATA (WS FORM: F-6) , PAGE 2

                                          STATION:  LA GRANGE
                                          MONTH:    APRIL
                                          YEAR:     2016
                                          LATITUDE:   29 54 N
                                          LONGITUDE:  96 57 W

[TEMPERATURE DATA]      [PRECIPITATION DATA]       SYMBOLS USED IN COLUMN 16

AVERAGE MONTHLY: 69.9   TOTAL FOR MONTH:  14.33    1 = FOG OR MIST
DPTR FM NORMAL:     M   DPTR FM NORMAL:       M    2 = FOG REDUCING VISIBILITY
HIGHEST:    89 ON 25    GRTST 24HR 10.78 ON 18-18      TO 1/4 MILE OR LESS
LOWEST:     42 ON  3                               3 = THUNDER
                        SNOW, ICE PELLETS, HAIL    4 = ICE PELLETS
                        TOTAL MONTH:   0.0 INCH    5 = HAIL
                        GRTST 24HR     0.0         6 = FREEZING RAIN OR DRIZZLE
                        GRTST DEPTH:   0           7 = DUSTSTORM OR SANDSTORM:
                                                       VSBY 1/2 MILE OR LESS
                                                   8 = SMOKE OR HAZE
[NO. OF DAYS WITH]      [WEATHER - DAYS WITH]      9 = BLOWING SNOW
                                                   X = TORNADO
MAX 32 OR BELOW:   0    0.01 INCH OR MORE:  12
MAX 90 OR ABOVE:   0    0.10 INCH OR MORE:   9
MIN 32 OR BELOW:   0    0.50 INCH OR MORE:   3
MIN  0 OR BELOW:   0    1.00 INCH OR MORE:   2

[HDD (BASE 65) ]
TOTAL THIS MO.    18    CLEAR  (SCALE 0-3)  19
DPTR FM NORMAL     M    PTCLDY (SCALE 4-7)   4
TOTAL FM JUL 1  1044    CLOUDY (SCALE 8-10)  7
DPTR FM NORMAL     M

[CDD (BASE 65) ]
TOTAL THIS MO.   173
DPTR FM NORMAL     M    [PRESSURE DATA]
TOTAL FM JAN 1   331    HIGHEST SLP M ON M
DPTR FM NORMAL     M    LOWEST  SLP M ON M

[REMARKS]
#FINAL-04-16#
