746
CXUS54 KEWX 270910
CF63T5
PRELIMINARY LOCAL CLIMATOLOGICAL DATA (WS FORM: F-6)

                                          STATION:   LA GRANGE
                                          MONTH:     FEBRUARY
                                          YEAR:      2017
                                          LATITUDE:   29 54 N
                                          LONGITUDE:  96 57 W

  TEMPERATURE IN F:       :PCPN:    SNOW:  WIND      :SUNSHINE: SKY     :PK WND
================================================================================
1   2   3   4   5  6A  6B    7    8   9   10  11  12  13   14  15   16   17  18
                                     12Z  AVG MX 2MIN
DY MAX MIN AVG DEP HDD CDD  WTR  SNW DPTH SPD SPD DIR MIN PSBL S-S WX    SPD DR
================================================================================

 1  82  52  67   M   0   2 0.00    M    M  7.4 15 200   M    M   6 12     23 200
 2  70  49  60   M   5   0 0.00    M    M  8.4 15 340   M    M  10 8      18 350
 3  55  47  51   M  14   0 0.00    M    M  7.3 12  20   M    M  10        16  20
 4  57  52  55   M  10   0 0.01    M    M  3.1  7  60   M    M  10 1       M  M
 5  78  55  67   M   0   2 0.08    M    M  3.8 13 170   M    M   9 1      17 170
 6  83  68  76   M   0  11 0.00    M    M 11.0 17 200   M    M   9        25 190
 7  87  63  75   M   0  10 0.00    M    M  5.5 15 190   M    M   4 1      22 200
 8  88  58  73   M   0   8 0.00    M    M  7.9 15 360   M    M   3 12     22 360
 9  69  46  58   M   7   0 0.00    M    M  5.6 10  30   M    M   0 8      21  10
10  80  49  65   M   0   0 0.00    M    M  6.9 13 190   M    M   7        18 180
11  88  70  79   M   0  14 0.00    M    M 11.1 18 190   M    M   5        24 160
12  84  67  76   M   0  11 0.00    M    M  5.0 10  10   M    M   7         M  M
13  80  63  72   M   0   7 0.00    M    M  5.6 16 130   M    M   9 1      21 130
14  68  51  60   M   5   0 0.94    M    M 12.0 21 330   M    M  10 3      31 330
15  65  42  54   M  11   0 0.00    M    M  8.9 23 330   M    M   2        29 330
16  68  37  53   M  12   0 0.00    M    M  2.2  7 210   M    M   0         M  M
17  75  51  63   M   2   0 0.00    M    M  7.3 12 160   M    M   5        21 170
18  85  62  74   M   0   9 0.00    M    M  7.1 10 180   M    M   5 1      16 200
19  81  70  76   M   0  11 0.00    M    M  8.1 18 150   M    M  10 13     24 150
20  73  60  67   M   0   2 1.92    M    M  5.1 10 180   M    M   8 3       M  M
21  79  51  65   M   0   0 0.02    M    M  6.8 16 330   M    M   2        23 330
22  84  44  64   M   1   0 0.00    M    M  2.4  9 170   M    M   0         M  M
23  87  53  70   M   0   5 0.00    M    M  8.0 18 170   M    M   2 2      25 170
24  81  55  68   M   0   3 0.00    M    M  7.5 16 340   M    M   3 1      23 340
25  65  45  55   M  10   0 0.00    M    M  5.9 12  10   M    M   0        17  20
26  73  42  58   M   7   0 0.00  0.0    0  6.2 18 160   M    M   7 3      24 160
================================================================================
SM 1985 1402        84  95  2.97     0.0 176.1          M      143
================================================================================
AV 76.4 53.9                               6.8 FASTST   M    M   6    MAX(MPH)
                                 MISC ---->  # 23 330                 31    M
================================================================================
NOTES:
# LAST OF SEVERAL OCCURRENCES

COLUMN 17 PEAK WIND IN M.P.H.

PRELIMINARY LOCAL CLIMATOLOGICAL DATA (WS FORM: F-6) , PAGE 2

                                          STATION:  LA GRANGE
                                          MONTH:    FEBRUARY
                                          YEAR:     2017
                                          LATITUDE:   29 54 N
                                          LONGITUDE:  96 57 W

[TEMPERATURE DATA]      [PRECIPITATION DATA]       SYMBOLS USED IN COLUMN 16

AVERAGE MONTHLY: 65.1   TOTAL FOR MONTH:   2.97    1 = FOG OR MIST
DPTR FM NORMAL:     M   DPTR FM NORMAL:       M    2 = FOG REDUCING VISIBILITY
HIGHEST:    88 ON 11, 8 GRTST 24HR  1.92 ON 20-20      TO 1/4 MILE OR LESS
LOWEST:     37 ON 16                               3 = THUNDER
                        SNOW, ICE PELLETS, HAIL    4 = ICE PELLETS
                        TOTAL MONTH:   0.0 INCH    5 = HAIL
                        GRTST 24HR     0.0         6 = FREEZING RAIN OR DRIZZLE
                        GRTST DEPTH:   0           7 = DUSTSTORM OR SANDSTORM:
                                                       VSBY 1/2 MILE OR LESS
                                                   8 = SMOKE OR HAZE
[NO. OF DAYS WITH]      [WEATHER - DAYS WITH]      9 = BLOWING SNOW
                                                   X = TORNADO
MAX 32 OR BELOW:   0    0.01 INCH OR MORE:   5
MAX 90 OR ABOVE:   0    0.10 INCH OR MORE:   2
MIN 32 OR BELOW:   0    0.50 INCH OR MORE:   2
MIN  0 OR BELOW:   0    1.00 INCH OR MORE:   1

[HDD (BASE 65) ]
TOTAL THIS MO.    84    CLEAR  (SCALE 0-3)   8
DPTR FM NORMAL     M    PTCLDY (SCALE 4-7)  10
TOTAL FM JUL 1   667    CLOUDY (SCALE 8-10)  8
DPTR FM NORMAL     M

[CDD (BASE 65) ]
TOTAL THIS MO.    95
DPTR FM NORMAL     M    [PRESSURE DATA]
TOTAL FM JAN 1   147    HIGHEST SLP M ON M
DPTR FM NORMAL     M    LOWEST  SLP M ON M

[REMARKS]
