000
CXUS52 KTAE 230800
CF6AAF
PRELIMINARY LOCAL CLIMATOLOGICAL DATA (WS FORM: F-6)

                                          STATION:   APALACHICOLA
                                          MONTH:     FEBRUARY
                                          YEAR:      2017
                                          LATITUDE:   29 43 N
                                          LONGITUDE:  85  2 W

  TEMPERATURE IN F:       :PCPN:    SNOW:  WIND      :SUNSHINE: SKY     :PK WND
================================================================================
1   2   3   4   5  6A  6B    7    8   9   10  11  12  13   14  15   16   17  18
                                     12Z  AVG MX 2MIN
DY MAX MIN AVG DEP HDD CDD  WTR  SNW DPTH SPD SPD DIR MIN PSBL S-S WX    SPD DR
================================================================================

 1  72  47  60   7   5   0 0.00  0.0    0  3.1 10 170   M    M   1        14 170
 2  74  50  62   8   3   0 0.00  0.0    0  3.5 14 210   M    M   4        17 210
 3  78  52  65  11   0   0 0.00  0.0    0  5.8 18 310   M    M   3        23 330
 4  62  44  53  -1  12   0 0.00  0.0    0  9.6 17  20   M    M   0        22  20
 5  66  42  54   0  11   0 0.00  0.0    0  4.4 12 170   M    M   1        14 180
 6  68  48  58   4   7   0 0.00  0.0    0  4.1 13 140   M    M   1        16 130
 7  74  51  63   9   2   0 1.62  0.0    0  7.8 28 350   M    M   6 3      36  10
 8  76  60  68  14   0   3 0.04  0.0    0 12.0 20 250   M    M   8        25 260
 9  74  53  64  10   1   0 0.00  0.0    0 13.4 24  10   M    M   3 8      31 260
10  62  42  52  -3  13   0 0.00  0.0    0  7.6 15 110   M    M   0        20  70
11  74  47  61   6   4   0 0.00  0.0    0  6.1 14 180   M    M   1        16 180
12  77  65  71  16   0   6 0.00  0.0    0  8.5 18 250   M    M   7 1      23 260
13  80  55  68  13   0   3 0.00  0.0    0  6.1 17  20   M    M   0 1      20  30
14  74  52  63   8   2   0 0.00  0.0    0  6.1 16 260   M    M   1 12     18 250
15  74  52  63   8   2   0 0.01  0.0    0 16.5 31 220   M    M   5 1      39 230
16  68  41  55  -1  10   0 0.00  0.0    0  6.6 17 250   M    M   0        20 250
17  67  38  53  -3  12   0 0.00  0.0    0  3.4 12 160   M    M   0 1      15 180
18  68  57  63   7   2   0 0.39  0.0    0  6.2 20 130   M    M   7 12     28 120
19  80  53  67  11   0   2 0.00  0.0    0  4.0 15 190   M    M   5 12     19 200
20  75  55  65   9   0   0 0.00  0.0    0  4.6 15 110   M    M   3 12     20 110
21  72  58  65   9   0   0 1.19  0.0    0  7.3 18 310   M    M   7 1      21 310
22  71  59  65   8   0   0 1.12  0.0    0  8.6 14  70   M    M   7 13     21  90
================================================================================
SM 1586 1121        86  14  4.37     0.0 155.3          M       70
================================================================================
AV 72.1 51.0                               7.1 FASTST   M    M   3    MAX(MPH)
                                 MISC ---->  # 31 220               # 39  230
================================================================================
NOTES:
# LAST OF SEVERAL OCCURRENCES

COLUMN 17 PEAK WIND IN M.P.H.

PRELIMINARY LOCAL CLIMATOLOGICAL DATA (WS FORM: F-6) , PAGE 2

                                          STATION:  APALACHICOLA
                                          MONTH:    FEBRUARY
                                          YEAR:     2017
                                          LATITUDE:   29 43 N
                                          LONGITUDE:  85  2 W

[TEMPERATURE DATA]      [PRECIPITATION DATA]       SYMBOLS USED IN COLUMN 16

AVERAGE MONTHLY: 61.5   TOTAL FOR MONTH:   4.37    1 = FOG OR MIST
DPTR FM NORMAL:   6.6   DPTR FM NORMAL:    1.17    2 = FOG REDUCING VISIBILITY
HIGHEST:    80 ON 19,13 GRTST 24HR  2.26 ON 21-22      TO 1/4 MILE OR LESS
LOWEST:     38 ON 17                               3 = THUNDER
                        SNOW, ICE PELLETS, HAIL    4 = ICE PELLETS
                        TOTAL MONTH:   0.0 INCH    5 = HAIL
                        GRTST 24HR     0.0         6 = FREEZING RAIN OR DRIZZLE
                        GRTST DEPTH:   0           7 = DUSTSTORM OR SANDSTORM:
                                                       VSBY 1/2 MILE OR LESS
                                                   8 = SMOKE OR HAZE
[NO. OF DAYS WITH]      [WEATHER - DAYS WITH]      9 = BLOWING SNOW
                                                   X = TORNADO
MAX 32 OR BELOW:   0    0.01 INCH OR MORE:   6
MAX 90 OR ABOVE:   0    0.10 INCH OR MORE:   4
MIN 32 OR BELOW:   0    0.50 INCH OR MORE:   3
MIN  0 OR BELOW:   0    1.00 INCH OR MORE:   3

[HDD (BASE 65) ]
TOTAL THIS MO.    86    CLEAR  (SCALE 0-3)  12
DPTR FM NORMAL  -141    PTCLDY (SCALE 4-7)  10
TOTAL FM JUL 1   532    CLOUDY (SCALE 8-10)  0
DPTR FM NORMAL  -587

[CDD (BASE 65) ]
TOTAL THIS MO.    14
DPTR FM NORMAL    14    [PRESSURE DATA]
TOTAL FM JAN 1    51    HIGHEST SLP M ON M
DPTR FM NORMAL    47    LOWEST  SLP 29.67 ON 15

[REMARKS]
