000
CXUS51 KPHI 190800
CF6ABE
PRELIMINARY LOCAL CLIMATOLOGICAL DATA (WS FORM: F-6)

                                          STATION:   ALLENTOWN PA
                                          MONTH:     DECEMBER
                                          YEAR:      2014
                                          LATITUDE:   40 39 N
                                          LONGITUDE:  75 26 W

  TEMPERATURE IN F:       :PCPN:    SNOW:  WIND      :SUNSHINE: SKY     :PK WND
================================================================================
1   2   3   4   5  6A  6B    7    8   9   10  11  12  13   14  15   16   17  18
                                     12Z  AVG MX 2MIN
DY MAX MIN AVG DEP HDD CDD  WTR  SNW DPTH SPD SPD DIR MIN PSBL S-S WX    SPD DR
================================================================================

 1  59  34  47  10  18   0 0.08  0.0    1  4.9 18 350   M    M   6 18     23 350
 2  38  30  34  -3  31   0 0.32    T    0  7.6 16  70   M    M   6 16     21  50
 3  43  34  39   3  26   0 0.10  0.0    0  6.2 17 270   M    M   8 1      26 280
 4  43  26  35  -1  30   0 0.00  0.0    0  5.3 10 270   M    M   0        16 280
 5  36  25  31  -5  34   0 0.23    T    0  3.6 10  60   M    M   7 148    13  70
 6  44  35  40   5  25   0 0.45  0.0    0  5.2 20 360   M    M  10 1      24 350
 7  45  26  36   1  29   0 0.00  0.0    0 11.1 21  30   M    M   0        25  40
 8  30  19  25  -9  40   0 0.00  0.0    0 10.6 17  50   M    M   6        22  60
 9  44  30  37   3  28   0 1.06    T    0 11.1 20 330   M    M  10 146    26 320
10  42  31  37   3  28   0 0.02  0.4    0 15.1 28 330   M    M  10 1      38 340
11  37  30  34   0  31   0 0.01  0.2    0 10.7 18 260   M    M   9 1      24 260
12  37  31  34   1  31   0    T    T    0  8.5 16 310   M    M   8        22 330
13  40  29  35   2  30   0 0.00  0.0    0  7.0 15 310   M    M   8        21 300
14  45  36  41   9  24   0 0.00  0.0    0  9.2 20 320   M    M  10        26 320
15  47  30  39   7  26   0 0.00  0.0    0  5.3 15 330   M    M   6 18     20 330
16  45  33  39   7  26   0 0.22  0.0    0  4.0 12  90   M    M  10 1      14  60
17  51  37  44  12  21   0    T  0.0    0  9.6 22 280   M    M   9 12     28 290
18  39  34  37   6  28   0 0.00  0.0    0 11.8 23 290   M    M   9        31 270
================================================================================
SM  765  550       506   0  2.49     0.6 146.8          M      132
================================================================================
AV 42.5 30.6                               8.2 FASTST   M    M   7    MAX(MPH)
                                 MISC ---->  # 28 330               # 38  340
================================================================================
NOTES:
# LAST OF SEVERAL OCCURRENCES

COLUMN 17 PEAK WIND IN M.P.H.

PRELIMINARY LOCAL CLIMATOLOGICAL DATA (WS FORM: F-6) , PAGE 2

                                          STATION:  ALLENTOWN PA
                                          MONTH:    DECEMBER
                                          YEAR:     2014
                                          LATITUDE:   40 39 N
                                          LONGITUDE:  75 26 W

[TEMPERATURE DATA]      [PRECIPITATION DATA]       SYMBOLS USED IN COLUMN 16

AVERAGE MONTHLY: 36.5   TOTAL FOR MONTH:   2.49    1 = FOG OR MIST
DPTR FM NORMAL:   2.5   DPTR FM NORMAL:    0.24    2 = FOG REDUCING VISIBILITY
HIGHEST:    59 ON  1    GRTST 24HR  1.06 ON  9- 9      TO 1/4 MILE OR LESS
LOWEST:     19 ON  8                               3 = THUNDER
                        SNOW, ICE PELLETS, HAIL    4 = ICE PELLETS
                        TOTAL MONTH:   0.6 INCH    5 = HAIL
                        GRTST 24HR   0.4 ON   M    6 = FREEZING RAIN OR DRIZZLE
                        GRTST DEPTH:   1 ON  1     7 = DUSTSTORM OR SANDSTORM:
                                                       VSBY 1/2 MILE OR LESS
                                                   8 = SMOKE OR HAZE
[NO. OF DAYS WITH]      [WEATHER - DAYS WITH]      9 = BLOWING SNOW
                                                   X = TORNADO
MAX 32 OR BELOW:   1    0.01 INCH OR MORE:   9
MAX 90 OR ABOVE:   0    0.10 INCH OR MORE:   6
MIN 32 OR BELOW:  11    0.50 INCH OR MORE:   1
MIN  0 OR BELOW:   0    1.00 INCH OR MORE:   1

[HDD (BASE 65) ]
TOTAL THIS MO.   506    CLEAR  (SCALE 0-3)   2
DPTR FM NORMAL   -50    PTCLDY (SCALE 4-7)   7
TOTAL FM JUL 1  1641    CLOUDY (SCALE 8-10)  9
DPTR FM NORMAL   -95

[CDD (BASE 65) ]
TOTAL THIS MO.     0
DPTR FM NORMAL     0    [PRESSURE DATA]
TOTAL FM JAN 1   807    HIGHEST SLP M ON M
DPTR FM NORMAL    50    LOWEST  SLP 29.66 ON 10

[REMARKS]
