000
CXUS54 KSJT 011517
CF6ABI

PRELIMINARY LOCAL CLIMATOLOGICAL DATA (WS FORM: F-6)

                                          STATION:   ABILENE
                                          MONTH:     JULY
                                          YEAR:      2014
                                          LATITUDE:   32 25 N
                                          LONGITUDE:  99 41 W

  TEMPERATURE IN F:       :PCPN:    SNOW:  WIND      :SUNSHINE: SKY     :PK WND
================================================================================
1   2   3   4   5  6A  6B    7    8   9   10  11  12  13   14  15   16   17  18
                                     12Z  AVG MX 2MIN
DY MAX MIN AVG DEP HDD CDD  WTR  SNW DPTH SPD SPD DIR MIN PSBL S-S WX    SPD DR
================================================================================

 1  93  76  85   3   0  20 0.00  0.0    0 12.1 24 180   M    M   1        31 170
 2  93  70  82   0   0  17 0.27  0.0    0  8.1 25  50   M    M   1 138    36  60
 3  86  70  78  -4   0  13    T  0.0    0 11.2 20 110   M    M   1        25  70
 4  95  70  83   1   0  18 0.00  0.0    0 11.8 23 140   M    M   0        28 140
 5  95  72  84   2   0  19 0.00  0.0    0 12.2 20 170   M    M   0        29 190
 6  96  73  85   3   0  20 0.00  0.0    0 10.6 17 200   M    M   0        22 200
 7  98  74  86   4   0  21 0.00  0.0    0 10.2 21 180   M    M   1        26 210
 8  97  74  86   3   0  21 0.00  0.0    0  9.9 17 200   M    M   1        23 200
 9  98  75  87   4   0  22 0.00  0.0    0 11.5 21 150   M    M   1        28 170
10  97  74  86   3   0  21 0.00  0.0    0 12.6 22 170   M    M   0        28 170
11  92  70  81  -2   0  16 0.00  0.0    0 13.2 22 170   M    M   2        30 190
12  98  72  85   2   0  20 0.00  0.0    0 12.9 24 200   M    M   0        32 170
13  99  71  85   2   0  20 0.00  0.0    0  7.7 16 170   M    M   1        21 180
14 101  74  88   5   0  23    T  0.0    0  7.1 24  10   M    M   2        32  40
15  91  71  81  -2   0  16 0.00  0.0    0  7.7 16 150   M    M   3        22  70
16  93  70  82  -1   0  17 0.04  0.0    0 11.8 25 110   M    M   5        29 110
17  86  69  78  -5   0  13 1.78  0.0    0  9.2 20 190   M    M   7 13     27 190
18  80  66  73 -10   0   8 0.00  0.0    0  7.3 13 110   M    M   8        16  40
19  90  65  78  -5   0  13 0.00  0.0    0  7.7 15 160   M    M   1        18 170
20  93  73  83  -1   0  18 0.00  0.0    0 12.1 16 160   M    M   0 1      24 170
21  97  76  87   3   0  22 0.00  0.0    0 10.6 17 160   M    M   1        23 150
22  98  76  87   3   0  22 0.00  0.0    0  7.7 13 110   M    M   0 8      16 120
23  98  74  86   2   0  21 0.00  0.0    0  6.5 15 120   M    M   0 8      22  20
24  97  75  86   2   0  21 0.00  0.0    0  6.7 14 150   M    M   1 8      19 140
25  97  72  85   1   0  20 0.00  0.0    0  9.7 16 190   M    M   0 8      23 160
26  99  77  88   4   0  23 0.00  0.0    0 11.7 17 180   M    M   0        25 170
27 101  78  90   6   0  25 0.00  0.0    0 10.0 17 140   M    M   0        21 140
28  97  77  87   3   0  22 0.00  0.0    0 10.0 26  60   M    M   2        38  20
29  91  72  82  -2   0  17 0.31  0.0    0 10.4 25 310   M    M   2 13     18 310
30  98  73  86   2   0  21 0.06  0.0    0 11.5 23 190   M    M   2        30 180
31  83  69  76  -8   0  11 0.00  0.0    0 12.3 22  10   M    M   9 18     28  10
================================================================================
SM 2927 2248         0 581  2.46     0.0 314.0          M       52
================================================================================
AV 94.4 72.5                              10.1 FASTST   M    M   2    MAX(MPH)
                                 MISC ---->  # 26  60               # 38   20
================================================================================
NOTES:
# LAST OF SEVERAL OCCURRENCES

COLUMN 17 PEAK WIND IN M.P.H.

PRELIMINARY LOCAL CLIMATOLOGICAL DATA (WS FORM: F-6) , PAGE 2

                                          STATION:  ABILENE
                                          MONTH:    JULY
                                          YEAR:     2014
                                          LATITUDE:   32 25 N
                                          LONGITUDE:  99 41 W

[TEMPERATURE DATA]      [PRECIPITATION DATA]       SYMBOLS USED IN COLUMN 16

AVERAGE MONTHLY: 83.5   TOTAL FOR MONTH:   2.46    1 = FOG OR MIST
DPTR FM NORMAL:   0.4   DPTR FM NORMAL:    0.59    2 = FOG REDUCING VISIBILITY
HIGHEST:   101 ON 27,14 GRTST 24HR  1.82 ON 16-17      TO 1/4 MILE OR LESS
LOWEST:     65 ON 19                               3 = THUNDER
                        SNOW, ICE PELLETS, HAIL    4 = ICE PELLETS
                        TOTAL MONTH:   0.0 INCH    5 = HAIL
                        GRTST 24HR     0.0         6 = FREEZING RAIN OR DRIZZLE
                        GRTST DEPTH:   0           7 = DUSTSTORM OR SANDSTORM:
                                                       VSBY 1/2 MILE OR LESS
                                                   8 = SMOKE OR HAZE
[NO. OF DAYS WITH]      [WEATHER - DAYS WITH]      9 = BLOWING SNOW
                                                   X = TORNADO
MAX 32 OR BELOW:   0    0.01 INCH OR MORE:   5
MAX 90 OR ABOVE:  27    0.10 INCH OR MORE:   3
MIN 32 OR BELOW:   0    0.50 INCH OR MORE:   1
MIN  0 OR BELOW:   0    1.00 INCH OR MORE:   1

[HDD (BASE 65) ]
TOTAL THIS MO.     0    CLEAR  (SCALE 0-3)  27
DPTR FM NORMAL     0    PTCLDY (SCALE 4-7)   2
TOTAL FM JUL 1     0    CLOUDY (SCALE 8-10)  2
DPTR FM NORMAL     0

[CDD (BASE 65) ]
TOTAL THIS MO.   581
DPTR FM NORMAL    20    [PRESSURE DATA]
TOTAL FM JAN 1  1562    HIGHEST SLP 30.05 ON 31
DPTR FM NORMAL   169    LOWEST  SLP 29.77 ON 30

[REMARKS]

ON THE 18TH...THE OVERNIGHT LOW TEMPERATURE OF 66 DEGREES TIED THE
PREVIOUS RECORD SET IN 1960.

ON THE 19TH...THE OVERNIGHT LOW TEMPERATURE OF 65 DEGREES TIED THE
PREVIOUS RECORD SET IN 1984.

#FINAL-07-14#
