000
CXUS54 KSJT 271210
CF6ABI
PRELIMINARY LOCAL CLIMATOLOGICAL DATA (WS FORM: F-6)

                                          STATION:   ABILENE
                                          MONTH:     JULY
                                          YEAR:      2017
                                          LATITUDE:   32 25 N
                                          LONGITUDE:  99 41 W

  TEMPERATURE IN F:       :PCPN:    SNOW:  WIND      :SUNSHINE: SKY     :PK WND
================================================================================
1   2   3   4   5  6A  6B    7    8   9   10  11  12  13   14  15   16   17  18
                                     12Z  AVG MX 2MIN
DY MAX MIN AVG DEP HDD CDD  WTR  SNW DPTH SPD SPD DIR MIN PSBL S-S WX    SPD DR
================================================================================

 1  90  63  77  -5   0  12 0.99  0.0    0 11.8 46 320   M    M   3 13     60 320
 2  94  71  83   1   0  18 0.01  0.0    0 11.1 24 170   M    M   1        29 180
 3  95  73  84   2   0  19    T  0.0    0 11.5 29 320   M    M   1 38     37 330
 4  96  67  82   0   0  17 0.01  0.0    0  9.5 23 260   M    M   1 3      30 250
 5  91  66  79  -3   0  14    T  0.0    0  5.3 21 110   M    M   0        24 120
 6  90  68  79  -3   0  14 0.00  0.0    0  5.3 15 130   M    M   1        21 140
 7  93  69  81  -1   0  16 0.03  0.0    0  6.1 20 180   M    M   3 38     23 190
 8  95  69  82  -1   0  17    T  0.0    0  6.1 16 110   M    M   1 3      24 120
 9  95  70  83   0   0  18    T  0.0    0  8.8 25  40   M    M   2 3      35  40
10  94  67  81  -2   0  16 0.00  0.0    0 10.4 18 230   M    M   0        25 240
11  95  73  84   1   0  19 0.00  0.0    0 12.2 22 180   M    M   0        30 160
12  95  71  83   0   0  18 0.00  0.0    0 12.4 22 150   M    M   0        26 160
13  94  70  82  -1   0  17 0.00  0.0    0  8.6 20 140   M    M   1        23 170
14  95  71  83   0   0  18 0.00  0.0    0  7.3 15 110   M    M   1        19 110
15  98  72  85   2   0  20    T  0.0    0  7.7 17  90   M    M   1        22  90
16  92  71  82  -1   0  17    T  0.0    0  7.1 21  10   M    M   2 3      26  10
17  95  72  84   1   0  19 0.00  0.0    0  8.9 22 120   M    M   1        27 120
18  96  71  84   1   0  19 0.00  0.0    0  9.2 20 140   M    M   1        24 130
19  97  73  85   2   0  20 0.00  0.0    0  9.9 20 130   M    M   1        25 170
20  98  74  86   2   0  21 0.00  0.0    0  9.9 16 200   M    M   1        21 140
21  99  74  87   3   0  22 0.00  0.0    0 10.4 20 160   M    M   1        24 140
22 100  74  87   3   0  22 0.00  0.0    0 10.3 18 130   M    M   1        23 200
23 101  72  87   3   0  22 0.00  0.0    0  8.2 24 220   M    M   0 3      32 230
24  96  72  84   0   0  19 0.01  0.0    0  8.6 21  60   M    M   2 3      27  50
25  98  73  86   2   0  21 0.00  0.0    0 10.7 21 140   M    M   1        27 130
26  99  75  87   3   0  22 0.00  0.0    0 12.4 21 190   M    M   1        29 170
================================================================================
SM 2481 1841         0 477  1.05     0.0 239.7          M       28
================================================================================
AV 95.4 70.8                               9.2 FASTST   M    M   1    MAX(MPH)
                                 MISC ---->  # 46 320               # 60  320
================================================================================
NOTES:
# LAST OF SEVERAL OCCURRENCES

COLUMN 17 PEAK WIND IN M.P.H.

PRELIMINARY LOCAL CLIMATOLOGICAL DATA (WS FORM: F-6) , PAGE 2

                                          STATION:  ABILENE
                                          MONTH:    JULY
                                          YEAR:     2017
                                          LATITUDE:   32 25 N
                                          LONGITUDE:  99 41 W

[TEMPERATURE DATA]      [PRECIPITATION DATA]       SYMBOLS USED IN COLUMN 16

AVERAGE MONTHLY: 83.1   TOTAL FOR MONTH:   1.05    1 = FOG OR MIST
DPTR FM NORMAL:   0.1   DPTR FM NORMAL:   -0.52    2 = FOG REDUCING VISIBILITY
HIGHEST:   101 ON 23    GRTST 24HR  0.99 ON  1- 1      TO 1/4 MILE OR LESS
LOWEST:     63 ON  1                               3 = THUNDER
                        SNOW, ICE PELLETS, HAIL    4 = ICE PELLETS
                        TOTAL MONTH:   0.0 INCH    5 = HAIL
                        GRTST 24HR     0.0         6 = FREEZING RAIN OR DRIZZLE
                        GRTST DEPTH:   0           7 = DUSTSTORM OR SANDSTORM:
                                                       VSBY 1/2 MILE OR LESS
                                                   8 = SMOKE OR HAZE
[NO. OF DAYS WITH]      [WEATHER - DAYS WITH]      9 = BLOWING SNOW
                                                   X = TORNADO
MAX 32 OR BELOW:   0    0.01 INCH OR MORE:   5
MAX 90 OR ABOVE:  26    0.10 INCH OR MORE:   1
MIN 32 OR BELOW:   0    0.50 INCH OR MORE:   1
MIN  0 OR BELOW:   0    1.00 INCH OR MORE:   0

[HDD (BASE 65) ]
TOTAL THIS MO.     0    CLEAR  (SCALE 0-3)  26
DPTR FM NORMAL     0    PTCLDY (SCALE 4-7)   0
TOTAL FM JUL 1     0    CLOUDY (SCALE 8-10)  0
DPTR FM NORMAL     0

[CDD (BASE 65) ]
TOTAL THIS MO.   477
DPTR FM NORMAL    10    [PRESSURE DATA]
TOTAL FM JAN 1  1342    HIGHEST SLP M ON M
DPTR FM NORMAL    43    LOWEST  SLP 29.76 ON 22

[REMARKS]
