000
CXUS55 KABQ 191220
CF6ABQ
PRELIMINARY LOCAL CLIMATOLOGICAL DATA (WS FORM: F-6)

                                          STATION:   ALBUQUERQUE  NM
                                          MONTH:     FEBRUARY
                                          YEAR:      2018
                                          LATITUDE:   35  2 N
                                          LONGITUDE: 106 37 W

  TEMPERATURE IN F:       :PCPN:    SNOW:  WIND      :SUNSHINE: SKY     :PK WND
================================================================================
1   2   3   4   5  6A  6B    7    8   9   10  11  12  13   14  15   16   17  18
                                     12Z  AVG MX 2MIN
DY MAX MIN AVG DEP HDD CDD  WTR  SNW DPTH SPD SPD DIR MIN PSBL S-S WX    SPD DR
================================================================================

 1  67  32  50  12  15   0 0.00  0.0    0  4.1 20  80   M    M   7        22  80
 2  61  33  47   8  18   0 0.00  0.0    0  5.7 12 200   M    M   3        14  10
 3  63  32  48   9  17   0 0.00  0.0    0 10.6 28 320   M    M   2        37 330
 4  65  34  50  11  15   0 0.00  0.0    0  4.0 16 340   M    M   3        19 340
 5  65  34  50  11  15   0 0.00  0.0    0  6.9 20 330   M    M   4        26 310
 6  55  37  46   7  19   0 0.00  0.0    0 10.2 21 350   M    M   5        28 360
 7  56  32  44   4  21   0 0.00  0.0    0  7.9 15 360   M    M   1        20 360
 8  61  29  45   5  20   0 0.00  0.0    0  4.5 17  30   M    M   4        19  20
 9  65  30  48   8  17   0 0.00  0.0    0  5.0 16  20   M    M   6        19  20
10  67  39  53  13  12   0 0.00  0.0    0 15.8 30 250   M    M   7        40 270
11  46  31  39  -1  26   0 0.00  0.0    0  7.3 23 350   M    M   3        29 330
12  59  31  45   4  20   0 0.00  0.0    0 14.3 39 170   M    M   6 8      44 170
13  60  37  49   8  16   0 0.00  0.0    0  5.9 15 200   M    M   8        22 190
14  59  41  50   9  15   0 0.20  0.0    0  6.1 21 250   M    M  10 1      27 240
15  49  41  45   3  20   0 0.24  0.0    0  5.3 12 160   M    M   9 1      14 170
16  48  35  42   0  23   0    T  0.0    0  4.8 14 160   M    M   9        17 160
17  57  31  44   2  21   0 0.00  0.0    0  5.0 15 360   M    M   6 12     19 300
18  62  36  49   7  16   0    T  0.0    0  8.2 26 280   M    M   7 3      32 280
================================================================================
SM 1065  615       326   0  0.44     0.0 131.6          M      100
================================================================================
AV 59.2 34.2                               7.3 FASTST   M    M   6    MAX(MPH)
                                 MISC ---->  # 39 170               # 44  170
================================================================================
NOTES:
# LAST OF SEVERAL OCCURRENCES

COLUMN 17 PEAK WIND IN M.P.H.

PRELIMINARY LOCAL CLIMATOLOGICAL DATA (WS FORM: F-6) , PAGE 2

                                          STATION:  ALBUQUERQUE  NM
                                          MONTH:    FEBRUARY
                                          YEAR:     2018
                                          LATITUDE:   35  2 N
                                          LONGITUDE: 106 37 W

[TEMPERATURE DATA]      [PRECIPITATION DATA]       SYMBOLS USED IN COLUMN 16

AVERAGE MONTHLY: 46.7   TOTAL FOR MONTH:   0.44    1 = FOG OR MIST
DPTR FM NORMAL:   6.4   DPTR FM NORMAL:    0.14    2 = FOG REDUCING VISIBILITY
HIGHEST:    67 ON 10, 1 GRTST 24HR  0.24 ON 15-15      TO 1/4 MILE OR LESS
LOWEST:     29 ON  8                               3 = THUNDER
                        SNOW, ICE PELLETS, HAIL    4 = ICE PELLETS
                        TOTAL MONTH:   0.0 INCH    5 = HAIL
                        GRTST 24HR     0.0         6 = FREEZING RAIN OR DRIZZLE
                        GRTST DEPTH:   0           7 = DUSTSTORM OR SANDSTORM:
                                                       VSBY 1/2 MILE OR LESS
                                                   8 = SMOKE OR HAZE
[NO. OF DAYS WITH]      [WEATHER - DAYS WITH]      9 = BLOWING SNOW
                                                   X = TORNADO
MAX 32 OR BELOW:   0    0.01 INCH OR MORE:   2
MAX 90 OR ABOVE:   0    0.10 INCH OR MORE:   2
MIN 32 OR BELOW:   8    0.50 INCH OR MORE:   0
MIN  0 OR BELOW:   0    1.00 INCH OR MORE:   0

[HDD (BASE 65) ]
TOTAL THIS MO.   326    CLEAR  (SCALE 0-3)   5
DPTR FM NORMAL  -120    PTCLDY (SCALE 4-7)  10
TOTAL FM JUL 1  2451    CLOUDY (SCALE 8-10)  3
DPTR FM NORMAL  -637

[CDD (BASE 65) ]
TOTAL THIS MO.     0
DPTR FM NORMAL     0    [PRESSURE DATA]
TOTAL FM JAN 1     0    HIGHEST SLP M ON M
DPTR FM NORMAL     0    LOWEST  SLP 29.49 ON 10

[REMARKS]
