000
CXUS55 KABR 311400
CF6ABR
PRELIMINARY LOCAL CLIMATOLOGICAL DATA (WS FORM: F-6)

                                          STATION:   ABERDEEN SD
                                          MONTH:     JULY
                                          YEAR:      2015
                                          LATITUDE:   45 27 N
                                          LONGITUDE:  98 26 W

  TEMPERATURE IN F:       :PCPN:    SNOW:  WIND      :SUNSHINE: SKY     :PK WND
================================================================================
1   2   3   4   5  6A  6B    7    8   9   10  11  12  13   14  15   16   17  18
                                     12Z  AVG MX 2MIN
DY MAX MIN AVG DEP HDD CDD  WTR  SNW DPTH SPD SPD DIR MIN PSBL S-S WX    SPD DR
================================================================================

 1  79  63  71   1   0   6 0.08  0.0    0  7.0 13 100   M    M   7 18     17  80
 2  73  60  67  -3   0   2 0.60  0.0    0  6.0 13 150   M    M   5 13     15 150
 3  84  60  72   2   0   7 0.00  0.0    0  3.6  9 340   M    M   6 18     13 290
 4  87  62  75   5   0  10 0.78  0.0    0 11.1 26 160   M    M   3 138    35 140
 5  91  64  78   8   0  13 1.42  0.0    0 11.5 35 250   M    M   3 13     52 260
 6  74  54  64  -7   1   0 0.09  0.0    0 11.5 21 360   M    M   5 18     26 350
 7  74  48  61 -10   4   0 0.00  0.0    0  7.3 15 170   M    M   0 1      19 160
 8  80  54  67  -4   0   2    T  0.0    0  8.6 22 160   M    M   4        25 160
 9  83  48  66  -5   0   1 0.00  0.0    0  4.7 10 160   M    M   0 18     14 200
10  87  57  72   1   0   7 0.00  0.0    0 13.0 24 160   M    M   2        30 150
11  90  70  80   9   0  15    T  0.0    0 12.7 20 160   M    M   2 1      26 150
12  97  70  84  13   0  19 0.00  0.0    0 10.8 22 210   M    M   0 1      28 210
13  93  62  78   7   0  13 0.00  0.0    0 12.2 24 280   M    M   1        30 290
14  88  64  76   4   0  11 0.00  0.0    0  4.5 12 340   M    M   0        14 340
15  89  66  78   6   0  13 0.05  0.0    0  8.0 25  90   M    M   1 38     33  90
16  85  63  74   2   0   9 0.14  0.0    0  6.3 17 330   M    M   4 13     25 330
17  91  61  76   4   0  11 0.05  0.0    0  6.6 36 330   M    M   1 13     48 320
18  81  57  69  -3   0   4 0.00  0.0    0 12.0 29 290   M    M   0 1      36 280
19  90  53  72   0   0   7 0.00  0.0    0  9.2 21 250   M    M   0        28 250
20  81  56  69  -3   0   4 0.00  0.0    0 10.0 20 350   M    M   1        27 330
21  84  50  67  -5   0   2 0.00  0.0    0  6.7 16 170   M    M   1        25 160
22  87  65  76   4   0  11 0.00  0.0    0 13.4 22 160   M    M   3        26 170
23  92  65  79   7   0  14 0.00  0.0    0 15.2 30 170   M    M   0 3      38 170
24  88  65  77   5   0  12 0.00  0.0    0  9.1 18 320   M    M   2        25 350
25  87  62  75   3   0  10 0.27  0.0    0  8.7 38 140   M    M   4 13     48 140
26  87  57  72   0   0   7 0.00  0.0    0  6.2 15 160   M    M   0        19 110
27  92  68  80   8   0  15 0.02  0.0    0 11.9 24 140   M    M   3 138    29 160
28  81  60  71  -1   0   6 0.56  0.0    0 17.0 37 270   M    M   2 138    49 220
29  85  55  70  -2   0   5 0.00  0.0    0 14.3 29 270   M    M   0        37 290
30  90  53  72   0   0   7 0.00  0.0    0  7.1 21 330   M    M   0 8      27 320
================================================================================
SM 2570 1792         5 243  4.06     0.0 286.2          M       60
================================================================================
AV 85.7 59.7                               9.5 FASTST   M    M   2    MAX(MPH)
                                 MISC ---->  # 38 140               # 52  260
================================================================================
NOTES:
# LAST OF SEVERAL OCCURRENCES

COLUMN 17 PEAK WIND IN M.P.H.

PRELIMINARY LOCAL CLIMATOLOGICAL DATA (WS FORM: F-6) , PAGE 2

                                          STATION:  ABERDEEN SD
                                          MONTH:    JULY
                                          YEAR:     2015
                                          LATITUDE:   45 27 N
                                          LONGITUDE:  98 26 W

[TEMPERATURE DATA]      [PRECIPITATION DATA]       SYMBOLS USED IN COLUMN 16

AVERAGE MONTHLY: 72.7   TOTAL FOR MONTH:   4.06    1 = FOG OR MIST
DPTR FM NORMAL:   1.3   DPTR FM NORMAL:    1.12    2 = FOG REDUCING VISIBILITY
HIGHEST:    97 ON 12    GRTST 24HR  2.20 ON  4- 5      TO 1/4 MILE OR LESS
LOWEST:     48 ON  9, 7                            3 = THUNDER
                        SNOW, ICE PELLETS, HAIL    4 = ICE PELLETS
                        TOTAL MONTH:   0.0 INCH    5 = HAIL
                        GRTST 24HR     0.0         6 = FREEZING RAIN OR DRIZZLE
                        GRTST DEPTH:   0           7 = DUSTSTORM OR SANDSTORM:
                                                       VSBY 1/2 MILE OR LESS
                                                   8 = SMOKE OR HAZE
[NO. OF DAYS WITH]      [WEATHER - DAYS WITH]      9 = BLOWING SNOW
                                                   X = TORNADO
MAX 32 OR BELOW:   0    0.01 INCH OR MORE:  11
MAX 90 OR ABOVE:   9    0.10 INCH OR MORE:   6
MIN 32 OR BELOW:   0    0.50 INCH OR MORE:   4
MIN  0 OR BELOW:   0    1.00 INCH OR MORE:   1

[HDD (BASE 65) ]
TOTAL THIS MO.     5    CLEAR  (SCALE 0-3)  21
DPTR FM NORMAL    -3    PTCLDY (SCALE 4-7)   9
TOTAL FM JUL 1     5    CLOUDY (SCALE 8-10)  0
DPTR FM NORMAL    -3

[CDD (BASE 65) ]
TOTAL THIS MO.   243
DPTR FM NORMAL    42    [PRESSURE DATA]
TOTAL FM JAN 1   396    HIGHEST SLP M ON M
DPTR FM NORMAL    80    LOWEST  SLP 29.53 ON 28

[REMARKS]
