000
CXUS54 KFWD 240730
CF6ACT
PRELIMINARY LOCAL CLIMATOLOGICAL DATA (WS FORM: F-6)

                                          STATION:   WACO
                                          MONTH:     MAY
                                          YEAR:      2016
                                          LATITUDE:   31 37 N
                                          LONGITUDE:  97 13 W

  TEMPERATURE IN F:       :PCPN:    SNOW:  WIND      :SUNSHINE: SKY     :PK WND
================================================================================
1   2   3   4   5  6A  6B    7    8   9   10  11  12  13   14  15   16   17  18
                                     12Z  AVG MX 2MIN
DY MAX MIN AVG DEP HDD CDD  WTR  SNW DPTH SPD SPD DIR MIN PSBL S-S WX    SPD DR
================================================================================

 1  77  59  68  -2   0   3 0.00  0.0    0 11.6 22  20   M    M   4 1      27  30
 2  66  53  60 -11   5   0 0.35  0.0    0 11.7 22 320   M    M   8 13     27 340
 3  75  47  61 -10   4   0 0.00  0.0    0  6.0 16 350   M    M   0        19 350
 4  84  50  67  -4   0   2 0.00  0.0    0  7.3 17 300   M    M   0        23 280
 5  84  52  68  -3   0   3 0.00  0.0    0  4.2 13 340   M    M   0        16  10
 6  84  50  67  -5   0   2 0.00  0.0    0  4.7 12 110   M    M   0        15  90
 7  84  56  70  -2   0   5 0.00  0.0    0 12.3 22 150   M    M   0        27 160
 8  74  68  71  -1   0   6 0.09  0.0    0 16.2 29 170   M    M   7 1      38 170
 9  88  66  77   4   0  12 0.00  0.0    0 14.9 26 200   M    M   4        35 200
10  92  64  78   5   0  13 1.15  0.0    0 15.6 53 290   M    M   5 138    74 290
11  88  65  77   4   0  12 0.28  0.0    0 12.3 23 120   M    M   0 13     30 120
12  84  66  75   2   0  10 0.00  0.0    0  6.9 18  10   M    M   3        24  40
13  88  64  76   2   0  11 0.00  0.0    0  5.0 12 100   M    M   3        15  80
14  77  63  70  -4   0   5 0.72  0.0    0  8.3 30 260   M    M   6 38     37 260
15  76  58  67  -7   0   2 0.00  0.0    0  7.2 15 160   M    M   6        20  10
16  80  66  73  -1   0   8 0.18  0.0    0 10.9 18 140   M    M   8 1      24 160
17  83  62  73  -2   0   8 0.01  0.0    0  8.4 25  10   M    M   7 1      32  10
18  69  60  65 -10   0   0    T  0.0    0 10.3 22 350   M    M   8 1      27 350
19  68  57  63 -12   2   0 1.09  0.0    0  7.2 20 130   M    M   9 13     22 140
20  82  56  69  -7   0   4 0.00  0.0    0  4.4 10 120   M    M   4 12     14  80
21  84  63  74  -2   0   9 0.00  0.0    0  6.4 14 110   M    M   4 1      16 120
22  87  70  79   3   0  14 0.00  0.0    0  8.4 21 120   M    M   6 12     25 120
23  83  72  78   2   0  13    T  0.0    0 12.5 20 130   M    M   7 18     26 170
================================================================================
SM 1857 1387        11 142  3.87     0.0 212.7          M       99
================================================================================
AV 80.7 60.3                               9.2 FASTST   M    M   4    MAX(MPH)
                                 MISC ---->  # 53 290               # 74  290
================================================================================
NOTES:
# LAST OF SEVERAL OCCURRENCES

COLUMN 17 PEAK WIND IN M.P.H.

PRELIMINARY LOCAL CLIMATOLOGICAL DATA (WS FORM: F-6) , PAGE 2

                                          STATION:  WACO
                                          MONTH:    MAY
                                          YEAR:     2016
                                          LATITUDE:   31 37 N
                                          LONGITUDE:  97 13 W

[TEMPERATURE DATA]      [PRECIPITATION DATA]       SYMBOLS USED IN COLUMN 16

AVERAGE MONTHLY: 70.5   TOTAL FOR MONTH:   3.87    1 = FOG OR MIST
DPTR FM NORMAL:  -2.8   DPTR FM NORMAL:    0.72    2 = FOG REDUCING VISIBILITY
HIGHEST:    92 ON 10    GRTST 24HR  1.15 ON 10-10      TO 1/4 MILE OR LESS
LOWEST:     47 ON  3                               3 = THUNDER
                        SNOW, ICE PELLETS, HAIL    4 = ICE PELLETS
                        TOTAL MONTH:   0.0 INCH    5 = HAIL
                        GRTST 24HR     0.0         6 = FREEZING RAIN OR DRIZZLE
                        GRTST DEPTH:   0           7 = DUSTSTORM OR SANDSTORM:
                                                       VSBY 1/2 MILE OR LESS
                                                   8 = SMOKE OR HAZE
[NO. OF DAYS WITH]      [WEATHER - DAYS WITH]      9 = BLOWING SNOW
                                                   X = TORNADO
MAX 32 OR BELOW:   0    0.01 INCH OR MORE:   8
MAX 90 OR ABOVE:   1    0.10 INCH OR MORE:   6
MIN 32 OR BELOW:   0    0.50 INCH OR MORE:   3
MIN  0 OR BELOW:   0    1.00 INCH OR MORE:   2

[HDD (BASE 65) ]
TOTAL THIS MO.    11    CLEAR  (SCALE 0-3)   8
DPTR FM NORMAL     7    PTCLDY (SCALE 4-7)  13
TOTAL FM JUL 1  1691    CLOUDY (SCALE 8-10)  2
DPTR FM NORMAL  -449

[CDD (BASE 65) ]
TOTAL THIS MO.   142
DPTR FM NORMAL   -56    [PRESSURE DATA]
TOTAL FM JAN 1   286    HIGHEST SLP M ON M
DPTR FM NORMAL   -66    LOWEST  SLP 29.57 ON  9

[REMARKS]
