000
CXUS54 KLCH 290910
CF6AEX
PRELIMINARY LOCAL CLIMATOLOGICAL DATA (WS FORM: F-6)

                                          STATION:   ALEXANDRIA
                                          MONTH:     MAY
                                          YEAR:      2015
                                          LATITUDE:   31 19 N
                                          LONGITUDE:  92 33 W

  TEMPERATURE IN F:       :PCPN:    SNOW:  WIND      :SUNSHINE: SKY     :PK WND
================================================================================
1   2   3   4   5  6A  6B    7    8   9   10  11  12  13   14  15   16   17  18
                                     12Z  AVG MX 2MIN
DY MAX MIN AVG DEP HDD CDD  WTR  SNW DPTH SPD SPD DIR MIN PSBL S-S WX    SPD DR
================================================================================

 1  85  54  70  -1   0   5    T  0.0    0  3.0 10 330   M    M   2        13 330
 2  84  56  70  -1   0   5    T  0.0    0  3.0 10 110   M    M   1        14 140
 3  84  59  72   1   0   7 0.00  0.0    0  4.4 14 170   M    M   2 18     21 150
 4  85  60  73   2   0   8 0.07  0.0    0  5.7 24 150   M    M   2 138    32 150
 5  85  65  75   3   0  10    T  0.0    0  9.3 20 140   M    M   5        24 140
 6  85  60  73   1   0   8 0.00  0.0    0  6.6 15 120   M    M   2        20 130
 7  86  66  76   4   0  11    M  0.0    0  8.1 20 190   M    M   6 13     26 190
 8  87  70  79   7   0  14 0.00  0.0    0  8.0 16 190   M    M   6 1      20 180
 9  89  73  81   8   0  16    T  0.0    0  9.6 20 150   M    M   3        26 180
10  89  73  81   8   0  16    T  0.0    0 10.9 18 150   M    M   5 1      27 150
11  77  64  71  -2   0   6    T  0.0    0  5.2 26 310   M    M   5 1      35 320
12  79  68  74   0   0   9 0.00  0.0    0  5.5 15  40   M    M   4 1      18  30
13  79  66  73  -1   0   8 0.01  0.0    0  5.8 14 110   M    M   5 1      17 110
14  89  68  79   5   0  14    T  0.0    0  4.7 18 110   M    M   2 3      24 110
15  86  69  78   4   0  13    M  0.0    0  6.9 14 130   M    M   3 138    18 150
16  89  72  81   6   0  16    M  0.0    0  9.6 23 190   M    M   6 3      34 200
17  89  70  80   5   0  15    M  0.0    0  9.5 21 180   M    M   6 138    27 170
18  75  65  70  -5   0   5 2.17  0.0    0  6.6 18  90   M    M   8 123    28  70
19  87  64  76   1   0  11 0.00  0.0    0  4.2 10 120   M    M   4 1      13 110
20  89  68  79   3   0  14    T  0.0    0  3.8 15 330   M    M   4 12     19 330
21  77  59  68  -8   0   3 1.38  0.0    0  7.0 29 340   M    M   9 13     38 330
22  77  56  67  -9   0   2 0.00  0.0    0  5.2 14  30   M    M   8        19  20
23  87  65  76   0   0  11 0.00  0.0    0  7.4 16 130   M    M   3        20 130
24   M   M   M   M   M   M    M    M    M   M   M   M   M    M   M         M  M
25  88  64  76   0   0  11 0.96  0.0    0  9.0 32 300   M    M   6 13     45 120
26  81  64  73  -4   0   8 0.40  0.0    0  6.5 21 130   M    M   5 13     28 140
27  84  67  76  -1   0  11 0.99  0.0    0  4.6 21 320   M    M   3 13     26 320
28  91  68  80   3   0  15 0.00  0.0    0  3.8 16  20   M    M   1 13     26  30
================================================================================
SM 2283 1753         0 272  5.98     0.0 173.9          M      116
================================================================================
AV 84.6 64.9                               6.4 FASTST   M    M   4    MAX(MPH)
                                 MISC ---->  # 32 300               # 45  120
================================================================================
NOTES:
# LAST OF SEVERAL OCCURRENCES

COLUMN 17 PEAK WIND IN M.P.H.

PRELIMINARY LOCAL CLIMATOLOGICAL DATA (WS FORM: F-6) , PAGE 2

                                          STATION:  ALEXANDRIA
                                          MONTH:    MAY
                                          YEAR:     2015
                                          LATITUDE:   31 19 N
                                          LONGITUDE:  92 33 W

[TEMPERATURE DATA]      [PRECIPITATION DATA]       SYMBOLS USED IN COLUMN 16

AVERAGE MONTHLY: 74.7   TOTAL FOR MONTH:   5.98    1 = FOG OR MIST
DPTR FM NORMAL:   0.7   DPTR FM NORMAL:    1.75    2 = FOG REDUCING VISIBILITY
HIGHEST:    91 ON 28    GRTST 24HR  2.17 ON 18-18      TO 1/4 MILE OR LESS
LOWEST:     54 ON  1                               3 = THUNDER
                        SNOW, ICE PELLETS, HAIL    4 = ICE PELLETS
                        TOTAL MONTH:   0.0 INCH    5 = HAIL
                        GRTST 24HR     0.0         6 = FREEZING RAIN OR DRIZZLE
                        GRTST DEPTH:   0           7 = DUSTSTORM OR SANDSTORM:
                                                       VSBY 1/2 MILE OR LESS
                                                   8 = SMOKE OR HAZE
[NO. OF DAYS WITH]      [WEATHER - DAYS WITH]      9 = BLOWING SNOW
                                                   X = TORNADO
MAX 32 OR BELOW:   0    0.01 INCH OR MORE:   7
MAX 90 OR ABOVE:   1    0.10 INCH OR MORE:   5
MIN 32 OR BELOW:   0    0.50 INCH OR MORE:   4
MIN  0 OR BELOW:   0    1.00 INCH OR MORE:   2

[HDD (BASE 65) ]
TOTAL THIS MO.     0    CLEAR  (SCALE 0-3)  10
DPTR FM NORMAL     0    PTCLDY (SCALE 4-7)  15
TOTAL FM JUL 1  2057    CLOUDY (SCALE 8-10)  2
DPTR FM NORMAL   110

[CDD (BASE 65) ]
TOTAL THIS MO.   272
DPTR FM NORMAL    15    [PRESSURE DATA]
TOTAL FM JAN 1   469    HIGHEST SLP M ON M
DPTR FM NORMAL    53    LOWEST  SLP 29.91 ON 25

[REMARKS]
