000
CXUS54 KFWD 270730
CF6AFW
PRELIMINARY LOCAL CLIMATOLOGICAL DATA (WS FORM: F-6)

                                          STATION:   FORT WORTH ALLIANCE
                                          MONTH:     FEBRUARY
                                          YEAR:      2015
                                          LATITUDE:   32 58 N
                                          LONGITUDE:  97 19 W

  TEMPERATURE IN F:       :PCPN:    SNOW:  WIND      :SUNSHINE: SKY     :PK WND
================================================================================
1   2   3   4   5  6A  6B    7    8   9   10  11  12  13   14  15   16   17  18
                                     12Z  AVG MX 2MIN
DY MAX MIN AVG DEP HDD CDD  WTR  SNW DPTH SPD SPD DIR MIN PSBL S-S WX    SPD DR
================================================================================

 1  56  32  44  -3  21   0 0.05  0.0    0 12.6 28 350   M    M   6 1      33 340
 2  42  22  32 -15  33   0 0.00  0.0    0  7.8 23 350   M    M   3        28 350
 3  55  31  43  -4  22   0 0.00  0.0    0  8.3 17 160   M    M   8        22 160
 4  54  35  45  -2  20   0    T  0.0    0 10.8 28 350   M    M   9 18     37 360
 5  35  28  32 -15  33   0    T  0.0    0  9.2 21 360   M    M   9 168    26 360
 6  59  31  45  -2  20   0 0.00  0.0    0  8.0 16 170   M    M   6 18     22 170
 7  70  41  56   9   9   0 0.00  0.0    0 13.0 23 170   M    M   0 18     30 170
 8  74  45  60  12   5   0 0.00  0.0    0  6.2 17 190   M    M   0 1      27 190
 9  75  39  57   9   8   0 0.00  0.0    0  3.5 14  30   M    M   0        18  30
10  76  36  56   8   9   0 0.00  0.0    0  8.3 18 170   M    M   0        24 170
11  66  43  55   7  10   0 0.00  0.0    0 10.6 25  10   M    M   3        30  10
12  55  30  43  -5  22   0 0.00  0.0    0  9.0 20  30   M    M   3        25  10
13  68  28  48   0  17   0 0.00  0.0    0  4.8 17 220   M    M   2        22 220
14  79  33  56   8   9   0 0.00  0.0    0  4.6 13 230   M    M   0        18 260
15  76  43  60  11   5   0 0.01  0.0    0 10.0 21 180   M    M   7 1      27 190
16  50  28  39 -10  26   0 0.17    M    0 14.0 25 340   M    M   9 16     32 340
17  53  27  40  -9  25   0    T    M    0  7.1 24 320   M    M   7        29 340
18  57  25  41  -8  24   0 0.00  0.0    0  2.7 12  30   M    M   1 1      15  50
19  61  31  46  -4  19   0 0.00  0.0    0  9.5 18 140   M    M   3        24 140
20  71  47  59   9   6   0 0.00  0.0    0 15.0 25 190   M    M   8 18     37 180
21  65  45  55   5  10   0 0.00  0.0    0 12.2 24 190   M    M   6 18     35 190
22  48  28  38 -12  27   0 1.17    M    0 15.5 26  10   M    M  10 1      31  10
23  28  24  26 -24  39   0 0.22    M    M 13.8 24  10   M    M  10 145689 29  10
24  35  24  30 -21  35   0    T    M    0  5.6 13 340   M    M  10 18     15 330
25  54  32  43  -8  22   0 0.71    M    0  3.0 10 300   M    M   6 1468   15 310
26  38  30  34 -17  31   0    T    T    0 15.0 29 360   M    M   9 1      33 350
================================================================================
SM 1500  858       507   0  2.33    T    240.1          M      135
================================================================================
AV 57.7 33.0                               9.2 FASTST   M    M   5    MAX(MPH)
                                 MISC ---->  # 29 360               # 37  360
================================================================================
NOTES:
# LAST OF SEVERAL OCCURRENCES

COLUMN 17 PEAK WIND IN M.P.H.

PRELIMINARY LOCAL CLIMATOLOGICAL DATA (WS FORM: F-6) , PAGE 2

                                          STATION:  FORT WORTH ALLIANCE
                                          MONTH:    FEBRUARY
                                          YEAR:     2015
                                          LATITUDE:   32 58 N
                                          LONGITUDE:  97 19 W

[TEMPERATURE DATA]      [PRECIPITATION DATA]       SYMBOLS USED IN COLUMN 16

AVERAGE MONTHLY: 45.3   TOTAL FOR MONTH:   2.33    1 = FOG OR MIST
DPTR FM NORMAL:  -3.3   DPTR FM NORMAL:   -0.12    2 = FOG REDUCING VISIBILITY
HIGHEST:    79 ON 14    GRTST 24HR  1.38 ON 22-23      TO 1/4 MILE OR LESS
LOWEST:     22 ON  2                               3 = THUNDER
                        SNOW, ICE PELLETS, HAIL    4 = ICE PELLETS
                        TOTAL MONTH:    T          5 = HAIL
                        GRTST 24HR    T  ON 26-26  6 = FREEZING RAIN OR DRIZZLE
                        GRTST DEPTH:   0           7 = DUSTSTORM OR SANDSTORM:
                                                       VSBY 1/2 MILE OR LESS
                                                   8 = SMOKE OR HAZE
[NO. OF DAYS WITH]      [WEATHER - DAYS WITH]      9 = BLOWING SNOW
                                                   X = TORNADO
MAX 32 OR BELOW:   1    0.01 INCH OR MORE:   6
MAX 90 OR ABOVE:   0    0.10 INCH OR MORE:   4
MIN 32 OR BELOW:  16    0.50 INCH OR MORE:   2
MIN  0 OR BELOW:   0    1.00 INCH OR MORE:   1

[HDD (BASE 65) ]
TOTAL THIS MO.   507    CLEAR  (SCALE 0-3)   9
DPTR FM NORMAL    78    PTCLDY (SCALE 4-7)  10
TOTAL FM JUL 1  2154    CLOUDY (SCALE 8-10)  7
DPTR FM NORMAL   122

[CDD (BASE 65) ]
TOTAL THIS MO.     0
DPTR FM NORMAL     0    [PRESSURE DATA]
TOTAL FM JAN 1     0    HIGHEST SLP M ON M
DPTR FM NORMAL    -2    LOWEST  SLP 29.63 ON 21

[REMARKS]
