000
CXUS52 KFFC 271110
CF6AHN
PRELIMINARY LOCAL CLIMATOLOGICAL DATA (WS FORM: F-6)

                                          STATION:   ATHENS
                                          MONTH:     AUGUST
                                          YEAR:      2015
                                          LATITUDE:   33 57 N
                                          LONGITUDE:  83 19 W

  TEMPERATURE IN F:       :PCPN:    SNOW:  WIND      :SUNSHINE: SKY     :PK WND
================================================================================
1   2   3   4   5  6A  6B    7    8   9   10  11  12  13   14  15   16   17  18
                                     12Z  AVG MX 2MIN
DY MAX MIN AVG DEP HDD CDD  WTR  SNW DPTH SPD SPD DIR MIN PSBL S-S WX    SPD DR
================================================================================

 1  93  73  83   3   0  18 0.00  0.0    0  3.8 14  80   M    M   3 8      20  70
 2  96  68  82   2   0  17 0.00  0.0    0  4.1 12 100   M    M   2        17 110
 3  97  70  84   4   0  19 0.00  0.0    0  1.5  9  70   M    M   1 18     14  70
 4 100  72  86   6   0  21 0.00  0.0    0  1.3  8 250   M    M   1 8      12 260
 5 100  73  87   7   0  22 0.00  0.0    0  2.2 12 230   M    M   1        20 200
 6  96  72  84   4   0  19 0.50  0.0    0  4.3 24 290   M    M   4 138    39 300
 7  89  71  80   0   0  15    T  0.0    0  6.2 15 310   M    M   5 1      21 290
 8  92  71  82   2   0  17 0.00  0.0    0  3.3 10 110   M    M   3        14  60
 9  95  71  83   3   0  18 0.00  0.0    0  2.5 10  80   M    M   4        15 120
10  93  71  82   2   0  17 1.60  0.0    0  4.5 22 330   M    M   4 13     32 270
11  93  70  82   2   0  17 0.22  0.0    0  3.7 12 300   M    M   6 18     19 310
12  91  70  81   1   0  16 0.00  0.0    0  3.2  9  80   M    M   1        12  70
13  92  70  81   1   0  16 0.00  0.0    0  6.2 13  80   M    M   3        16  70
14  91  68  80   0   0  15 0.00  0.0    0  4.1 12  90   M    M   2 1      17  80
15  90  66  78  -2   0  13 0.00  0.0    0  2.2 10  90   M    M   1        14  90
16  91  69  80   0   0  15 0.00  0.0    0  3.0 10  80   M    M   3        14  80
17  88  69  79  -1   0  14 2.03    M    0  2.3 15 290   M    M   7 13     22 290
18  85  71  78  -2   0  13 0.34  0.0    0  1.9 13 280   M    M   7 13     19 270
19  85  72  79  -1   0  14 0.96  0.0    0  1.8 10 270   M    M   6 18     17 270
20  90  72  81   1   0  16    T  0.0    0  2.6 10 300   M    M   5 1      15 300
21  89  73  81   2   0  16 0.00  0.0    0  1.5  7  60   M    M   2        10  80
22  91  72  82   3   0  17    T  0.0    0  1.7  8  80   M    M   1 3      11  60
23  84  71  78  -1   0  13 0.56  0.0    0  1.1 13 320   M    M   7 123    20 320
24  92  70  81   2   0  16 0.00  0.0    0  2.6  8 290   M    M   1 1      11 300
25  89  65  77  -2   0  12 0.00  0.0    0  4.4  8 310   M    M   1        15 310
26  86  62  74  -5   0   9 0.00  0.0    0  4.2 14  80   M    M   1 8      21  80
================================================================================
SM 2378 1822         0 415  6.21     0.0  80.2          M       82
================================================================================
AV 91.5 70.1                               3.1 FASTST   M    M   3    MAX(MPH)
                                 MISC ---->  # 24 290               # 39  300
================================================================================
NOTES:
# LAST OF SEVERAL OCCURRENCES

COLUMN 17 PEAK WIND IN M.P.H.

PRELIMINARY LOCAL CLIMATOLOGICAL DATA (WS FORM: F-6) , PAGE 2

                                          STATION:  ATHENS
                                          MONTH:    AUGUST
                                          YEAR:     2015
                                          LATITUDE:   33 57 N
                                          LONGITUDE:  83 19 W

[TEMPERATURE DATA]      [PRECIPITATION DATA]       SYMBOLS USED IN COLUMN 16

AVERAGE MONTHLY: 80.8   TOTAL FOR MONTH:   6.21    1 = FOG OR MIST
DPTR FM NORMAL:   1.0   DPTR FM NORMAL:    3.19    2 = FOG REDUCING VISIBILITY
HIGHEST:   100 ON  5, 4 GRTST 24HR  2.03 ON 17-17      TO 1/4 MILE OR LESS
LOWEST:     62 ON 26                               3 = THUNDER
                        SNOW, ICE PELLETS, HAIL    4 = ICE PELLETS
                        TOTAL MONTH:   0.0 INCH    5 = HAIL
                        GRTST 24HR     0.0         6 = FREEZING RAIN OR DRIZZLE
                        GRTST DEPTH:   0           7 = DUSTSTORM OR SANDSTORM:
                                                       VSBY 1/2 MILE OR LESS
                                                   8 = SMOKE OR HAZE
[NO. OF DAYS WITH]      [WEATHER - DAYS WITH]      9 = BLOWING SNOW
                                                   X = TORNADO
MAX 32 OR BELOW:   0    0.01 INCH OR MORE:   7
MAX 90 OR ABOVE:  18    0.10 INCH OR MORE:   7
MIN 32 OR BELOW:   0    0.50 INCH OR MORE:   5
MIN  0 OR BELOW:   0    1.00 INCH OR MORE:   2

[HDD (BASE 65) ]
TOTAL THIS MO.     0    CLEAR  (SCALE 0-3)  15
DPTR FM NORMAL     0    PTCLDY (SCALE 4-7)  11
TOTAL FM JUL 1     0    CLOUDY (SCALE 8-10)  0
DPTR FM NORMAL     0

[CDD (BASE 65) ]
TOTAL THIS MO.   415
DPTR FM NORMAL    30    [PRESSURE DATA]
TOTAL FM JAN 1  1746    HIGHEST SLP M ON M
DPTR FM NORMAL   259    LOWEST  SLP 29.77 ON  7

[REMARKS]
