000
CXUS51 KPHI 091818 CCA
CF6AIY

CXUS51 KPHI 031700
CF6AIY
PRELIMINARY LOCAL CLIMATOLOGICAL DATA (WS FORM F-6)

                                          STATION:   ATLANTIC CITY MARINA
                                          MONTH:     APRIL
                                          YEAR:      2015
                                          LATITUDE:  39 23 N
                                          LONGITUDE: 74 25 W

TEMPERATURE IN F:       :PCPN:    SNOW:  WIND      :SUNSHINE:  SKY       :PK WND
================================================================================
1   2   3   4   5  6A  6B    7    8   9   10  11  12  13   14  15   16   17  18
                                     12Z  AVG MX 2MIN
DY MAX MIN AVG DEP HDD CDD  WTR  SNW DPTH SPD SPD DIR MIN PSBL S-S WX    SPD DR
================================================================================
1  52  35  44  -3  21  0    0.00  M   M   7.0  12 170 M    M   M   M     24  320
2  51  40  46  -2  19  0    0.00  M   M  12.4  20 210 M    M   M   M     34  210
3  55  48  52   4  13  0    0.26  M   M  11.5  19 230 M    M   M   M     35  230
4  58  47  53   5  12  0    0.00  M   M  11.9  18 320 M    M   M   M     37  320
5  57  44  51   2  14  0    0.00  M   M  14.7  22 230 M    M   M   M     33  230
6  56  47  52   3  13  0    0.00  M   M  12.0  18 220 M    M   M   M     34  220
7  55  43  49   0  16  0    0.61  M   M  10.4  17  70 M    M   M   M     28  220
8  43  41  42  -7  23  0    0.32  M   M  14.1  17  40 M    M   M   M     30   60
9  42  40  41  -9  24  0    0.01  M   M  12.8  15  40 M    M   M   M     26   50
10 57  42  50   0  15  0    0.12  M   M   6.6  15 230 M    M   M   M     23  230
11 62  48  55   5  10  0    0.00  M   M   7.0  13 330 M    M   M   M     26  320
12 54  44  49  -2  16  0    0.00  M   M   7.3  14 230 M    M   M   M     24  240
13 58  48  53   2  12  0    0.00  M   M   9.9  13 210 M    M   M   M     25  210
14 58  50  54   3  11  0    0.61  M   M   8.7  16 220 M    M   M   M     26  220
15 63  49  56   5   9  0    0.01  M   M  19.1   8 110 M    M   M   M     19   20
16 54  49  52   0  13  0    0.00  M   M   8.0  16 180 M    M   M   M     25  170
17 M   M   M    M   M  0    0.10  M   M   8.5  16 180 M    M   M   M     27  170
18 M   M   M    M   M  0    0.00  M   M   7.5  13 230 M    M   M   M     20  220
19 M   M   M    M   M  0    0.00  M   M  14.9  18 100 M    M   M   M     26   90
20 M   M   M    M   M  0    0.76  M   M  14.4  23 140 M    M   M   M     43  130
21 M   M   M    M   M  0    0.00  M   M   8.9  18 290 M    M   M   M     32  280
22 M   M   M    M   M  0    0.01  M   M  10.3  24 240 M    M   M   M     36  240
23 M   M   M    M   M  0    0.00  M   M   9.5  14 300 M    M   M   M     34  300
24 54  40  47  -7  18  0    0.00  M   M   9.8  16 330 M    M   M   M     33  310
25 52  39  46  -8  19  0    0.00  M   M   8.3  18 220 M    M   M   M     25  220
26 52  46  49  -6  16  0    0.00  M   M   7.0  12 100 M    M   M   M     20   70
27 59  46  53  -2  12  0    0.00  M   M   7.3  16 320 M    M   M   M     28  320
28 63  51  57   2   8  0    0.00  M   M   8.5  12 220 M    M   M   M     25  330
29 68  54  54   5   4  0    0.00  M   M   7.6  14 220 M    M   M   M     22  220
30 59  51  51   1  10  0    0.00  M   M   9.8  18  90 M    M   M   M     28   90

================================================================================
SM  M   M        767 0       2.81         305.7         M
================================================================================
AV  M   M                               M FASTST   M    M   M    MAX(MPH)
                                 MISC ---->  # M M              # M  M
================================================================================
NOTES:
# LAST OF SEVERAL OCCURRENCES

COLUMN 17 PEAK WIND IN M.P.H.

PRELIMINARY LOCAL CLIMATOLOGICAL DATA (WS FORM: F-6) , PAGE 2

                                          STATION:  ATLANTIC CITY MARINA
                                          MONTH:    APRIL
                                          YEAR:     2015
                                          LATITUDE:   39 23 N
                                          LONGITUDE:  74 26 W

[TEMPERATURE DATA]      [PRECIPITATION DATA]       SYMBOLS USED IN COLUMN 16

AVERAGE MONTHLY:  M     TOTAL FOR MONTH:   2.81    1 = FOG OR MIST
DPTR FM NORMAL:   M     DPTR FM NORMAL:   -0.58    2 = FOG REDUCING VISIBILITY
HIGHEST:     M ON M     GRTST 24HR  0.76 ON 20TH       TO 1/4 MILE OR LESS
LOWEST:     35 ON 1ST                              3 = THUNDER
                        SNOW, ICE PELLETS, HAIL    4 = ICE PELLETS
                        TOTAL MONTH:  M            5 = HAIL
                        GRTST 24HR    M            6 = FREEZING RAIN OR DRIZZLE
                        GRTST DEPTH:  M            7 = DUSTSTORM OR SANDSTORM:
                                                       VSBY 1/2 MILE OR LESS
                                                   8 = SMOKE OR HAZE
[NO. OF DAYS WITH]      [WEATHER - DAYS WITH]      9 = BLOWING SNOW
                                                   X = TORNADO
MAX 32 OR BELOW:   M    0.01 INCH OR MORE:  10
MAX 90 OR ABOVE:   M    0.10 INCH OR MORE:   7
MIN 32 OR BELOW:   M    0.50 INCH OR MORE:   3
MIN  0 OR BELOW:   M    1.00 INCH OR MORE:   0

[HDD (BASE 65) ]
TOTAL THIS MO.     M    CLEAR  (SCALE 0-3)  M
DPTR FM NORMAL     M    PTCLDY (SCALE 4-7)  M
TOTAL FM JUL 1     M    CLOUDY (SCALE 8-10) M
DPTR FM NORMAL     M

[CDD (BASE 65) ]
TOTAL THIS MO.     M
DPTR FM NORMAL     M    [PRESSURE DATA]
TOTAL FM JAN 1     M    HIGHEST SLP M ON M
DPTR FM NORMAL     M    LOWEST  SLP M ON M

[REMARKS]
TRACES OF PRECIPITATION NOT RECORDED
DAY 17 THROUGH 23 DATA MISSING DUE TO SENSOR MALFUNCTION
