000
CXUS55 KBOU 301328
CF6AKO
PRELIMINARY LOCAL CLIMATOLOGICAL DATA (WS FORM: F-6)

                                          STATION:   AKRON CO
                                          MONTH:     MARCH
                                          YEAR:      2015
                                          LATITUDE:   40 10 N
                                          LONGITUDE: 103 13 W

  TEMPERATURE IN F:       :PCPN:    SNOW:  WIND      :SUNSHINE: SKY     :PK WND
================================================================================
1   2   3   4   5  6A  6B    7    8   9   10  11  12  13   14  15   16   17  18
                                     12Z  AVG MX 2MIN
DY MAX MIN AVG DEP HDD CDD  WTR  SNW DPTH SPD SPD DIR MIN PSBL S-S WX    SPD DR
================================================================================

 1  32  11  22 -13  43   0 0.00    M    M  5.4 14 160   M    M   4        18  20
 2  38  24  31  -5  34   0 0.00    M    M 16.4 28 170   M    M   5 12     33 160
 3  28  13  21 -15  44   0    T    M    M 15.0 33 360   M    M  10 12     41 360
 4  23   8  16 -20  49   0 0.01    M    M  9.5 17  30   M    M   5 1      20  30
 5  45   9  27  -9  38   0 0.00    M    M  8.2 17 240   M    M   0        19 240
 6  56  22  39   2  26   0 0.00    M    M 10.3 18 320   M    M   0        23 330
 7  60  27  44   7  21   0 0.00    M    M 10.3 17 190   M    M   0        24 200
 8  54  28  41   4  24   0 0.00    M    M  9.2 16 170   M    M   0        22 170
 9  61  31  46   8  19   0 0.00    M    M 10.0 21 240   M    M   0        26 240
10  64  28  46   8  19   0 0.00    M    M 10.6 21 360   M    M   0        27  30
11  68  38  53  15  12   0 0.00    M    M 13.0 22 170   M    M   0        28 190
12  67  39  53  15  12   0 0.00    M    M 13.1 21  20   M    M   0        26  10
13  63  39  51  12  14   0 0.00    M    M 11.4 22 360   M    M   2        26  30
14  67  30  49  10  16   0 0.00    M    M 12.3 22 210   M    M   0        30 200
15  80  47  64  25   1   0 0.00    M    M 11.7 24 210   M    M   0        30 210
16  82  35  59  20   6   0 0.00    M    M 18.1 33  50   M    M   0        41  50
17  52  29  41   1  24   0 0.00    M    M 16.4 26 140   M    M   4        32 140
18  65  31  48   8  17   0 0.00    M    M  9.7 21 150   M    M   1        26 150
19  52  35  44   4  21   0 0.15    M    M  9.8 17 360   M    M   6 18     22 360
20  67  34  51  11  14   0 0.00    M    M  8.9 16 250   M    M   0        18 250
21  71  36  54  14  11   0 0.00    M    M 10.6 15 200   M    M   0        23 170
22  69  41  55  14  10   0 0.00    M    M 14.8 26 340   M    M   2        31 350
23  63  40  52  11  13   0 0.00    M    M 17.3 35 150   M    M   3 8      42 160
24  62  34  48   7  17   0 0.00    M    M 13.6 37 320   M    M   3        45 320
25  47  30  39  -2  26   0 0.06    M    M 13.3 29 340   M    M   8 1      35 340
26  56  28  42   0  23   0    T    M    M 12.0 29 330   M    M   6        34 320
27  71  29  50   8  15   0 0.00    M    M 12.1 28 330   M    M   3        35 350
28  79  40  60  18   5   0 0.00    M    M 12.7 25 300   M    M   0        35 220
29  62  36  49   7  16   0 0.00    M    M 15.8 39 350   M    M   0        46 350
================================================================================
SM 1704  872       590   0  0.22    M    351.5          M       62
================================================================================
AV 58.8 30.1                              12.1 FASTST   M    M   2    MAX(MPH)
                                 MISC ---->  # 39 350               # 46  350
================================================================================
NOTES:
# LAST OF SEVERAL OCCURRENCES

COLUMN 17 PEAK WIND IN M.P.H.

PRELIMINARY LOCAL CLIMATOLOGICAL DATA (WS FORM: F-6) , PAGE 2

                                          STATION:  AKRON CO
                                          MONTH:    MARCH
                                          YEAR:     2015
                                          LATITUDE:   40 10 N
                                          LONGITUDE: 103 13 W

[TEMPERATURE DATA]      [PRECIPITATION DATA]       SYMBOLS USED IN COLUMN 16

AVERAGE MONTHLY: 44.4   TOTAL FOR MONTH:   0.22    1 = FOG OR MIST
DPTR FM NORMAL:   5.4   DPTR FM NORMAL:   -0.57    2 = FOG REDUCING VISIBILITY
HIGHEST:    82 ON 16    GRTST 24HR  0.15 ON 19-19      TO 1/4 MILE OR LESS
LOWEST:      8 ON  4                               3 = THUNDER
                        SNOW, ICE PELLETS, HAIL    4 = ICE PELLETS
                        TOTAL MONTH:    M          5 = HAIL
                        GRTST 24HR    M  ON   M    6 = FREEZING RAIN OR DRIZZLE
                        GRTST DEPTH:  M  ON   M    7 = DUSTSTORM OR SANDSTORM:
                                                       VSBY 1/2 MILE OR LESS
                                                   8 = SMOKE OR HAZE
[NO. OF DAYS WITH]      [WEATHER - DAYS WITH]      9 = BLOWING SNOW
                                                   X = TORNADO
MAX 32 OR BELOW:   3    0.01 INCH OR MORE:   3
MAX 90 OR ABOVE:   0    0.10 INCH OR MORE:   1
MIN 32 OR BELOW:  16    0.50 INCH OR MORE:   0
MIN  0 OR BELOW:   0    1.00 INCH OR MORE:   0

[HDD (BASE 65) ]
TOTAL THIS MO.   590    CLEAR  (SCALE 0-3)  19
DPTR FM NORMAL  -165    PTCLDY (SCALE 4-7)   9
TOTAL FM JUL 1  5095    CLOUDY (SCALE 8-10)  1
DPTR FM NORMAL  -311

[CDD (BASE 65) ]
TOTAL THIS MO.     0
DPTR FM NORMAL     0    [PRESSURE DATA]
TOTAL FM JAN 1     0    HIGHEST SLP M ON M
DPTR FM NORMAL     0    LOWEST  SLP 29.58 ON M

[REMARKS]
