000
CXUS55 KALY 250710
CF6ALB
PRELIMINARY LOCAL CLIMATOLOGICAL DATA (WS FORM: F-6)

                                          STATION:   ALBANY NY
                                          MONTH:     NOVEMBER
                                          YEAR:      2017
                                          LATITUDE:   42 45 N
                                          LONGITUDE:  73 48 W

  TEMPERATURE IN F:       :PCPN:    SNOW:  WIND      :SUNSHINE: SKY     :PK WND
================================================================================
1   2   3   4   5  6A  6B    7    8   9   10  11  12  13   14  15   16   17  18
                                     12Z  AVG MX 2MIN
DY MAX MIN AVG DEP HDD CDD  WTR  SNW DPTH SPD SPD DIR MIN PSBL S-S WX    SPD DR
================================================================================

 1  49  34  42  -2  23   0 0.04  0.0    0  5.3 14 160   M    M   9        17 160
 2  68  48  58  14   7   0    T  0.0    0 10.3 17 180   M    M   8        23 180
 3  64  41  53   9  12   0 0.01  0.0    0 10.6 26 290   M    M   7 1      32 300
 4  50  33  42  -2  23   0 0.00  0.0    0  4.2 13  10   M    M   8        15  10
 5  57  38  48   5  17   0 0.17  0.0    0  9.5 21 170   M    M   9 1      28 170
 6  63  42  53  10  12   0 0.24  0.0    0 13.4 28 290   M    M   9 1      35 290
 7  43  33  38  -5  27   0 0.00  0.0    0  7.8 16 290   M    M   9        19 280
 8  47  26  37  -5  28   0 0.00  0.0    0  3.5 10 360   M    M   2        17 350
 9  47  21  34  -8  31   0 0.01  0.0    0  7.3 21 180   M    M   5 1      28 180
10  45  21  33  -9  32   0    T    T    0 18.8 35 300   M    M   4        49 290
11  33  18  26 -15  39   0 0.00  0.0    0  6.8 16 290   M    M   2        19 300
12  44  22  33  -8  32   0 0.00  0.0    0  1.8  9 190   M    M   6        13 140
13  41  32  37  -4  28   0    T    T    0  4.5 12  20   M    M  10        14  20
14  40  32  36  -4  29   0 0.00  0.0    0  3.3  8  30   M    M  10 18     10 360
15  47  34  41   1  24   0 0.00  0.0    0  4.6 13 170   M    M   7        17 150
16  53  39  46   6  19   0    T  0.0    0 10.8 26 290   M    M   9        35 280
17  40  25  33  -6  32   0    T  0.0    0 15.2 29 290   M    M   5        40 290
18  46  21  34  -5  31   0 0.07  0.0    0  8.6 21 170   M    M   8        29 190
19  52  33  43   4  22   0 0.18    T    0 18.3 43 290   M    M   9 1      56 280
20  42  30  36  -2  29   0    T    T    0  8.1 25 270   M    M   8        34 280
21  54  33  44   6  21   0 0.00  0.0    0 13.3 28 180   M    M   3        37 180
22  46  34  40   2  25   0 0.06  0.0    0 11.0 25 310   M    M   8        36 320
23  37  27  32  -5  33   0 0.00  0.0    0  8.0 18 300   M    M   8        23 300
24  48  29  39   2  26   0 0.00  0.0    0  8.5 17 180   M    M   5        23 180
================================================================================
SM 1156  746       602   0  0.78    T    213.5          M      168
================================================================================
AV 48.2 31.1                               8.9 FASTST   M    M   7    MAX(MPH)
                                 MISC ---->  # 43 290               # 56  280
================================================================================
NOTES:
# LAST OF SEVERAL OCCURRENCES

COLUMN 17 PEAK WIND IN M.P.H.

PRELIMINARY LOCAL CLIMATOLOGICAL DATA (WS FORM: F-6) , PAGE 2

                                          STATION:  ALBANY NY
                                          MONTH:    NOVEMBER
                                          YEAR:     2017
                                          LATITUDE:   42 45 N
                                          LONGITUDE:  73 48 W

[TEMPERATURE DATA]      [PRECIPITATION DATA]       SYMBOLS USED IN COLUMN 16

AVERAGE MONTHLY: 39.6   TOTAL FOR MONTH:   0.78    1 = FOG OR MIST
DPTR FM NORMAL:  -1.2   DPTR FM NORMAL:   -1.87    2 = FOG REDUCING VISIBILITY
HIGHEST:    68 ON  2    GRTST 24HR  0.24 ON  6- 6      TO 1/4 MILE OR LESS
LOWEST:     18 ON 11                               3 = THUNDER
                        SNOW, ICE PELLETS, HAIL    4 = ICE PELLETS
                        TOTAL MONTH:    T          5 = HAIL
                        GRTST 24HR    T  ON 20-20  6 = FREEZING RAIN OR DRIZZLE
                        GRTST DEPTH:   0           7 = DUSTSTORM OR SANDSTORM:
                                                       VSBY 1/2 MILE OR LESS
                                                   8 = SMOKE OR HAZE
[NO. OF DAYS WITH]      [WEATHER - DAYS WITH]      9 = BLOWING SNOW
                                                   X = TORNADO
MAX 32 OR BELOW:   0    0.01 INCH OR MORE:   8
MAX 90 OR ABOVE:   0    0.10 INCH OR MORE:   3
MIN 32 OR BELOW:  12    0.50 INCH OR MORE:   0
MIN  0 OR BELOW:   0    1.00 INCH OR MORE:   0

[HDD (BASE 65) ]
TOTAL THIS MO.   602    CLEAR  (SCALE 0-3)   3
DPTR FM NORMAL    20    PTCLDY (SCALE 4-7)  13
TOTAL FM JUL 1   950    CLOUDY (SCALE 8-10)  8
DPTR FM NORMAL  -277

[CDD (BASE 65) ]
TOTAL THIS MO.     0
DPTR FM NORMAL     0    [PRESSURE DATA]
TOTAL FM JAN 1   714    HIGHEST SLP M ON M
DPTR FM NORMAL   116    LOWEST  SLP 29.09 ON 19

[REMARKS]
