000
CXUS54 KCRP 301300
CF6ALI
PRELIMINARY LOCAL CLIMATOLOGICAL DATA (WS FORM: F-6)

                                          STATION:   ALICE
                                          MONTH:     JUNE
                                          YEAR:      2015
                                          LATITUDE:   27 44 N
                                          LONGITUDE:  98  1 W

  TEMPERATURE IN F:       :PCPN:    SNOW:  WIND      :SUNSHINE: SKY     :PK WND
================================================================================
1   2   3   4   5  6A  6B    7    8   9   10  11  12  13   14  15   16   17  18
                                     12Z  AVG MX 2MIN
DY MAX MIN AVG DEP HDD CDD  WTR  SNW DPTH SPD SPD DIR MIN PSBL S-S WX    SPD DR
================================================================================

 1  91  67  79  -3   0  14    T  0.0    0  5.3 20 130   M    M   1 12     41 100
 2  92  67  80  -3   0  15 0.00  0.0    0  5.6 14 120   M    M   2 12     19 140
 3  93  69  81  -2   0  16 0.00  0.0    0  6.7 18 120   M    M   3 12     27 110
 4  94  71  83   0   0  18 0.00  0.0    0  7.3 18 130   M    M   1 1      24 110
 5  92  70  81  -2   0  16 0.00  0.0    0  6.8 20  60   M    M   2 1      24  60
 6  93  71  82  -1   0  17 0.00  0.0    0  5.4 15 120   M    M   2 1      72  90
 7  94  66  80  -3   0  15 0.00  0.0    0  6.6 20 130   M    M   2 12     56 120
 8  95  69  82  -1   0  17 0.00  0.0    0  6.2 17 120   M    M   2 12     26 170
 9  95  69  82  -2   0  17 0.00  0.0    0  4.9 13 130   M    M   1 12     27 170
10  95  69  82  -2   0  17 0.00  0.0    0  5.7 20 130   M    M   2 12     52 100
11  95  72  84   0   0  19 0.00  0.0    0 10.0 24 130   M    M   3 12     35 110
12  95  74  85   1   0  20    T  0.0    0  9.9 24 130   M    M   3 1      29 130
13  97  75  86   2   0  21 0.00  0.0    0  9.6 22 140   M    M   4 12     29  40
14  94  77  86   2   0  21    T  0.0    0 11.4 23 130   M    M   4 1      29 110
15  92  76  84   0   0  19 0.04  0.0    0  6.2 16  90   M    M   5 1      22  60
16  94  77  86   2   0  21 0.03  0.0    0 10.3 17 320   M    M   5        30 360
17  97  74  86   2   0  21 9.03  0.0    0 13.2 37 340   M    M   6 138    43 340
18  87  75  81  -3   0  16 1.00  0.0    0  4.3 16 190   M    M   5 13     24 260
19  92  77  85   1   0  20 0.03  0.0    0  6.2 16 140   M    M   2 1      95  90
20  92  74  83  -2   0  18 0.92  0.0    0  8.4 31 170   M    M   5 123    42 100
21  93  75  84  -1   0  19 0.35  0.0    0  9.0 36 180   M    M   9 138    47 200
22  89  79  84  -1   0  19    T  0.0    0  9.0 18 140   M    M   6 18     33 170
23  93  77  85   0   0  20 0.06  0.0    0  8.3 20 150   M    M   1 1      24 130
24  95  75  85   0   0  20 0.00  0.0    0  7.0 17 120   M    M   1 1      25  60
25  94  74  84  -1   0  19    T  0.0    0  5.9 18 140   M    M   4 123    22 140
26  96  74  85   0   0  20    T  0.0    0 10.2 21 140   M    M   3 12     26 130
27  96  75  86   1   0  21    T  0.0    0  7.9 20 140   M    M   2 13     36 150
28  95  74  85   0   0  20 0.00  0.0    0  8.1 20 140   M    M   3 123    24 150
29  95  75  85   0   0  20    T  0.0    0  9.5 23 150   M    M   3 1      28 140
================================================================================
SM 2715 2117         0 536 11.46     0.0 224.9          M       92
================================================================================
AV 93.6 73.0                               7.8 FASTST   M    M   3    MAX(MPH)
                                 MISC ---->  # 37 340               # 95   90
================================================================================
NOTES:
# LAST OF SEVERAL OCCURRENCES

COLUMN 17 PEAK WIND IN M.P.H.

PRELIMINARY LOCAL CLIMATOLOGICAL DATA (WS FORM: F-6) , PAGE 2

                                          STATION:  ALICE
                                          MONTH:    JUNE
                                          YEAR:     2015
                                          LATITUDE:   27 44 N
                                          LONGITUDE:  98  1 W

[TEMPERATURE DATA]      [PRECIPITATION DATA]       SYMBOLS USED IN COLUMN 16

AVERAGE MONTHLY: 83.3   TOTAL FOR MONTH:  11.46    1 = FOG OR MIST
DPTR FM NORMAL:  -0.7   DPTR FM NORMAL:    8.56    2 = FOG REDUCING VISIBILITY
HIGHEST:    97 ON 17,13 GRTST 24HR 10.00 ON 17-18      TO 1/4 MILE OR LESS
LOWEST:     66 ON  7                               3 = THUNDER
                        SNOW, ICE PELLETS, HAIL    4 = ICE PELLETS
                        TOTAL MONTH:   0.0 INCH    5 = HAIL
                        GRTST 24HR     0.0         6 = FREEZING RAIN OR DRIZZLE
                        GRTST DEPTH:   0           7 = DUSTSTORM OR SANDSTORM:
                                                       VSBY 1/2 MILE OR LESS
                                                   8 = SMOKE OR HAZE
[NO. OF DAYS WITH]      [WEATHER - DAYS WITH]      9 = BLOWING SNOW
                                                   X = TORNADO
MAX 32 OR BELOW:   0    0.01 INCH OR MORE:   8
MAX 90 OR ABOVE:  27    0.10 INCH OR MORE:   4
MIN 32 OR BELOW:   0    0.50 INCH OR MORE:   3
MIN  0 OR BELOW:   0    1.00 INCH OR MORE:   2

[HDD (BASE 65) ]
TOTAL THIS MO.     0    CLEAR  (SCALE 0-3)  19
DPTR FM NORMAL     0    PTCLDY (SCALE 4-7)   9
TOTAL FM JUL 1   994    CLOUDY (SCALE 8-10)  1
DPTR FM NORMAL    93

[CDD (BASE 65) ]
TOTAL THIS MO.   536
DPTR FM NORMAL   -17    [PRESSURE DATA]
TOTAL FM JAN 1  1491    HIGHEST SLP M ON M
DPTR FM NORMAL    27    LOWEST  SLP 29.69 ON 11

[REMARKS]
