000
CXUS54 KCRP 281300
CF6ALI
PRELIMINARY LOCAL CLIMATOLOGICAL DATA (WS FORM: F-6)

                                          STATION:   ALICE
                                          MONTH:     FEBRUARY
                                          YEAR:      2015
                                          LATITUDE:   27 44 N
                                          LONGITUDE:  98  1 W

  TEMPERATURE IN F:       :PCPN:    SNOW:  WIND      :SUNSHINE: SKY     :PK WND
================================================================================
1   2   3   4   5  6A  6B    7    8   9   10  11  12  13   14  15   16   17  18
                                     12Z  AVG MX 2MIN
DY MAX MIN AVG DEP HDD CDD  WTR  SNW DPTH SPD SPD DIR MIN PSBL S-S WX    SPD DR
================================================================================

 1  84  53  69  11   0   4 0.00  0.0    0  9.0 28  30   M    M   1 12     36  30
 2  59  46  53  -5  12   0    T    M    0 10.4 26  20   M    M   6        34  30
 3  48  43  46 -13  19   0 0.64    M    0  7.5 16  30   M    M  10 1      25 350
 4  61  47  54  -5  11   0 0.02    M    0  5.2 15 280   M    M  10 1      25 220
 5  59  49  54  -5  11   0 0.00  0.0    0  8.4 20  10   M    M  10 1      30 320
 6  60  47  54  -5  11   0 0.00  0.0    0  5.1 10  30   M    M  10        28 350
 7  77  50  64   4   1   0 0.00  0.0    0  5.9 17 130   M    M   6 18     29  60
 8  86  55  71  11   0   6 0.00  0.0    0  8.3 18 210   M    M   3 12     24 200
 9  83  44  64   4   1   0 0.00  0.0    0  5.7 13 290   M    M   0 18     21 320
10  86  47  67   7   0   2 0.00  0.0    0  6.0 15 140   M    M   0        28 110
11  79  44  62   2   3   0 0.00  0.0    0  8.3 18 120   M    M   3 12     26 100
12  74  52  63   2   2   0 0.00  0.0    0 10.6 23  30   M    M   4 12     29  30
13  72  49  61   0   4   0 0.00  0.0    0  5.8 13 130   M    M   7        16 130
14  77  50  64   3   1   0 0.00  0.0    0  4.5 12 210   M    M   3 18     19 110
15  77  59  68   7   0   3 0.00  0.0    0 10.4 21 170   M    M   3        28 150
16  78  43  61  -1   4   0    T    M    0 14.9 33  10   M    M   8 8      39  10
17  59  40  50 -12  15   0 0.13    M    0  8.9 20  30   M    M   6 1      23  30
18  68  33  51 -11  14   0 0.00  0.0    0  6.7 15 140   M    M   0        20 140
19  75  41  58  -4   7   0 0.00  0.0    0 10.9 22 150   M    M   4        30 140
20  84  56  70   8   0   5 0.00  0.0    0 16.2 30 190   M    M   5        39 190
21  86  66  76  13   0  11 0.00  0.0    0 14.2 29 180   M    M   7 1      35 190
22  82  51  67   4   0   2    T  0.0    0 11.9 29  20   M    M   8 1      36  30
23  51  37  44 -19  21   0 0.03    M    0 14.5 23  20   M    M  10 18     37 360
24  44  37  41 -22  24   0 0.00  0.0    0  7.9 15 340   M    M  10 18     18  10
25  69  39  54  -9  11   0 0.07  0.0    0 10.7 24 310   M    M   4 1      29 300
26  71  37  54 -10  11   0 0.00  0.0    0 10.4 22  50   M    M   0 1      29  80
27  54  39  47 -17  18   0 0.11    M    0 13.3 20  30   M    M   9 1      25  30
================================================================================
SM 1903 1254       201  33  1.00     0.0 251.6          M      147
================================================================================
AV 70.5 46.4                               9.3 FASTST   M    M   5    MAX(MPH)
                                 MISC ---->  # 33  10                 39    M
================================================================================
NOTES:
# LAST OF SEVERAL OCCURRENCES

COLUMN 17 PEAK WIND IN M.P.H.

PRELIMINARY LOCAL CLIMATOLOGICAL DATA (WS FORM: F-6) , PAGE 2

                                          STATION:  ALICE
                                          MONTH:    FEBRUARY
                                          YEAR:     2015
                                          LATITUDE:   27 44 N
                                          LONGITUDE:  98  1 W

[TEMPERATURE DATA]      [PRECIPITATION DATA]       SYMBOLS USED IN COLUMN 16

AVERAGE MONTHLY: 58.5   TOTAL FOR MONTH:   1.00    1 = FOG OR MIST
DPTR FM NORMAL:  -2.6   DPTR FM NORMAL:   -0.59    2 = FOG REDUCING VISIBILITY
HIGHEST:    86 ON 21,10 GRTST 24HR  0.65 ON  3- 4      TO 1/4 MILE OR LESS
LOWEST:     33 ON 18                               3 = THUNDER
                        SNOW, ICE PELLETS, HAIL    4 = ICE PELLETS
                        TOTAL MONTH:   0.0 INCH    5 = HAIL
                        GRTST 24HR     0.0         6 = FREEZING RAIN OR DRIZZLE
                        GRTST DEPTH:   0           7 = DUSTSTORM OR SANDSTORM:
                                                       VSBY 1/2 MILE OR LESS
                                                   8 = SMOKE OR HAZE
[NO. OF DAYS WITH]      [WEATHER - DAYS WITH]      9 = BLOWING SNOW
                                                   X = TORNADO
MAX 32 OR BELOW:   0    0.01 INCH OR MORE:   6
MAX 90 OR ABOVE:   0    0.10 INCH OR MORE:   3
MIN 32 OR BELOW:   0    0.50 INCH OR MORE:   1
MIN  0 OR BELOW:   0    1.00 INCH OR MORE:   0

[HDD (BASE 65) ]
TOTAL THIS MO.   201    CLEAR  (SCALE 0-3)   6
DPTR FM NORMAL    41    PTCLDY (SCALE 4-7)  13
TOTAL FM JUL 1   882    CLOUDY (SCALE 8-10)  8
DPTR FM NORMAL    83

[CDD (BASE 65) ]
TOTAL THIS MO.    33
DPTR FM NORMAL   -23    [PRESSURE DATA]
TOTAL FM JAN 1    37    HIGHEST SLP M ON M
DPTR FM NORMAL   -46    LOWEST  SLP 29.73 ON 20

[REMARKS]
