000
CXUS53 KDMX 190920
CF6ALO
PRELIMINARY LOCAL CLIMATOLOGICAL DATA (WS FORM: F-6)

                                          STATION:   WATERLOO IA
                                          MONTH:     DECEMBER
                                          YEAR:      2014
                                          LATITUDE:   42 32 N
                                          LONGITUDE:  92 24 W

  TEMPERATURE IN F:       :PCPN:    SNOW:  WIND      :SUNSHINE: SKY     :PK WND
================================================================================
1   2   3   4   5  6A  6B    7    8   9   10  11  12  13   14  15   16   17  18
                                     12Z  AVG MX 2MIN
DY MAX MIN AVG DEP HDD CDD  WTR  SNW DPTH SPD SPD DIR MIN PSBL S-S WX    SPD DR
================================================================================

 1  15   3   9 -19  56   0 0.00  0.0    0 10.1 26 330   M    M   0 8      34 340
 2  32   8  20  -7  45   0 0.00  0.0    0 10.3 18 210   M    M   5 8      23 210
 3  31  16  24  -3  41   0 0.00  0.0    0  8.0 17 310   M    M   0        22 320
 4  34  16  25  -1  40   0 0.00  0.0    0  9.4 18 140   M    M   6        23 140
 5  36  31  34   8  31   0 0.00  0.0    0  6.0 12 350   M    M  10 1      14 170
 6  41  21  31   6  34   0    T  0.0    0  8.0 16  20   M    M   2 18     21  10
 7  37  25  31   6  34   0 0.05  0.0    0 12.6 23 150   M    M   4 1      31 140
 8  37  27  32   8  33   0    T  0.0    0 14.1 25 330   M    M  10 1      31 300
 9  34  19  27   3  38   0 0.00    M    0  7.1 21 340   M    M   7        25 340
10  31  27  29   5  36   0 0.00  0.0    0  5.4 10 120   M    M  10        12 130
11  30  26  28   5  37   0 0.00  0.0    0  4.4 10 230   M    M  10 18     13 240
12  39  30  35  12  30   0    T  0.0    0  6.5 13 240   M    M   8 18     16 240
13  50  30  40  18  25   0    T  0.0    0  6.6 15 190   M    M   9 12     18 190
14  54  45  50  28  15   0    T  0.0    0  7.8 14 170   M    M  10 12     18 160
15  49  44  47  25  18   0 0.74  0.0    0  9.6 17 140   M    M  10 12     23 160
16  44  18  31   9  34   0 0.08    T    0 19.7 30 320   M    M  10 1      37 310
17  25  12  19  -2  46   0 0.00  0.0    0  7.9 15 310   M    M   3        19 320
18  25  10  18  -3  47   0 0.00  0.0    0  1.7  7  50   M    M   5 1       8  50
================================================================================
SM  644  408       640   0  0.87    T    155.2          M      119
================================================================================
AV 35.8 22.7                               8.6 FASTST   M    M   7    MAX(MPH)
                                 MISC ---->  # 30 320               # 37  310
================================================================================
NOTES:
# LAST OF SEVERAL OCCURRENCES

COLUMN 17 PEAK WIND IN M.P.H.

PRELIMINARY LOCAL CLIMATOLOGICAL DATA (WS FORM: F-6) , PAGE 2

                                          STATION:  WATERLOO IA
                                          MONTH:    DECEMBER
                                          YEAR:     2014
                                          LATITUDE:   42 32 N
                                          LONGITUDE:  92 24 W

[TEMPERATURE DATA]      [PRECIPITATION DATA]       SYMBOLS USED IN COLUMN 16

AVERAGE MONTHLY: 29.2   TOTAL FOR MONTH:   0.87    1 = FOG OR MIST
DPTR FM NORMAL:   5.2   DPTR FM NORMAL:    0.09    2 = FOG REDUCING VISIBILITY
HIGHEST:    54 ON 14    GRTST 24HR  0.82 ON 15-16      TO 1/4 MILE OR LESS
LOWEST:      3 ON  1                               3 = THUNDER
                        SNOW, ICE PELLETS, HAIL    4 = ICE PELLETS
                        TOTAL MONTH:    T          5 = HAIL
                        GRTST 24HR    T  ON 16-16  6 = FREEZING RAIN OR DRIZZLE
                        GRTST DEPTH:   0           7 = DUSTSTORM OR SANDSTORM:
                                                       VSBY 1/2 MILE OR LESS
                                                   8 = SMOKE OR HAZE
[NO. OF DAYS WITH]      [WEATHER - DAYS WITH]      9 = BLOWING SNOW
                                                   X = TORNADO
MAX 32 OR BELOW:   7    0.01 INCH OR MORE:   3
MAX 90 OR ABOVE:   0    0.10 INCH OR MORE:   1
MIN 32 OR BELOW:  16    0.50 INCH OR MORE:   1
MIN  0 OR BELOW:   0    1.00 INCH OR MORE:   0

[HDD (BASE 65) ]
TOTAL THIS MO.   640    CLEAR  (SCALE 0-3)   4
DPTR FM NORMAL   -98    PTCLDY (SCALE 4-7)   6
TOTAL FM JUL 1  2389    CLOUDY (SCALE 8-10)  8
DPTR FM NORMAL   168

[CDD (BASE 65) ]
TOTAL THIS MO.     0
DPTR FM NORMAL     0    [PRESSURE DATA]
TOTAL FM JAN 1   658    HIGHEST SLP M ON M
DPTR FM NORMAL  -141    LOWEST  SLP 29.55 ON 15

[REMARKS]
